
{"id":109509,"date":"2020-08-21T08:58:11","date_gmt":"2020-08-21T06:58:11","guid":{"rendered":"https:\/\/uniavisen.dk\/event\/nordiske-toner-duo-schmidt-raft\/"},"modified":"2020-08-21T08:58:11","modified_gmt":"2020-08-21T06:58:11","slug":"nordiske-toner-duo-schmidt-raft","status":"publish","type":"event","link":"https:\/\/uniavisen.dk\/en\/event\/nordiske-toner-duo-schmidt-raft\/","title":{"rendered":"Nordiske Toner &#8211; Duo Schmidt &amp; Raft"},"content":{"rendered":"<p>Under titlen \u00bbNordiske toner\u00ab inviterer Blovstr\u00f8d Kirke den 6. september til koncert med Duo Schmidt &amp; Raft. Duoen best\u00e5r af mezzosopran Stina Schmidt og pianist Christine Raft. Sidstn\u00e6vnte er ligeledes kirkens organist. Sammen fremf\u00f8rer de to v\u00e6rker af blandt andet Carl Nielsen, Claude Debussy og Edvard Grieg.<\/p>\n<p>Med koncerten vil de to gerne hylde melankolien, naturen og mennesket. Og undervejs fort\u00e6ller duoen om v\u00e6rkerne og komponisterne.<\/p>\n<p>Duo Schmidt &amp; Raft har spillet sammen i mere end 10 \u00e5r og spiller koncerter i hele landet, herunder intime koncerter i private stuer.<\/p>\n<p>Alle forholdsregler i forhold til antal, afstand og afspritning bliver taget i brug i forbindelse med koncerten, s\u00e5 alle trygt kan deltage.<\/p>\n<p>Der er gratis adgang til koncerten, som begynder klokken 15 og finder sted i Blovstr\u00f8d Sogneg\u00e5rd.<\/p>\n<p>Det er ikke n\u00f8dvendigt at melde sig til p\u00e5 forh\u00e5nd.<\/p>\n","protected":false},"excerpt":{"rendered":"<p>Under titlen \u00bbNordiske toner\u00ab inviterer Blovstr\u00f8d Kirke den 6. september til koncert med Duo Schmidt &amp; Raft. Duoen best\u00e5r af mezzosopran Stina Schmidt og pianist Christine Raft. Sidstn\u00e6vnte er ligeledes kirkens organist. Sammen fremf\u00f8rer de to v\u00e6rker af blandt andet Carl Nielsen, Claude Debussy og Edvard Grieg. Med koncerten vil de to gerne hylde melankolien, [&hellip;]<\/p>\n","protected":false},"author":0,"featured_media":109510,"template":"","class_list":["post-109509","event","type-event","status-publish","has-post-thumbnail","hentry","event_category-koncert"],"acf":[],"aioseo_notices":[],"yoast_head":"<!-- This site is optimized with the Yoast SEO plugin v27.5 - https:\/\/yoast.com\/product\/yoast-seo-wordpress\/ -->\n<title>Nordiske Toner - Duo Schmidt &amp; Raft<\/title>\n<meta name=\"robots\" content=\"index, follow, max-snippet:-1, max-image-preview:large, max-video-preview:-1\" \/>\n<link rel=\"canonical\" href=\"https:\/\/uniavisen.dk\/en\/event\/nordiske-toner-duo-schmidt-raft\/\" \/>\n<meta property=\"og:locale\" content=\"en_US\" \/>\n<meta property=\"og:type\" content=\"article\" \/>\n<meta property=\"og:title\" content=\"Nordiske Toner - Duo Schmidt &amp; Raft\" \/>\n<meta property=\"og:description\" content=\"Under titlen \u00bbNordiske toner\u00ab inviterer Blovstr\u00f8d Kirke den 6. september til koncert med Duo Schmidt &amp; Raft. Duoen best\u00e5r af mezzosopran Stina Schmidt og pianist Christine Raft. Sidstn\u00e6vnte er ligeledes kirkens organist. Sammen fremf\u00f8rer de to v\u00e6rker af blandt andet Carl Nielsen, Claude Debussy og Edvard Grieg. Med koncerten vil de to gerne hylde melankolien, [&hellip;]\" \/>\n<meta property=\"og:url\" content=\"https:\/\/uniavisen.dk\/en\/event\/nordiske-toner-duo-schmidt-raft\/\" \/>\n<meta property=\"og:site_name\" content=\"University Post\" \/>\n<meta property=\"article:publisher\" content=\"https:\/\/www.facebook.com\/uniavis\" \/>\n<meta property=\"og:image\" content=\"https:\/\/uniavisen.dk\/wp-content\/uploads\/2020\/08\/duoraft.jpg\" \/>\n\t<meta property=\"og:image:width\" content=\"792\" \/>\n\t<meta property=\"og:image:height\" content=\"532\" \/>\n\t<meta property=\"og:image:type\" content=\"image\/jpeg\" \/>\n<meta name=\"twitter:card\" content=\"summary_large_image\" \/>\n<meta name=\"twitter:site\" content=\"@Uniavisen\" \/>\n<meta name=\"twitter:label1\" content=\"Est. reading time\" \/>\n\t<meta name=\"twitter:data1\" content=\"1 minute\" \/>\n<script type=\"application\/ld+json\" class=\"yoast-schema-graph\">{\"@context\":\"https:\\\/\\\/schema.org\",\"@graph\":[{\"@type\":\"WebPage\",\"@id\":\"https:\\\/\\\/uniavisen.dk\\\/en\\\/event\\\/nordiske-toner-duo-schmidt-raft\\\/\",\"url\":\"https:\\\/\\\/uniavisen.dk\\\/en\\\/event\\\/nordiske-toner-duo-schmidt-raft\\\/\",\"name\":\"Nordiske Toner - Duo Schmidt &amp; Raft\",\"isPartOf\":{\"@id\":\"https:\\\/\\\/uniavisen.dk\\\/#website\"},\"primaryImageOfPage\":{\"@id\":\"https:\\\/\\\/uniavisen.dk\\\/en\\\/event\\\/nordiske-toner-duo-schmidt-raft\\\/#primaryimage\"},\"image\":{\"@id\":\"https:\\\/\\\/uniavisen.dk\\\/en\\\/event\\\/nordiske-toner-duo-schmidt-raft\\\/#primaryimage\"},\"thumbnailUrl\":\"https:\\\/\\\/uniavisen.dk\\\/wp-content\\\/uploads\\\/2020\\\/08\\\/duoraft.jpg\",\"datePublished\":\"2020-08-21T06:58:11+00:00\",\"breadcrumb\":{\"@id\":\"https:\\\/\\\/uniavisen.dk\\\/en\\\/event\\\/nordiske-toner-duo-schmidt-raft\\\/#breadcrumb\"},\"inLanguage\":\"en-US\",\"potentialAction\":[{\"@type\":\"ReadAction\",\"target\":[\"https:\\\/\\\/uniavisen.dk\\\/en\\\/event\\\/nordiske-toner-duo-schmidt-raft\\\/\"]}]},{\"@type\":\"ImageObject\",\"inLanguage\":\"en-US\",\"@id\":\"https:\\\/\\\/uniavisen.dk\\\/en\\\/event\\\/nordiske-toner-duo-schmidt-raft\\\/#primaryimage\",\"url\":\"https:\\\/\\\/uniavisen.dk\\\/wp-content\\\/uploads\\\/2020\\\/08\\\/duoraft.jpg\",\"contentUrl\":\"https:\\\/\\\/uniavisen.dk\\\/wp-content\\\/uploads\\\/2020\\\/08\\\/duoraft.jpg\",\"width\":792,\"height\":532},{\"@type\":\"BreadcrumbList\",\"@id\":\"https:\\\/\\\/uniavisen.dk\\\/en\\\/event\\\/nordiske-toner-duo-schmidt-raft\\\/#breadcrumb\",\"itemListElement\":[{\"@type\":\"ListItem\",\"position\":1,\"name\":\"Home\",\"item\":\"https:\\\/\\\/uniavisen.dk\\\/en\\\/\"},{\"@type\":\"ListItem\",\"position\":2,\"name\":\"Events\",\"item\":\"https:\\\/\\\/uniavisen.dk\\\/event\\\/\"},{\"@type\":\"ListItem\",\"position\":3,\"name\":\"Nordiske Toner &#8211; Duo Schmidt &amp; Raft\"}]},{\"@type\":\"WebSite\",\"@id\":\"https:\\\/\\\/uniavisen.dk\\\/#website\",\"url\":\"https:\\\/\\\/uniavisen.dk\\\/\",\"name\":\"University Post\",\"description\":\"Independent of management\",\"potentialAction\":[{\"@type\":\"SearchAction\",\"target\":{\"@type\":\"EntryPoint\",\"urlTemplate\":\"https:\\\/\\\/uniavisen.dk\\\/?s={search_term_string}\"},\"query-input\":{\"@type\":\"PropertyValueSpecification\",\"valueRequired\":true,\"valueName\":\"search_term_string\"}}],\"inLanguage\":\"en-US\"}]}<\/script>\n<!-- \/ Yoast SEO plugin. -->","yoast_head_json":{"title":"Nordiske Toner - Duo Schmidt &amp; Raft","robots":{"index":"index","follow":"follow","max-snippet":"max-snippet:-1","max-image-preview":"max-image-preview:large","max-video-preview":"max-video-preview:-1"},"canonical":"https:\/\/uniavisen.dk\/en\/event\/nordiske-toner-duo-schmidt-raft\/","og_locale":"en_US","og_type":"article","og_title":"Nordiske Toner - Duo Schmidt &amp; Raft","og_description":"Under titlen \u00bbNordiske toner\u00ab inviterer Blovstr\u00f8d Kirke den 6. september til koncert med Duo Schmidt &amp; Raft. Duoen best\u00e5r af mezzosopran Stina Schmidt og pianist Christine Raft. Sidstn\u00e6vnte er ligeledes kirkens organist. Sammen fremf\u00f8rer de to v\u00e6rker af blandt andet Carl Nielsen, Claude Debussy og Edvard Grieg. Med koncerten vil de to gerne hylde melankolien, [&hellip;]","og_url":"https:\/\/uniavisen.dk\/en\/event\/nordiske-toner-duo-schmidt-raft\/","og_site_name":"University Post","article_publisher":"https:\/\/www.facebook.com\/uniavis","og_image":[{"width":792,"height":532,"url":"https:\/\/uniavisen.dk\/wp-content\/uploads\/2020\/08\/duoraft.jpg","type":"image\/jpeg"}],"twitter_card":"summary_large_image","twitter_site":"@Uniavisen","twitter_misc":{"Est. reading time":"1 minute"},"schema":{"@context":"https:\/\/schema.org","@graph":[{"@type":"WebPage","@id":"https:\/\/uniavisen.dk\/en\/event\/nordiske-toner-duo-schmidt-raft\/","url":"https:\/\/uniavisen.dk\/en\/event\/nordiske-toner-duo-schmidt-raft\/","name":"Nordiske Toner - Duo Schmidt &amp; Raft","isPartOf":{"@id":"https:\/\/uniavisen.dk\/#website"},"primaryImageOfPage":{"@id":"https:\/\/uniavisen.dk\/en\/event\/nordiske-toner-duo-schmidt-raft\/#primaryimage"},"image":{"@id":"https:\/\/uniavisen.dk\/en\/event\/nordiske-toner-duo-schmidt-raft\/#primaryimage"},"thumbnailUrl":"https:\/\/uniavisen.dk\/wp-content\/uploads\/2020\/08\/duoraft.jpg","datePublished":"2020-08-21T06:58:11+00:00","breadcrumb":{"@id":"https:\/\/uniavisen.dk\/en\/event\/nordiske-toner-duo-schmidt-raft\/#breadcrumb"},"inLanguage":"en-US","potentialAction":[{"@type":"ReadAction","target":["https:\/\/uniavisen.dk\/en\/event\/nordiske-toner-duo-schmidt-raft\/"]}]},{"@type":"ImageObject","inLanguage":"en-US","@id":"https:\/\/uniavisen.dk\/en\/event\/nordiske-toner-duo-schmidt-raft\/#primaryimage","url":"https:\/\/uniavisen.dk\/wp-content\/uploads\/2020\/08\/duoraft.jpg","contentUrl":"https:\/\/uniavisen.dk\/wp-content\/uploads\/2020\/08\/duoraft.jpg","width":792,"height":532},{"@type":"BreadcrumbList","@id":"https:\/\/uniavisen.dk\/en\/event\/nordiske-toner-duo-schmidt-raft\/#breadcrumb","itemListElement":[{"@type":"ListItem","position":1,"name":"Home","item":"https:\/\/uniavisen.dk\/en\/"},{"@type":"ListItem","position":2,"name":"Events","item":"https:\/\/uniavisen.dk\/event\/"},{"@type":"ListItem","position":3,"name":"Nordiske Toner &#8211; Duo Schmidt &amp; Raft"}]},{"@type":"WebSite","@id":"https:\/\/uniavisen.dk\/#website","url":"https:\/\/uniavisen.dk\/","name":"University Post","description":"Independent of management","potentialAction":[{"@type":"SearchAction","target":{"@type":"EntryPoint","urlTemplate":"https:\/\/uniavisen.dk\/?s={search_term_string}"},"query-input":{"@type":"PropertyValueSpecification","valueRequired":true,"valueName":"search_term_string"}}],"inLanguage":"en-US"}]}},"advancedCustomFields":{"event_category":{"term_id":147,"name":"Koncert","slug":"koncert","term_group":0,"term_taxonomy_id":147,"taxonomy":"event_category","description":"","parent":0,"count":46,"filter":"raw"},"start":"2020-09-06 15:00:00","add_end_time":false,"location":"Blovstr\u00f8d Sogneg\u00e5rd <br \/>\r\nK\u00e6rvej 20, Blovstr\u00f8d <br \/>\r\n3450 Aller\u00f8d<br \/>\r\n","host_name":"Blovstr\u00f8d Kirke","ticket_link":"","event_is_free":true,"event_poster":{"ID":109510,"id":109510,"title":"duoraft.jpg","filename":"duoraft.jpg","filesize":71328,"url":"https:\/\/uniavisen.dk\/wp-content\/uploads\/2020\/08\/duoraft.jpg","link":"https:\/\/uniavisen.dk\/en\/event\/nordiske-toner-duo-schmidt-raft\/duoraft-jpg\/","alt":"","author":"0","description":"","caption":"","name":"duoraft-jpg","status":"inherit","uploaded_to":109509,"date":"2020-08-21 06:58:11","modified":"2020-08-21 06:58:16","menu_order":0,"mime_type":"image\/jpeg","type":"image","subtype":"jpeg","icon":"https:\/\/uniavisen.dk\/wp-includes\/images\/media\/default.png","width":792,"height":532,"sizes":{"thumbnail":"https:\/\/uniavisen.dk\/wp-content\/uploads\/2020\/08\/duoraft-150x150.jpg","thumbnail-width":150,"thumbnail-height":150,"medium":"https:\/\/uniavisen.dk\/wp-content\/uploads\/2020\/08\/duoraft-480x322.jpg","medium-width":480,"medium-height":322,"medium_large":"https:\/\/uniavisen.dk\/wp-content\/uploads\/2020\/08\/duoraft-768x516.jpg","medium_large-width":768,"medium_large-height":516,"large":"https:\/\/uniavisen.dk\/wp-content\/uploads\/2020\/08\/duoraft.jpg","large-width":792,"large-height":532,"1536x1536":"https:\/\/uniavisen.dk\/wp-content\/uploads\/2020\/08\/duoraft.jpg","1536x1536-width":792,"1536x1536-height":532,"2048x2048":"https:\/\/uniavisen.dk\/wp-content\/uploads\/2020\/08\/duoraft.jpg","2048x2048-width":792,"2048x2048-height":532,"featured-soft":"https:\/\/uniavisen.dk\/wp-content\/uploads\/2020\/08\/duoraft-290x195.jpg","featured-soft-width":290,"featured-soft-height":195,"featured-hard":"https:\/\/uniavisen.dk\/wp-content\/uploads\/2020\/08\/duoraft-290x180.jpg","featured-hard-width":290,"featured-hard-height":180,"narrow":"https:\/\/uniavisen.dk\/wp-content\/uploads\/2020\/08\/duoraft-700x470.jpg","narrow-width":700,"narrow-height":470,"extended":"https:\/\/uniavisen.dk\/wp-content\/uploads\/2020\/08\/duoraft.jpg","extended-width":792,"extended-height":532}},"short_description":"v\u00e6rker af blandt andet Carl Nielsen, Claude Debussy og Edvard Grieg.","old_url":""},"_links":{"self":[{"href":"https:\/\/uniavisen.dk\/en\/wp-json\/wp\/v2\/events\/109509","targetHints":{"allow":["GET"]}}],"collection":[{"href":"https:\/\/uniavisen.dk\/en\/wp-json\/wp\/v2\/events"}],"about":[{"href":"https:\/\/uniavisen.dk\/en\/wp-json\/wp\/v2\/types\/event"}],"version-history":[{"count":0,"href":"https:\/\/uniavisen.dk\/en\/wp-json\/wp\/v2\/events\/109509\/revisions"}],"wp:featuredmedia":[{"embeddable":true,"href":"https:\/\/uniavisen.dk\/en\/wp-json\/wp\/v2\/media\/109510"}],"wp:attachment":[{"href":"https:\/\/uniavisen.dk\/en\/wp-json\/wp\/v2\/media?parent=109509"}],"curies":[{"name":"wp","href":"https:\/\/api.w.org\/{rel}","templated":true}]}}

<p>Under titlen »Nordiske toner« inviterer Blovstrød Kirke den 6. september til koncert med Duo Schmidt &amp; Raft. Duoen består af mezzosopran Stina Schmidt og pianist Christine Raft. Sidstnævnte er ligeledes kirkens organist. Sammen fremfører de to værker af blandt andet Carl Nielsen, Claude Debussy og Edvard Grieg.</p>
<p>Med koncerten vil de to gerne hylde melankolien, naturen og mennesket. Og undervejs fortæller duoen om værkerne og komponisterne.</p>
<p>Duo Schmidt &amp; Raft har spillet sammen i mere end 10 år og spiller koncerter i hele landet, herunder intime koncerter i private stuer.</p>
<p>Alle forholdsregler i forhold til antal, afstand og afspritning bliver taget i brug i forbindelse med koncerten, så alle trygt kan deltage.</p>
<p>Der er gratis adgang til koncerten, som begynder klokken 15 og finder sted i Blovstrød Sognegård.</p>
<p>Det er ikke nødvendigt at melde sig til på forhånd.</p>

<p>Under titlen »Nordiske toner« inviterer Blovstrød Kirke den 6. september til koncert med Duo Schmidt &amp; Raft. Duoen består af mezzosopran Stina Schmidt og pianist Christine Raft. Sidstnævnte er ligeledes kirkens organist. Sammen fremfører de to værker af blandt andet Carl Nielsen, Claude Debussy og Edvard Grieg. Med koncerten vil de to gerne hylde melankolien, [&hellip;]</p>

<!-- This site is optimized with the Yoast SEO plugin v27.5 - https://yoast.com/product/yoast-seo-wordpress/ -->
<title>Nordiske Toner - Duo Schmidt &amp; Raft</title>
<meta name="robots" content="index, follow, max-snippet:-1, max-image-preview:large, max-video-preview:-1" />
<link rel="canonical" href="https://uniavisen.dk/en/event/nordiske-toner-duo-schmidt-raft/" />
<meta property="og:locale" content="en_US" />
<meta property="og:type" content="article" />
<meta property="og:title" content="Nordiske Toner - Duo Schmidt &amp; Raft" />
<meta property="og:description" content="Under titlen »Nordiske toner« inviterer Blovstrød Kirke den 6. september til koncert med Duo Schmidt &amp; Raft. Duoen består af mezzosopran Stina Schmidt og pianist Christine Raft. Sidstnævnte er ligeledes kirkens organist. Sammen fremfører de to værker af blandt andet Carl Nielsen, Claude Debussy og Edvard Grieg. Med koncerten vil de to gerne hylde melankolien, [&hellip;]" />
<meta property="og:url" content="https://uniavisen.dk/en/event/nordiske-toner-duo-schmidt-raft/" />
<meta property="og:site_name" content="University Post" />
<meta property="article:publisher" content="https://www.facebook.com/uniavis" />
<meta property="og:image" content="https://uniavisen.dk/wp-content/uploads/2020/08/duoraft.jpg" />
	<meta property="og:image:width" content="792" />
	<meta property="og:image:height" content="532" />
	<meta property="og:image:type" content="image/jpeg" />
<meta name="twitter:card" content="summary_large_image" />
<meta name="twitter:site" content="@Uniavisen" />
<meta name="twitter:label1" content="Est. reading time" />
	<meta name="twitter:data1" content="1 minute" />
<script type="application/ld+json" class="yoast-schema-graph">{"@context":"https:\/\/schema.org","@graph":[{"@type":"WebPage","@id":"https:\/\/uniavisen.dk\/en\/event\/nordiske-toner-duo-schmidt-raft\/","url":"https:\/\/uniavisen.dk\/en\/event\/nordiske-toner-duo-schmidt-raft\/","name":"Nordiske Toner - Duo Schmidt &amp; Raft","isPartOf":{"@id":"https:\/\/uniavisen.dk\/#website"},"primaryImageOfPage":{"@id":"https:\/\/uniavisen.dk\/en\/event\/nordiske-toner-duo-schmidt-raft\/#primaryimage"},"image":{"@id":"https:\/\/uniavisen.dk\/en\/event\/nordiske-toner-duo-schmidt-raft\/#primaryimage"},"thumbnailUrl":"https:\/\/uniavisen.dk\/wp-content\/uploads\/2020\/08\/duoraft.jpg","datePublished":"2020-08-21T06:58:11+00:00","breadcrumb":{"@id":"https:\/\/uniavisen.dk\/en\/event\/nordiske-toner-duo-schmidt-raft\/#breadcrumb"},"inLanguage":"en-US","potentialAction":[{"@type":"ReadAction","target":["https:\/\/uniavisen.dk\/en\/event\/nordiske-toner-duo-schmidt-raft\/"]}]},{"@type":"ImageObject","inLanguage":"en-US","@id":"https:\/\/uniavisen.dk\/en\/event\/nordiske-toner-duo-schmidt-raft\/#primaryimage","url":"https:\/\/uniavisen.dk\/wp-content\/uploads\/2020\/08\/duoraft.jpg","contentUrl":"https:\/\/uniavisen.dk\/wp-content\/uploads\/2020\/08\/duoraft.jpg","width":792,"height":532},{"@type":"BreadcrumbList","@id":"https:\/\/uniavisen.dk\/en\/event\/nordiske-toner-duo-schmidt-raft\/#breadcrumb","itemListElement":[{"@type":"ListItem","position":1,"name":"Home","item":"https:\/\/uniavisen.dk\/en\/"},{"@type":"ListItem","position":2,"name":"Events","item":"https:\/\/uniavisen.dk\/event\/"},{"@type":"ListItem","position":3,"name":"Nordiske Toner &#8211; Duo Schmidt &amp; Raft"}]},{"@type":"WebSite","@id":"https:\/\/uniavisen.dk\/#website","url":"https:\/\/uniavisen.dk\/","name":"University Post","description":"Independent of management","potentialAction":[{"@type":"SearchAction","target":{"@type":"EntryPoint","urlTemplate":"https:\/\/uniavisen.dk\/?s={search_term_string}"},"query-input":{"@type":"PropertyValueSpecification","valueRequired":true,"valueName":"search_term_string"}}],"inLanguage":"en-US"}]}</script>
<!-- / Yoast SEO plugin. -->

Under titlen »Nordiske toner« inviterer Blovstrød Kirke den 6. september til koncert med Duo Schmidt &amp; Raft. Duoen består af mezzosopran Stina Schmidt og pianist Christine Raft. Sidstnævnte er ligeledes kirkens organist. Sammen fremfører de to værker af blandt andet Carl Nielsen, Claude Debussy og Edvard Grieg. Med koncerten vil de to gerne hylde melankolien, [&hellip;]

Blovstrød Sognegård <br />
Kærvej 20, Blovstrød <br />
3450 Allerød<br />

Blovstrød Kirke

værker af blandt andet Carl Nielsen, Claude Debussy og Edvard Grieg.
