
{"id":127493,"date":"2021-11-25T15:08:01","date_gmt":"2021-11-25T14:08:01","guid":{"rendered":"https:\/\/uniavisen.dk\/event\/konkurrencen-om-den-offentlige-kontrakt\/"},"modified":"2021-11-25T15:08:01","modified_gmt":"2021-11-25T14:08:01","slug":"konkurrencen-om-den-offentlige-kontrakt","status":"publish","type":"event","link":"https:\/\/uniavisen.dk\/en\/event\/konkurrencen-om-den-offentlige-kontrakt\/","title":{"rendered":"Konkurrencen om den offentlige kontrakt"},"content":{"rendered":"<p>Det Juridiske Fakultet har herved forn\u00f8jelsen af at invitere til cand.jur. Rasmus Horskj\u00e6r Nielsens ph.d. forsvar af afhandlingen:<\/p>\n<p>Konkurrencen om den offentlige kontrakt<br \/>\nFastl\u00e6ggelse og beskrivelse af kriterier for tildeling, v\u00e6gtning heraf og evaluerings-modeller<\/p>\n<p><a href=\"https:\/\/jura.ku.dk\/phd\/kalender\/2021\/rasmus-horskjaer-nielsens-phd-forsvar\/\"><strong>L\u00e6s mere og deltag<\/strong><\/a><\/p>\n<p>&nbsp;<\/p>\n","protected":false},"excerpt":{"rendered":"<p>Det Juridiske Fakultet har herved forn\u00f8jelsen af at invitere til cand.jur. Rasmus Horskj\u00e6r Nielsens ph.d. forsvar af afhandlingen: Konkurrencen om den offentlige kontrakt Fastl\u00e6ggelse og beskrivelse af kriterier for tildeling, v\u00e6gtning heraf og evaluerings-modeller L\u00e6s mere og deltag &nbsp;<\/p>\n","protected":false},"author":0,"featured_media":127494,"template":"","class_list":["post-127493","event","type-event","status-publish","has-post-thumbnail","hentry","event_category-phd"],"acf":[],"aioseo_notices":[],"yoast_head":"<!-- This site is optimized with the Yoast SEO plugin v27.5 - https:\/\/yoast.com\/product\/yoast-seo-wordpress\/ -->\n<title>Konkurrencen om den offentlige kontrakt<\/title>\n<meta name=\"robots\" content=\"index, follow, max-snippet:-1, max-image-preview:large, max-video-preview:-1\" \/>\n<link rel=\"canonical\" href=\"https:\/\/uniavisen.dk\/en\/event\/konkurrencen-om-den-offentlige-kontrakt\/\" \/>\n<meta property=\"og:locale\" content=\"en_US\" \/>\n<meta property=\"og:type\" content=\"article\" \/>\n<meta property=\"og:title\" content=\"Konkurrencen om den offentlige kontrakt\" \/>\n<meta property=\"og:description\" content=\"Det Juridiske Fakultet har herved forn\u00f8jelsen af at invitere til cand.jur. Rasmus Horskj\u00e6r Nielsens ph.d. forsvar af afhandlingen: Konkurrencen om den offentlige kontrakt Fastl\u00e6ggelse og beskrivelse af kriterier for tildeling, v\u00e6gtning heraf og evaluerings-modeller L\u00e6s mere og deltag &nbsp;\" \/>\n<meta property=\"og:url\" content=\"https:\/\/uniavisen.dk\/en\/event\/konkurrencen-om-den-offentlige-kontrakt\/\" \/>\n<meta property=\"og:site_name\" content=\"University Post\" \/>\n<meta property=\"article:publisher\" content=\"https:\/\/www.facebook.com\/uniavis\" \/>\n<meta property=\"og:image\" content=\"https:\/\/uniavisen.dk\/wp-content\/uploads\/2021\/11\/soendrecampusjurauniaviswebny-1-scaled.jpg\" \/>\n\t<meta property=\"og:image:width\" content=\"2560\" \/>\n\t<meta property=\"og:image:height\" content=\"1484\" \/>\n\t<meta property=\"og:image:type\" content=\"image\/jpeg\" \/>\n<meta name=\"twitter:card\" content=\"summary_large_image\" \/>\n<meta name=\"twitter:site\" content=\"@Uniavisen\" \/>\n<script type=\"application\/ld+json\" class=\"yoast-schema-graph\">{\"@context\":\"https:\\\/\\\/schema.org\",\"@graph\":[{\"@type\":\"WebPage\",\"@id\":\"https:\\\/\\\/uniavisen.dk\\\/en\\\/event\\\/konkurrencen-om-den-offentlige-kontrakt\\\/\",\"url\":\"https:\\\/\\\/uniavisen.dk\\\/en\\\/event\\\/konkurrencen-om-den-offentlige-kontrakt\\\/\",\"name\":\"Konkurrencen om den offentlige kontrakt\",\"isPartOf\":{\"@id\":\"https:\\\/\\\/uniavisen.dk\\\/#website\"},\"primaryImageOfPage\":{\"@id\":\"https:\\\/\\\/uniavisen.dk\\\/en\\\/event\\\/konkurrencen-om-den-offentlige-kontrakt\\\/#primaryimage\"},\"image\":{\"@id\":\"https:\\\/\\\/uniavisen.dk\\\/en\\\/event\\\/konkurrencen-om-den-offentlige-kontrakt\\\/#primaryimage\"},\"thumbnailUrl\":\"https:\\\/\\\/uniavisen.dk\\\/wp-content\\\/uploads\\\/2021\\\/11\\\/soendrecampusjurauniaviswebny-1-scaled.jpg\",\"datePublished\":\"2021-11-25T14:08:01+00:00\",\"breadcrumb\":{\"@id\":\"https:\\\/\\\/uniavisen.dk\\\/en\\\/event\\\/konkurrencen-om-den-offentlige-kontrakt\\\/#breadcrumb\"},\"inLanguage\":\"en-US\",\"potentialAction\":[{\"@type\":\"ReadAction\",\"target\":[\"https:\\\/\\\/uniavisen.dk\\\/en\\\/event\\\/konkurrencen-om-den-offentlige-kontrakt\\\/\"]}]},{\"@type\":\"ImageObject\",\"inLanguage\":\"en-US\",\"@id\":\"https:\\\/\\\/uniavisen.dk\\\/en\\\/event\\\/konkurrencen-om-den-offentlige-kontrakt\\\/#primaryimage\",\"url\":\"https:\\\/\\\/uniavisen.dk\\\/wp-content\\\/uploads\\\/2021\\\/11\\\/soendrecampusjurauniaviswebny-1-scaled.jpg\",\"contentUrl\":\"https:\\\/\\\/uniavisen.dk\\\/wp-content\\\/uploads\\\/2021\\\/11\\\/soendrecampusjurauniaviswebny-1-scaled.jpg\",\"width\":2560,\"height\":1484},{\"@type\":\"BreadcrumbList\",\"@id\":\"https:\\\/\\\/uniavisen.dk\\\/en\\\/event\\\/konkurrencen-om-den-offentlige-kontrakt\\\/#breadcrumb\",\"itemListElement\":[{\"@type\":\"ListItem\",\"position\":1,\"name\":\"Home\",\"item\":\"https:\\\/\\\/uniavisen.dk\\\/en\\\/\"},{\"@type\":\"ListItem\",\"position\":2,\"name\":\"Events\",\"item\":\"https:\\\/\\\/uniavisen.dk\\\/event\\\/\"},{\"@type\":\"ListItem\",\"position\":3,\"name\":\"Konkurrencen om den offentlige kontrakt\"}]},{\"@type\":\"WebSite\",\"@id\":\"https:\\\/\\\/uniavisen.dk\\\/#website\",\"url\":\"https:\\\/\\\/uniavisen.dk\\\/\",\"name\":\"University Post\",\"description\":\"Independent of management\",\"potentialAction\":[{\"@type\":\"SearchAction\",\"target\":{\"@type\":\"EntryPoint\",\"urlTemplate\":\"https:\\\/\\\/uniavisen.dk\\\/?s={search_term_string}\"},\"query-input\":{\"@type\":\"PropertyValueSpecification\",\"valueRequired\":true,\"valueName\":\"search_term_string\"}}],\"inLanguage\":\"en-US\"}]}<\/script>\n<!-- \/ Yoast SEO plugin. -->","yoast_head_json":{"title":"Konkurrencen om den offentlige kontrakt","robots":{"index":"index","follow":"follow","max-snippet":"max-snippet:-1","max-image-preview":"max-image-preview:large","max-video-preview":"max-video-preview:-1"},"canonical":"https:\/\/uniavisen.dk\/en\/event\/konkurrencen-om-den-offentlige-kontrakt\/","og_locale":"en_US","og_type":"article","og_title":"Konkurrencen om den offentlige kontrakt","og_description":"Det Juridiske Fakultet har herved forn\u00f8jelsen af at invitere til cand.jur. Rasmus Horskj\u00e6r Nielsens ph.d. forsvar af afhandlingen: Konkurrencen om den offentlige kontrakt Fastl\u00e6ggelse og beskrivelse af kriterier for tildeling, v\u00e6gtning heraf og evaluerings-modeller L\u00e6s mere og deltag &nbsp;","og_url":"https:\/\/uniavisen.dk\/en\/event\/konkurrencen-om-den-offentlige-kontrakt\/","og_site_name":"University Post","article_publisher":"https:\/\/www.facebook.com\/uniavis","og_image":[{"width":2560,"height":1484,"url":"https:\/\/uniavisen.dk\/wp-content\/uploads\/2021\/11\/soendrecampusjurauniaviswebny-1-scaled.jpg","type":"image\/jpeg"}],"twitter_card":"summary_large_image","twitter_site":"@Uniavisen","schema":{"@context":"https:\/\/schema.org","@graph":[{"@type":"WebPage","@id":"https:\/\/uniavisen.dk\/en\/event\/konkurrencen-om-den-offentlige-kontrakt\/","url":"https:\/\/uniavisen.dk\/en\/event\/konkurrencen-om-den-offentlige-kontrakt\/","name":"Konkurrencen om den offentlige kontrakt","isPartOf":{"@id":"https:\/\/uniavisen.dk\/#website"},"primaryImageOfPage":{"@id":"https:\/\/uniavisen.dk\/en\/event\/konkurrencen-om-den-offentlige-kontrakt\/#primaryimage"},"image":{"@id":"https:\/\/uniavisen.dk\/en\/event\/konkurrencen-om-den-offentlige-kontrakt\/#primaryimage"},"thumbnailUrl":"https:\/\/uniavisen.dk\/wp-content\/uploads\/2021\/11\/soendrecampusjurauniaviswebny-1-scaled.jpg","datePublished":"2021-11-25T14:08:01+00:00","breadcrumb":{"@id":"https:\/\/uniavisen.dk\/en\/event\/konkurrencen-om-den-offentlige-kontrakt\/#breadcrumb"},"inLanguage":"en-US","potentialAction":[{"@type":"ReadAction","target":["https:\/\/uniavisen.dk\/en\/event\/konkurrencen-om-den-offentlige-kontrakt\/"]}]},{"@type":"ImageObject","inLanguage":"en-US","@id":"https:\/\/uniavisen.dk\/en\/event\/konkurrencen-om-den-offentlige-kontrakt\/#primaryimage","url":"https:\/\/uniavisen.dk\/wp-content\/uploads\/2021\/11\/soendrecampusjurauniaviswebny-1-scaled.jpg","contentUrl":"https:\/\/uniavisen.dk\/wp-content\/uploads\/2021\/11\/soendrecampusjurauniaviswebny-1-scaled.jpg","width":2560,"height":1484},{"@type":"BreadcrumbList","@id":"https:\/\/uniavisen.dk\/en\/event\/konkurrencen-om-den-offentlige-kontrakt\/#breadcrumb","itemListElement":[{"@type":"ListItem","position":1,"name":"Home","item":"https:\/\/uniavisen.dk\/en\/"},{"@type":"ListItem","position":2,"name":"Events","item":"https:\/\/uniavisen.dk\/event\/"},{"@type":"ListItem","position":3,"name":"Konkurrencen om den offentlige kontrakt"}]},{"@type":"WebSite","@id":"https:\/\/uniavisen.dk\/#website","url":"https:\/\/uniavisen.dk\/","name":"University Post","description":"Independent of management","potentialAction":[{"@type":"SearchAction","target":{"@type":"EntryPoint","urlTemplate":"https:\/\/uniavisen.dk\/?s={search_term_string}"},"query-input":{"@type":"PropertyValueSpecification","valueRequired":true,"valueName":"search_term_string"}}],"inLanguage":"en-US"}]}},"advancedCustomFields":{"event_category":{"term_id":143,"name":"Ph.d.-forsvar","slug":"phd","term_group":0,"term_taxonomy_id":143,"taxonomy":"event_category","description":"","parent":0,"count":407,"filter":"raw"},"start":"2021-12-06 10:00:00","add_end_time":true,"end":"2021-12-06 14:00:00","location":"Alf Ross Auditoriet 9A-3-01, Njalsgade 76, 3. sal, 2300 K\u00f8benhavn S og online via Zoom","host_name":"Ph.d.-skolen, Det Juridiske Fakultet","ticket_link":"","event_is_free":true,"event_poster":{"ID":127494,"id":127494,"title":"soendrecampusjurauniaviswebny-1.jpg","filename":"soendrecampusjurauniaviswebny-1-scaled.jpg","filesize":730201,"url":"https:\/\/uniavisen.dk\/wp-content\/uploads\/2021\/11\/soendrecampusjurauniaviswebny-1-scaled.jpg","link":"https:\/\/uniavisen.dk\/en\/event\/konkurrencen-om-den-offentlige-kontrakt\/soendrecampusjurauniaviswebny-1-jpg-6\/","alt":"","author":"0","description":"","caption":"","name":"soendrecampusjurauniaviswebny-1-jpg-6","status":"inherit","uploaded_to":127493,"date":"2021-11-25 14:08:01","modified":"2021-11-25 14:08:04","menu_order":0,"mime_type":"image\/jpeg","type":"image","subtype":"jpeg","icon":"https:\/\/uniavisen.dk\/wp-includes\/images\/media\/default.png","width":2560,"height":1484,"sizes":{"thumbnail":"https:\/\/uniavisen.dk\/wp-content\/uploads\/2021\/11\/soendrecampusjurauniaviswebny-1-150x150.jpg","thumbnail-width":150,"thumbnail-height":150,"medium":"https:\/\/uniavisen.dk\/wp-content\/uploads\/2021\/11\/soendrecampusjurauniaviswebny-1-480x278.jpg","medium-width":480,"medium-height":278,"medium_large":"https:\/\/uniavisen.dk\/wp-content\/uploads\/2021\/11\/soendrecampusjurauniaviswebny-1-768x445.jpg","medium_large-width":768,"medium_large-height":445,"large":"https:\/\/uniavisen.dk\/wp-content\/uploads\/2021\/11\/soendrecampusjurauniaviswebny-1-1280x742.jpg","large-width":1280,"large-height":742,"1536x1536":"https:\/\/uniavisen.dk\/wp-content\/uploads\/2021\/11\/soendrecampusjurauniaviswebny-1-1536x890.jpg","1536x1536-width":1536,"1536x1536-height":890,"2048x2048":"https:\/\/uniavisen.dk\/wp-content\/uploads\/2021\/11\/soendrecampusjurauniaviswebny-1-2048x1187.jpg","2048x2048-width":2048,"2048x2048-height":1187,"featured-soft":"https:\/\/uniavisen.dk\/wp-content\/uploads\/2021\/11\/soendrecampusjurauniaviswebny-1-290x168.jpg","featured-soft-width":290,"featured-soft-height":168,"featured-hard":"https:\/\/uniavisen.dk\/wp-content\/uploads\/2021\/11\/soendrecampusjurauniaviswebny-1-290x180.jpg","featured-hard-width":290,"featured-hard-height":180,"narrow":"https:\/\/uniavisen.dk\/wp-content\/uploads\/2021\/11\/soendrecampusjurauniaviswebny-1-700x406.jpg","narrow-width":700,"narrow-height":406,"extended":"https:\/\/uniavisen.dk\/wp-content\/uploads\/2021\/11\/soendrecampusjurauniaviswebny-1-990x574.jpg","extended-width":990,"extended-height":574}},"short_description":"Fastl\u00e6ggelse og beskrivelse af kriterier for tildeling, v\u00e6gtning heraf og evaluerings-modeller","old_url":""},"_links":{"self":[{"href":"https:\/\/uniavisen.dk\/en\/wp-json\/wp\/v2\/events\/127493","targetHints":{"allow":["GET"]}}],"collection":[{"href":"https:\/\/uniavisen.dk\/en\/wp-json\/wp\/v2\/events"}],"about":[{"href":"https:\/\/uniavisen.dk\/en\/wp-json\/wp\/v2\/types\/event"}],"version-history":[{"count":0,"href":"https:\/\/uniavisen.dk\/en\/wp-json\/wp\/v2\/events\/127493\/revisions"}],"wp:featuredmedia":[{"embeddable":true,"href":"https:\/\/uniavisen.dk\/en\/wp-json\/wp\/v2\/media\/127494"}],"wp:attachment":[{"href":"https:\/\/uniavisen.dk\/en\/wp-json\/wp\/v2\/media?parent=127493"}],"curies":[{"name":"wp","href":"https:\/\/api.w.org\/{rel}","templated":true}]}}

<p>Det Juridiske Fakultet har herved fornøjelsen af at invitere til cand.jur. Rasmus Horskjær Nielsens ph.d. forsvar af afhandlingen:</p>
<p>Konkurrencen om den offentlige kontrakt<br />
Fastlæggelse og beskrivelse af kriterier for tildeling, vægtning heraf og evaluerings-modeller</p>
<p><a href="https://jura.ku.dk/phd/kalender/2021/rasmus-horskjaer-nielsens-phd-forsvar/"><strong>Læs mere og deltag</strong></a></p>
<p>&nbsp;</p>

<p>Det Juridiske Fakultet har herved fornøjelsen af at invitere til cand.jur. Rasmus Horskjær Nielsens ph.d. forsvar af afhandlingen: Konkurrencen om den offentlige kontrakt Fastlæggelse og beskrivelse af kriterier for tildeling, vægtning heraf og evaluerings-modeller Læs mere og deltag &nbsp;</p>

<!-- This site is optimized with the Yoast SEO plugin v27.5 - https://yoast.com/product/yoast-seo-wordpress/ -->
<title>Konkurrencen om den offentlige kontrakt</title>
<meta name="robots" content="index, follow, max-snippet:-1, max-image-preview:large, max-video-preview:-1" />
<link rel="canonical" href="https://uniavisen.dk/en/event/konkurrencen-om-den-offentlige-kontrakt/" />
<meta property="og:locale" content="en_US" />
<meta property="og:type" content="article" />
<meta property="og:title" content="Konkurrencen om den offentlige kontrakt" />
<meta property="og:description" content="Det Juridiske Fakultet har herved fornøjelsen af at invitere til cand.jur. Rasmus Horskjær Nielsens ph.d. forsvar af afhandlingen: Konkurrencen om den offentlige kontrakt Fastlæggelse og beskrivelse af kriterier for tildeling, vægtning heraf og evaluerings-modeller Læs mere og deltag &nbsp;" />
<meta property="og:url" content="https://uniavisen.dk/en/event/konkurrencen-om-den-offentlige-kontrakt/" />
<meta property="og:site_name" content="University Post" />
<meta property="article:publisher" content="https://www.facebook.com/uniavis" />
<meta property="og:image" content="https://uniavisen.dk/wp-content/uploads/2021/11/soendrecampusjurauniaviswebny-1-scaled.jpg" />
	<meta property="og:image:width" content="2560" />
	<meta property="og:image:height" content="1484" />
	<meta property="og:image:type" content="image/jpeg" />
<meta name="twitter:card" content="summary_large_image" />
<meta name="twitter:site" content="@Uniavisen" />
<script type="application/ld+json" class="yoast-schema-graph">{"@context":"https:\/\/schema.org","@graph":[{"@type":"WebPage","@id":"https:\/\/uniavisen.dk\/en\/event\/konkurrencen-om-den-offentlige-kontrakt\/","url":"https:\/\/uniavisen.dk\/en\/event\/konkurrencen-om-den-offentlige-kontrakt\/","name":"Konkurrencen om den offentlige kontrakt","isPartOf":{"@id":"https:\/\/uniavisen.dk\/#website"},"primaryImageOfPage":{"@id":"https:\/\/uniavisen.dk\/en\/event\/konkurrencen-om-den-offentlige-kontrakt\/#primaryimage"},"image":{"@id":"https:\/\/uniavisen.dk\/en\/event\/konkurrencen-om-den-offentlige-kontrakt\/#primaryimage"},"thumbnailUrl":"https:\/\/uniavisen.dk\/wp-content\/uploads\/2021\/11\/soendrecampusjurauniaviswebny-1-scaled.jpg","datePublished":"2021-11-25T14:08:01+00:00","breadcrumb":{"@id":"https:\/\/uniavisen.dk\/en\/event\/konkurrencen-om-den-offentlige-kontrakt\/#breadcrumb"},"inLanguage":"en-US","potentialAction":[{"@type":"ReadAction","target":["https:\/\/uniavisen.dk\/en\/event\/konkurrencen-om-den-offentlige-kontrakt\/"]}]},{"@type":"ImageObject","inLanguage":"en-US","@id":"https:\/\/uniavisen.dk\/en\/event\/konkurrencen-om-den-offentlige-kontrakt\/#primaryimage","url":"https:\/\/uniavisen.dk\/wp-content\/uploads\/2021\/11\/soendrecampusjurauniaviswebny-1-scaled.jpg","contentUrl":"https:\/\/uniavisen.dk\/wp-content\/uploads\/2021\/11\/soendrecampusjurauniaviswebny-1-scaled.jpg","width":2560,"height":1484},{"@type":"BreadcrumbList","@id":"https:\/\/uniavisen.dk\/en\/event\/konkurrencen-om-den-offentlige-kontrakt\/#breadcrumb","itemListElement":[{"@type":"ListItem","position":1,"name":"Home","item":"https:\/\/uniavisen.dk\/en\/"},{"@type":"ListItem","position":2,"name":"Events","item":"https:\/\/uniavisen.dk\/event\/"},{"@type":"ListItem","position":3,"name":"Konkurrencen om den offentlige kontrakt"}]},{"@type":"WebSite","@id":"https:\/\/uniavisen.dk\/#website","url":"https:\/\/uniavisen.dk\/","name":"University Post","description":"Independent of management","potentialAction":[{"@type":"SearchAction","target":{"@type":"EntryPoint","urlTemplate":"https:\/\/uniavisen.dk\/?s={search_term_string}"},"query-input":{"@type":"PropertyValueSpecification","valueRequired":true,"valueName":"search_term_string"}}],"inLanguage":"en-US"}]}</script>
<!-- / Yoast SEO plugin. -->

Det Juridiske Fakultet har herved fornøjelsen af at invitere til cand.jur. Rasmus Horskjær Nielsens ph.d. forsvar af afhandlingen: Konkurrencen om den offentlige kontrakt Fastlæggelse og beskrivelse af kriterier for tildeling, vægtning heraf og evaluerings-modeller Læs mere og deltag &nbsp;

Alf Ross Auditoriet 9A-3-01, Njalsgade 76, 3. sal, 2300 København S og online via Zoom

Fastlæggelse og beskrivelse af kriterier for tildeling, vægtning heraf og evaluerings-modeller
