
{"id":154891,"date":"2023-09-21T18:38:14","date_gmt":"2023-09-21T16:38:14","guid":{"rendered":"https:\/\/uniavisen.dk\/en\/event\/afghanistan-to-ar-efter-at-taliban-tog-magten\/"},"modified":"2023-09-21T18:38:14","modified_gmt":"2023-09-21T16:38:14","slug":"afghanistan-to-ar-efter-at-taliban-tog-magten","status":"publish","type":"event","link":"https:\/\/uniavisen.dk\/en\/event\/afghanistan-to-ar-efter-at-taliban-tog-magten\/","title":{"rendered":"Afghanistan to \u00e5r efter at Taliban tog. magten."},"content":{"rendered":"<p>Klaus L\u00f8kkegaard, sekretariatschef for DACAAR, \u00a0fort\u00e6ller om situationen for den fattige afghaner, men ser ogs\u00e5 tilbage p\u00e5 udviklingen og p\u00e5 hvordan. Talian s\u00e5 let kunne indtage regeringskontorerne.<\/p>\n<p>&nbsp;<\/p>\n<p>&nbsp;<\/p>\n<p>&nbsp;<\/p>\n<p>&nbsp;<\/p>\n","protected":false},"excerpt":{"rendered":"<p>Klaus L\u00f8kkegaard, sekretariatschef for DACAAR, \u00a0fort\u00e6ller om situationen for den fattige afghaner, men ser ogs\u00e5 tilbage p\u00e5 udviklingen og p\u00e5 hvordan. Talian s\u00e5 let kunne indtage regeringskontorerne. &nbsp; &nbsp; &nbsp; &nbsp;<\/p>\n","protected":false},"author":0,"featured_media":154892,"template":"","class_list":["post-154891","event","type-event","status-publish","has-post-thumbnail","hentry","event_category-lecture"],"acf":[],"aioseo_notices":[],"yoast_head":"<!-- This site is optimized with the Yoast SEO plugin v27.5 - https:\/\/yoast.com\/product\/yoast-seo-wordpress\/ -->\n<title>Afghanistan to \u00e5r efter at Taliban tog. magten.<\/title>\n<meta name=\"robots\" content=\"index, follow, max-snippet:-1, max-image-preview:large, max-video-preview:-1\" \/>\n<link rel=\"canonical\" href=\"https:\/\/uniavisen.dk\/en\/event\/afghanistan-to-ar-efter-at-taliban-tog-magten\/\" \/>\n<meta property=\"og:locale\" content=\"en_US\" \/>\n<meta property=\"og:type\" content=\"article\" \/>\n<meta property=\"og:title\" content=\"Afghanistan to \u00e5r efter at Taliban tog. magten.\" \/>\n<meta property=\"og:description\" content=\"Klaus L\u00f8kkegaard, sekretariatschef for DACAAR, \u00a0fort\u00e6ller om situationen for den fattige afghaner, men ser ogs\u00e5 tilbage p\u00e5 udviklingen og p\u00e5 hvordan. Talian s\u00e5 let kunne indtage regeringskontorerne. &nbsp; &nbsp; &nbsp; &nbsp;\" \/>\n<meta property=\"og:url\" content=\"https:\/\/uniavisen.dk\/en\/event\/afghanistan-to-ar-efter-at-taliban-tog-magten\/\" \/>\n<meta property=\"og:site_name\" content=\"University Post\" \/>\n<meta property=\"article:publisher\" content=\"https:\/\/www.facebook.com\/uniavis\" \/>\n<meta name=\"twitter:card\" content=\"summary_large_image\" \/>\n<meta name=\"twitter:site\" content=\"@Uniavisen\" \/>\n<script type=\"application\/ld+json\" class=\"yoast-schema-graph\">{\"@context\":\"https:\\\/\\\/schema.org\",\"@graph\":[{\"@type\":\"WebPage\",\"@id\":\"https:\\\/\\\/uniavisen.dk\\\/en\\\/event\\\/afghanistan-to-ar-efter-at-taliban-tog-magten\\\/\",\"url\":\"https:\\\/\\\/uniavisen.dk\\\/en\\\/event\\\/afghanistan-to-ar-efter-at-taliban-tog-magten\\\/\",\"name\":\"Afghanistan to \u00e5r efter at Taliban tog. magten.\",\"isPartOf\":{\"@id\":\"https:\\\/\\\/uniavisen.dk\\\/#website\"},\"primaryImageOfPage\":{\"@id\":\"https:\\\/\\\/uniavisen.dk\\\/en\\\/event\\\/afghanistan-to-ar-efter-at-taliban-tog-magten\\\/#primaryimage\"},\"image\":{\"@id\":\"https:\\\/\\\/uniavisen.dk\\\/en\\\/event\\\/afghanistan-to-ar-efter-at-taliban-tog-magten\\\/#primaryimage\"},\"thumbnailUrl\":\"https:\\\/\\\/uniavisen.dk\\\/wp-content\\\/uploads\\\/2023\\\/09\\\/01ba6c90319345edb33c6039f715010a.jpeg\",\"datePublished\":\"2023-09-21T16:38:14+00:00\",\"breadcrumb\":{\"@id\":\"https:\\\/\\\/uniavisen.dk\\\/en\\\/event\\\/afghanistan-to-ar-efter-at-taliban-tog-magten\\\/#breadcrumb\"},\"inLanguage\":\"en-US\",\"potentialAction\":[{\"@type\":\"ReadAction\",\"target\":[\"https:\\\/\\\/uniavisen.dk\\\/en\\\/event\\\/afghanistan-to-ar-efter-at-taliban-tog-magten\\\/\"]}]},{\"@type\":\"ImageObject\",\"inLanguage\":\"en-US\",\"@id\":\"https:\\\/\\\/uniavisen.dk\\\/en\\\/event\\\/afghanistan-to-ar-efter-at-taliban-tog-magten\\\/#primaryimage\",\"url\":\"https:\\\/\\\/uniavisen.dk\\\/wp-content\\\/uploads\\\/2023\\\/09\\\/01ba6c90319345edb33c6039f715010a.jpeg\",\"contentUrl\":\"https:\\\/\\\/uniavisen.dk\\\/wp-content\\\/uploads\\\/2023\\\/09\\\/01ba6c90319345edb33c6039f715010a.jpeg\",\"width\":817,\"height\":428},{\"@type\":\"BreadcrumbList\",\"@id\":\"https:\\\/\\\/uniavisen.dk\\\/en\\\/event\\\/afghanistan-to-ar-efter-at-taliban-tog-magten\\\/#breadcrumb\",\"itemListElement\":[{\"@type\":\"ListItem\",\"position\":1,\"name\":\"Home\",\"item\":\"https:\\\/\\\/uniavisen.dk\\\/en\\\/\"},{\"@type\":\"ListItem\",\"position\":2,\"name\":\"Events\",\"item\":\"https:\\\/\\\/uniavisen.dk\\\/event\\\/\"},{\"@type\":\"ListItem\",\"position\":3,\"name\":\"Afghanistan to \u00e5r efter at Taliban tog. magten.\"}]},{\"@type\":\"WebSite\",\"@id\":\"https:\\\/\\\/uniavisen.dk\\\/#website\",\"url\":\"https:\\\/\\\/uniavisen.dk\\\/\",\"name\":\"University Post\",\"description\":\"Independent of management\",\"potentialAction\":[{\"@type\":\"SearchAction\",\"target\":{\"@type\":\"EntryPoint\",\"urlTemplate\":\"https:\\\/\\\/uniavisen.dk\\\/?s={search_term_string}\"},\"query-input\":{\"@type\":\"PropertyValueSpecification\",\"valueRequired\":true,\"valueName\":\"search_term_string\"}}],\"inLanguage\":\"en-US\"}]}<\/script>\n<!-- \/ Yoast SEO plugin. -->","yoast_head_json":{"title":"Afghanistan to \u00e5r efter at Taliban tog. magten.","robots":{"index":"index","follow":"follow","max-snippet":"max-snippet:-1","max-image-preview":"max-image-preview:large","max-video-preview":"max-video-preview:-1"},"canonical":"https:\/\/uniavisen.dk\/en\/event\/afghanistan-to-ar-efter-at-taliban-tog-magten\/","og_locale":"en_US","og_type":"article","og_title":"Afghanistan to \u00e5r efter at Taliban tog. magten.","og_description":"Klaus L\u00f8kkegaard, sekretariatschef for DACAAR, \u00a0fort\u00e6ller om situationen for den fattige afghaner, men ser ogs\u00e5 tilbage p\u00e5 udviklingen og p\u00e5 hvordan. Talian s\u00e5 let kunne indtage regeringskontorerne. &nbsp; &nbsp; &nbsp; &nbsp;","og_url":"https:\/\/uniavisen.dk\/en\/event\/afghanistan-to-ar-efter-at-taliban-tog-magten\/","og_site_name":"University Post","article_publisher":"https:\/\/www.facebook.com\/uniavis","twitter_card":"summary_large_image","twitter_site":"@Uniavisen","schema":{"@context":"https:\/\/schema.org","@graph":[{"@type":"WebPage","@id":"https:\/\/uniavisen.dk\/en\/event\/afghanistan-to-ar-efter-at-taliban-tog-magten\/","url":"https:\/\/uniavisen.dk\/en\/event\/afghanistan-to-ar-efter-at-taliban-tog-magten\/","name":"Afghanistan to \u00e5r efter at Taliban tog. magten.","isPartOf":{"@id":"https:\/\/uniavisen.dk\/#website"},"primaryImageOfPage":{"@id":"https:\/\/uniavisen.dk\/en\/event\/afghanistan-to-ar-efter-at-taliban-tog-magten\/#primaryimage"},"image":{"@id":"https:\/\/uniavisen.dk\/en\/event\/afghanistan-to-ar-efter-at-taliban-tog-magten\/#primaryimage"},"thumbnailUrl":"https:\/\/uniavisen.dk\/wp-content\/uploads\/2023\/09\/01ba6c90319345edb33c6039f715010a.jpeg","datePublished":"2023-09-21T16:38:14+00:00","breadcrumb":{"@id":"https:\/\/uniavisen.dk\/en\/event\/afghanistan-to-ar-efter-at-taliban-tog-magten\/#breadcrumb"},"inLanguage":"en-US","potentialAction":[{"@type":"ReadAction","target":["https:\/\/uniavisen.dk\/en\/event\/afghanistan-to-ar-efter-at-taliban-tog-magten\/"]}]},{"@type":"ImageObject","inLanguage":"en-US","@id":"https:\/\/uniavisen.dk\/en\/event\/afghanistan-to-ar-efter-at-taliban-tog-magten\/#primaryimage","url":"https:\/\/uniavisen.dk\/wp-content\/uploads\/2023\/09\/01ba6c90319345edb33c6039f715010a.jpeg","contentUrl":"https:\/\/uniavisen.dk\/wp-content\/uploads\/2023\/09\/01ba6c90319345edb33c6039f715010a.jpeg","width":817,"height":428},{"@type":"BreadcrumbList","@id":"https:\/\/uniavisen.dk\/en\/event\/afghanistan-to-ar-efter-at-taliban-tog-magten\/#breadcrumb","itemListElement":[{"@type":"ListItem","position":1,"name":"Home","item":"https:\/\/uniavisen.dk\/en\/"},{"@type":"ListItem","position":2,"name":"Events","item":"https:\/\/uniavisen.dk\/event\/"},{"@type":"ListItem","position":3,"name":"Afghanistan to \u00e5r efter at Taliban tog. magten."}]},{"@type":"WebSite","@id":"https:\/\/uniavisen.dk\/#website","url":"https:\/\/uniavisen.dk\/","name":"University Post","description":"Independent of management","potentialAction":[{"@type":"SearchAction","target":{"@type":"EntryPoint","urlTemplate":"https:\/\/uniavisen.dk\/?s={search_term_string}"},"query-input":{"@type":"PropertyValueSpecification","valueRequired":true,"valueName":"search_term_string"}}],"inLanguage":"en-US"}]}},"advancedCustomFields":{"event_category":{"term_id":136,"name":"Lecture","slug":"lecture","term_group":0,"term_taxonomy_id":136,"taxonomy":"event_category","description":"","parent":0,"count":66,"filter":"raw"},"start":"2023-10-04 17:30:00","add_end_time":false,"location":"KUA, K\u00f8benhavns  Universitet, S\u00f8ndre Campus ,  lokale. 15A 2.11","host_name":"Centralasiatisk Selskab ","ticket_link":"","event_is_free":true,"event_poster":{"ID":154892,"id":154892,"title":"01ba6c90319345edb33c6039f715010a.jpeg","filename":"01ba6c90319345edb33c6039f715010a.jpeg","filesize":65405,"url":"https:\/\/uniavisen.dk\/wp-content\/uploads\/2023\/09\/01ba6c90319345edb33c6039f715010a.jpeg","link":"https:\/\/uniavisen.dk\/en\/event\/afghanistan-to-ar-efter-at-taliban-tog-magten\/01ba6c90319345edb33c6039f715010a-jpeg\/","alt":"","author":"0","description":"","caption":"","name":"01ba6c90319345edb33c6039f715010a-jpeg","status":"inherit","uploaded_to":154891,"date":"2023-09-21 16:38:14","modified":"2023-09-21 16:38:14","menu_order":0,"mime_type":"image\/jpeg","type":"image","subtype":"jpeg","icon":"https:\/\/uniavisen.dk\/wp-includes\/images\/media\/default.png","width":817,"height":428,"sizes":{"thumbnail":"https:\/\/uniavisen.dk\/wp-content\/uploads\/2023\/09\/01ba6c90319345edb33c6039f715010a-150x150.jpeg","thumbnail-width":150,"thumbnail-height":150,"medium":"https:\/\/uniavisen.dk\/wp-content\/uploads\/2023\/09\/01ba6c90319345edb33c6039f715010a-480x251.jpeg","medium-width":480,"medium-height":251,"medium_large":"https:\/\/uniavisen.dk\/wp-content\/uploads\/2023\/09\/01ba6c90319345edb33c6039f715010a-768x402.jpeg","medium_large-width":768,"medium_large-height":402,"large":"https:\/\/uniavisen.dk\/wp-content\/uploads\/2023\/09\/01ba6c90319345edb33c6039f715010a.jpeg","large-width":817,"large-height":428,"1536x1536":"https:\/\/uniavisen.dk\/wp-content\/uploads\/2023\/09\/01ba6c90319345edb33c6039f715010a.jpeg","1536x1536-width":817,"1536x1536-height":428,"2048x2048":"https:\/\/uniavisen.dk\/wp-content\/uploads\/2023\/09\/01ba6c90319345edb33c6039f715010a.jpeg","2048x2048-width":817,"2048x2048-height":428,"featured-soft":"https:\/\/uniavisen.dk\/wp-content\/uploads\/2023\/09\/01ba6c90319345edb33c6039f715010a-290x152.jpeg","featured-soft-width":290,"featured-soft-height":152,"featured-hard":"https:\/\/uniavisen.dk\/wp-content\/uploads\/2023\/09\/01ba6c90319345edb33c6039f715010a-290x180.jpeg","featured-hard-width":290,"featured-hard-height":180,"narrow":"https:\/\/uniavisen.dk\/wp-content\/uploads\/2023\/09\/01ba6c90319345edb33c6039f715010a-700x367.jpeg","narrow-width":700,"narrow-height":367,"extended":"https:\/\/uniavisen.dk\/wp-content\/uploads\/2023\/09\/01ba6c90319345edb33c6039f715010a.jpeg","extended-width":817,"extended-height":428}},"short_description":"Nej","old_url":""},"_links":{"self":[{"href":"https:\/\/uniavisen.dk\/en\/wp-json\/wp\/v2\/events\/154891","targetHints":{"allow":["GET"]}}],"collection":[{"href":"https:\/\/uniavisen.dk\/en\/wp-json\/wp\/v2\/events"}],"about":[{"href":"https:\/\/uniavisen.dk\/en\/wp-json\/wp\/v2\/types\/event"}],"version-history":[{"count":0,"href":"https:\/\/uniavisen.dk\/en\/wp-json\/wp\/v2\/events\/154891\/revisions"}],"wp:featuredmedia":[{"embeddable":true,"href":"https:\/\/uniavisen.dk\/en\/wp-json\/wp\/v2\/media\/154892"}],"wp:attachment":[{"href":"https:\/\/uniavisen.dk\/en\/wp-json\/wp\/v2\/media?parent=154891"}],"curies":[{"name":"wp","href":"https:\/\/api.w.org\/{rel}","templated":true}]}}

Afghanistan to år efter at Taliban tog. magten.

<p>Klaus Løkkegaard, sekretariatschef for DACAAR,  fortæller om situationen for den fattige afghaner, men ser også tilbage på udviklingen og på hvordan. Talian så let kunne indtage regeringskontorerne.</p>
<p>&nbsp;</p>
<p>&nbsp;</p>
<p>&nbsp;</p>
<p>&nbsp;</p>

<p>Klaus Løkkegaard, sekretariatschef for DACAAR,  fortæller om situationen for den fattige afghaner, men ser også tilbage på udviklingen og på hvordan. Talian så let kunne indtage regeringskontorerne. &nbsp; &nbsp; &nbsp; &nbsp;</p>

<!-- This site is optimized with the Yoast SEO plugin v27.5 - https://yoast.com/product/yoast-seo-wordpress/ -->
<title>Afghanistan to år efter at Taliban tog. magten.</title>
<meta name="robots" content="index, follow, max-snippet:-1, max-image-preview:large, max-video-preview:-1" />
<link rel="canonical" href="https://uniavisen.dk/en/event/afghanistan-to-ar-efter-at-taliban-tog-magten/" />
<meta property="og:locale" content="en_US" />
<meta property="og:type" content="article" />
<meta property="og:title" content="Afghanistan to år efter at Taliban tog. magten." />
<meta property="og:description" content="Klaus Løkkegaard, sekretariatschef for DACAAR,  fortæller om situationen for den fattige afghaner, men ser også tilbage på udviklingen og på hvordan. Talian så let kunne indtage regeringskontorerne. &nbsp; &nbsp; &nbsp; &nbsp;" />
<meta property="og:url" content="https://uniavisen.dk/en/event/afghanistan-to-ar-efter-at-taliban-tog-magten/" />
<meta property="og:site_name" content="University Post" />
<meta property="article:publisher" content="https://www.facebook.com/uniavis" />
<meta name="twitter:card" content="summary_large_image" />
<meta name="twitter:site" content="@Uniavisen" />
<script type="application/ld+json" class="yoast-schema-graph">{"@context":"https:\/\/schema.org","@graph":[{"@type":"WebPage","@id":"https:\/\/uniavisen.dk\/en\/event\/afghanistan-to-ar-efter-at-taliban-tog-magten\/","url":"https:\/\/uniavisen.dk\/en\/event\/afghanistan-to-ar-efter-at-taliban-tog-magten\/","name":"Afghanistan to år efter at Taliban tog. magten.","isPartOf":{"@id":"https:\/\/uniavisen.dk\/#website"},"primaryImageOfPage":{"@id":"https:\/\/uniavisen.dk\/en\/event\/afghanistan-to-ar-efter-at-taliban-tog-magten\/#primaryimage"},"image":{"@id":"https:\/\/uniavisen.dk\/en\/event\/afghanistan-to-ar-efter-at-taliban-tog-magten\/#primaryimage"},"thumbnailUrl":"https:\/\/uniavisen.dk\/wp-content\/uploads\/2023\/09\/01ba6c90319345edb33c6039f715010a.jpeg","datePublished":"2023-09-21T16:38:14+00:00","breadcrumb":{"@id":"https:\/\/uniavisen.dk\/en\/event\/afghanistan-to-ar-efter-at-taliban-tog-magten\/#breadcrumb"},"inLanguage":"en-US","potentialAction":[{"@type":"ReadAction","target":["https:\/\/uniavisen.dk\/en\/event\/afghanistan-to-ar-efter-at-taliban-tog-magten\/"]}]},{"@type":"ImageObject","inLanguage":"en-US","@id":"https:\/\/uniavisen.dk\/en\/event\/afghanistan-to-ar-efter-at-taliban-tog-magten\/#primaryimage","url":"https:\/\/uniavisen.dk\/wp-content\/uploads\/2023\/09\/01ba6c90319345edb33c6039f715010a.jpeg","contentUrl":"https:\/\/uniavisen.dk\/wp-content\/uploads\/2023\/09\/01ba6c90319345edb33c6039f715010a.jpeg","width":817,"height":428},{"@type":"BreadcrumbList","@id":"https:\/\/uniavisen.dk\/en\/event\/afghanistan-to-ar-efter-at-taliban-tog-magten\/#breadcrumb","itemListElement":[{"@type":"ListItem","position":1,"name":"Home","item":"https:\/\/uniavisen.dk\/en\/"},{"@type":"ListItem","position":2,"name":"Events","item":"https:\/\/uniavisen.dk\/event\/"},{"@type":"ListItem","position":3,"name":"Afghanistan to år efter at Taliban tog. magten."}]},{"@type":"WebSite","@id":"https:\/\/uniavisen.dk\/#website","url":"https:\/\/uniavisen.dk\/","name":"University Post","description":"Independent of management","potentialAction":[{"@type":"SearchAction","target":{"@type":"EntryPoint","urlTemplate":"https:\/\/uniavisen.dk\/?s={search_term_string}"},"query-input":{"@type":"PropertyValueSpecification","valueRequired":true,"valueName":"search_term_string"}}],"inLanguage":"en-US"}]}</script>
<!-- / Yoast SEO plugin. -->

Klaus Løkkegaard, sekretariatschef for DACAAR,  fortæller om situationen for den fattige afghaner, men ser også tilbage på udviklingen og på hvordan. Talian så let kunne indtage regeringskontorerne. &nbsp; &nbsp; &nbsp; &nbsp;

KUA, Københavns  Universitet, Søndre Campus ,  lokale. 15A 2.11
