
{"id":156844,"date":"2023-11-13T11:12:17","date_gmt":"2023-11-13T10:12:17","guid":{"rendered":"https:\/\/uniavisen.dk\/en\/event\/digital-dependencies-cph-tech-policy-youth-committee\/"},"modified":"2023-11-13T11:12:17","modified_gmt":"2023-11-13T10:12:17","slug":"digital-dependencies-cph-tech-policy-youth-committee","status":"publish","type":"event","link":"https:\/\/uniavisen.dk\/en\/event\/digital-dependencies-cph-tech-policy-youth-committee\/","title":{"rendered":"Digital Dependencies \/\/ CPH Tech Policy Youth Committee"},"content":{"rendered":"<h3>YOU ARE INVITED TO THE LAUNCH OF THE CPH TECH POLICY YOUTH COMMITTEE<\/h3>\n<p>The <strong>CPH Tech Policy Youth Committee,<\/strong> a committee of students interested in and wanting to impact the discussions about Tech Policy<\/p>\n<p>Sophus Garfiel, Permanent Secretary of State for Digital Government and Gender Equality will introduce the Youth Committee. Hereafter a panel disucssion will follow with the overarching theme:<\/p>\n<p><strong>**Youth in the Digital World: Digital Dependencies**<\/strong><br \/>\nThe panel will be discussing questions like what are the opportunities and risks of growing up in an increasingly digitalized era? How can younger generations engage in shaping the digital landscape?<\/p>\n<p><strong>Panelists:<\/strong><br \/>\nMalene Hornstrup Jespersen: <em>Malene is a Ph.D-student in Social Data Science. Her research focuses on the ways in which people attempt to control their digital use, among these digital disconnection practices as well as discourses and values tied to these practices.<\/em><br \/>\nS\u00f8rine Vesth Rasmussen: <em>S\u00f8rine is a Political Consultant on Tech &amp; Violence Against Children at Children Welfare (B\u00f8rns Vilk\u00e5r). She is also a member of the expert group on establishing the EU age appropriate design code. Previously she has been a member of the Danish Government&#8217;s network on online sexual crimes against children.<\/em><br \/>\nSigne Gertz Jensen: <em>Signe serves as UN Youth Delegate on Equality and SRSR, studies law and has 20 years of experience from the Danish Scout Corps, where she most recently worked as Deputy International Commissioner in the Girl Scouts of Denmark.<\/em><\/p>\n<p>After the discussion, there will be coffee and snacks<\/p>\n<p>\/\/ CPH Tech Policy Youth Committee<\/p>\n","protected":false},"excerpt":{"rendered":"<p>YOU ARE INVITED TO THE LAUNCH OF THE CPH TECH POLICY YOUTH COMMITTEE The CPH Tech Policy Youth Committee, a committee of students interested in and wanting to impact the discussions about Tech Policy Sophus Garfiel, Permanent Secretary of State for Digital Government and Gender Equality will introduce the Youth Committee. Hereafter a panel disucssion [&hellip;]<\/p>\n","protected":false},"author":0,"featured_media":0,"template":"","class_list":["post-156844","event","type-event","status-publish","hentry","event_category-talk"],"acf":[],"aioseo_notices":[],"yoast_head":"<!-- This site is optimized with the Yoast SEO plugin v27.5 - https:\/\/yoast.com\/product\/yoast-seo-wordpress\/ -->\n<title>Digital Dependencies \/\/ CPH Tech Policy Youth Committee<\/title>\n<meta name=\"robots\" content=\"index, follow, max-snippet:-1, max-image-preview:large, max-video-preview:-1\" \/>\n<link rel=\"canonical\" href=\"https:\/\/uniavisen.dk\/en\/event\/digital-dependencies-cph-tech-policy-youth-committee\/\" \/>\n<meta property=\"og:locale\" content=\"en_US\" \/>\n<meta property=\"og:type\" content=\"article\" \/>\n<meta property=\"og:title\" content=\"Digital Dependencies \/\/ CPH Tech Policy Youth Committee\" \/>\n<meta property=\"og:description\" content=\"YOU ARE INVITED TO THE LAUNCH OF THE CPH TECH POLICY YOUTH COMMITTEE The CPH Tech Policy Youth Committee, a committee of students interested in and wanting to impact the discussions about Tech Policy Sophus Garfiel, Permanent Secretary of State for Digital Government and Gender Equality will introduce the Youth Committee. Hereafter a panel disucssion [&hellip;]\" \/>\n<meta property=\"og:url\" content=\"https:\/\/uniavisen.dk\/en\/event\/digital-dependencies-cph-tech-policy-youth-committee\/\" \/>\n<meta property=\"og:site_name\" content=\"University Post\" \/>\n<meta property=\"article:publisher\" content=\"https:\/\/www.facebook.com\/uniavis\" \/>\n<meta name=\"twitter:card\" content=\"summary_large_image\" \/>\n<meta name=\"twitter:site\" content=\"@Uniavisen\" \/>\n<meta name=\"twitter:label1\" content=\"Est. reading time\" \/>\n\t<meta name=\"twitter:data1\" content=\"1 minute\" \/>\n<script type=\"application\/ld+json\" class=\"yoast-schema-graph\">{\"@context\":\"https:\\\/\\\/schema.org\",\"@graph\":[{\"@type\":\"WebPage\",\"@id\":\"https:\\\/\\\/uniavisen.dk\\\/en\\\/event\\\/digital-dependencies-cph-tech-policy-youth-committee\\\/\",\"url\":\"https:\\\/\\\/uniavisen.dk\\\/en\\\/event\\\/digital-dependencies-cph-tech-policy-youth-committee\\\/\",\"name\":\"Digital Dependencies \\\/\\\/ CPH Tech Policy Youth Committee\",\"isPartOf\":{\"@id\":\"https:\\\/\\\/uniavisen.dk\\\/#website\"},\"datePublished\":\"2023-11-13T10:12:17+00:00\",\"breadcrumb\":{\"@id\":\"https:\\\/\\\/uniavisen.dk\\\/en\\\/event\\\/digital-dependencies-cph-tech-policy-youth-committee\\\/#breadcrumb\"},\"inLanguage\":\"en-US\",\"potentialAction\":[{\"@type\":\"ReadAction\",\"target\":[\"https:\\\/\\\/uniavisen.dk\\\/en\\\/event\\\/digital-dependencies-cph-tech-policy-youth-committee\\\/\"]}]},{\"@type\":\"BreadcrumbList\",\"@id\":\"https:\\\/\\\/uniavisen.dk\\\/en\\\/event\\\/digital-dependencies-cph-tech-policy-youth-committee\\\/#breadcrumb\",\"itemListElement\":[{\"@type\":\"ListItem\",\"position\":1,\"name\":\"Home\",\"item\":\"https:\\\/\\\/uniavisen.dk\\\/en\\\/\"},{\"@type\":\"ListItem\",\"position\":2,\"name\":\"Events\",\"item\":\"https:\\\/\\\/uniavisen.dk\\\/event\\\/\"},{\"@type\":\"ListItem\",\"position\":3,\"name\":\"Digital Dependencies \\\/\\\/ CPH Tech Policy Youth Committee\"}]},{\"@type\":\"WebSite\",\"@id\":\"https:\\\/\\\/uniavisen.dk\\\/#website\",\"url\":\"https:\\\/\\\/uniavisen.dk\\\/\",\"name\":\"University Post\",\"description\":\"Independent of management\",\"potentialAction\":[{\"@type\":\"SearchAction\",\"target\":{\"@type\":\"EntryPoint\",\"urlTemplate\":\"https:\\\/\\\/uniavisen.dk\\\/?s={search_term_string}\"},\"query-input\":{\"@type\":\"PropertyValueSpecification\",\"valueRequired\":true,\"valueName\":\"search_term_string\"}}],\"inLanguage\":\"en-US\"}]}<\/script>\n<!-- \/ Yoast SEO plugin. -->","yoast_head_json":{"title":"Digital Dependencies \/\/ CPH Tech Policy Youth Committee","robots":{"index":"index","follow":"follow","max-snippet":"max-snippet:-1","max-image-preview":"max-image-preview:large","max-video-preview":"max-video-preview:-1"},"canonical":"https:\/\/uniavisen.dk\/en\/event\/digital-dependencies-cph-tech-policy-youth-committee\/","og_locale":"en_US","og_type":"article","og_title":"Digital Dependencies \/\/ CPH Tech Policy Youth Committee","og_description":"YOU ARE INVITED TO THE LAUNCH OF THE CPH TECH POLICY YOUTH COMMITTEE The CPH Tech Policy Youth Committee, a committee of students interested in and wanting to impact the discussions about Tech Policy Sophus Garfiel, Permanent Secretary of State for Digital Government and Gender Equality will introduce the Youth Committee. Hereafter a panel disucssion [&hellip;]","og_url":"https:\/\/uniavisen.dk\/en\/event\/digital-dependencies-cph-tech-policy-youth-committee\/","og_site_name":"University Post","article_publisher":"https:\/\/www.facebook.com\/uniavis","twitter_card":"summary_large_image","twitter_site":"@Uniavisen","twitter_misc":{"Est. reading time":"1 minute"},"schema":{"@context":"https:\/\/schema.org","@graph":[{"@type":"WebPage","@id":"https:\/\/uniavisen.dk\/en\/event\/digital-dependencies-cph-tech-policy-youth-committee\/","url":"https:\/\/uniavisen.dk\/en\/event\/digital-dependencies-cph-tech-policy-youth-committee\/","name":"Digital Dependencies \/\/ CPH Tech Policy Youth Committee","isPartOf":{"@id":"https:\/\/uniavisen.dk\/#website"},"datePublished":"2023-11-13T10:12:17+00:00","breadcrumb":{"@id":"https:\/\/uniavisen.dk\/en\/event\/digital-dependencies-cph-tech-policy-youth-committee\/#breadcrumb"},"inLanguage":"en-US","potentialAction":[{"@type":"ReadAction","target":["https:\/\/uniavisen.dk\/en\/event\/digital-dependencies-cph-tech-policy-youth-committee\/"]}]},{"@type":"BreadcrumbList","@id":"https:\/\/uniavisen.dk\/en\/event\/digital-dependencies-cph-tech-policy-youth-committee\/#breadcrumb","itemListElement":[{"@type":"ListItem","position":1,"name":"Home","item":"https:\/\/uniavisen.dk\/en\/"},{"@type":"ListItem","position":2,"name":"Events","item":"https:\/\/uniavisen.dk\/event\/"},{"@type":"ListItem","position":3,"name":"Digital Dependencies \/\/ CPH Tech Policy Youth Committee"}]},{"@type":"WebSite","@id":"https:\/\/uniavisen.dk\/#website","url":"https:\/\/uniavisen.dk\/","name":"University Post","description":"Independent of management","potentialAction":[{"@type":"SearchAction","target":{"@type":"EntryPoint","urlTemplate":"https:\/\/uniavisen.dk\/?s={search_term_string}"},"query-input":{"@type":"PropertyValueSpecification","valueRequired":true,"valueName":"search_term_string"}}],"inLanguage":"en-US"}]}},"advancedCustomFields":{"event_category":{"term_id":137,"name":"Talk","slug":"talk","term_group":0,"term_taxonomy_id":137,"taxonomy":"event_category","description":"","parent":0,"count":70,"filter":"raw"},"start":"2023-11-17 11:00:00","add_end_time":true,"end":"2023-11-17 12:00:00","location":"Forskningskollektivet, Center for Sundhed og Samfund (CSS), University of Copenhagen","host_name":"CPH Tech Policy Youth Committee","ticket_link":"https:\/\/www.facebook.com\/events\/1272730013321200","event_is_free":true,"event_poster":false,"short_description":"Join us for the official launch of the CPH Tech Policy Youth Committee","old_url":""},"_links":{"self":[{"href":"https:\/\/uniavisen.dk\/en\/wp-json\/wp\/v2\/events\/156844","targetHints":{"allow":["GET"]}}],"collection":[{"href":"https:\/\/uniavisen.dk\/en\/wp-json\/wp\/v2\/events"}],"about":[{"href":"https:\/\/uniavisen.dk\/en\/wp-json\/wp\/v2\/types\/event"}],"version-history":[{"count":0,"href":"https:\/\/uniavisen.dk\/en\/wp-json\/wp\/v2\/events\/156844\/revisions"}],"wp:attachment":[{"href":"https:\/\/uniavisen.dk\/en\/wp-json\/wp\/v2\/media?parent=156844"}],"curies":[{"name":"wp","href":"https:\/\/api.w.org\/{rel}","templated":true}]}}

<h3>YOU ARE INVITED TO THE LAUNCH OF THE CPH TECH POLICY YOUTH COMMITTEE</h3>
<p>The <strong>CPH Tech Policy Youth Committee,</strong> a committee of students interested in and wanting to impact the discussions about Tech Policy</p>
<p>Sophus Garfiel, Permanent Secretary of State for Digital Government and Gender Equality will introduce the Youth Committee. Hereafter a panel disucssion will follow with the overarching theme:</p>
<p><strong>**Youth in the Digital World: Digital Dependencies**</strong><br />
The panel will be discussing questions like what are the opportunities and risks of growing up in an increasingly digitalized era? How can younger generations engage in shaping the digital landscape?</p>
<p><strong>Panelists:</strong><br />
Malene Hornstrup Jespersen: <em>Malene is a Ph.D-student in Social Data Science. Her research focuses on the ways in which people attempt to control their digital use, among these digital disconnection practices as well as discourses and values tied to these practices.</em><br />
Sørine Vesth Rasmussen: <em>Sørine is a Political Consultant on Tech &amp; Violence Against Children at Children Welfare (Børns Vilkår). She is also a member of the expert group on establishing the EU age appropriate design code. Previously she has been a member of the Danish Government&#8217;s network on online sexual crimes against children.</em><br />
Signe Gertz Jensen: <em>Signe serves as UN Youth Delegate on Equality and SRSR, studies law and has 20 years of experience from the Danish Scout Corps, where she most recently worked as Deputy International Commissioner in the Girl Scouts of Denmark.</em></p>
<p>After the discussion, there will be coffee and snacks</p>
<p>// CPH Tech Policy Youth Committee</p>
