
{"id":157451,"date":"2023-11-21T16:07:49","date_gmt":"2023-11-21T15:07:49","guid":{"rendered":"https:\/\/uniavisen.dk\/en\/event\/debataften-om-colombia\/"},"modified":"2023-11-21T16:07:49","modified_gmt":"2023-11-21T15:07:49","slug":"debataften-om-colombia","status":"publish","type":"event","link":"https:\/\/uniavisen.dk\/en\/event\/debataften-om-colombia\/","title":{"rendered":"DEBATAFTEN OM COLOMBIA"},"content":{"rendered":"<p>Sammen med vores venner i<strong> Nunca M\u00e1s<\/strong> inviterer <strong>AiiA<\/strong> til en sp\u00e6ndende debataften om Colombia i lokale 22.0.11 p\u00e5 KUA, torsdag d. 23. november kl. 17-19.<br \/>\nDer er nu g\u00e5et mere end et \u00e5r siden Gustavo Petro valgtes som Colombias f\u00f8rste venstreorienterede pr\u00e6sident.<em> Hvordan er det g\u00e5et med de sociale reformer, fredsforhandlingerne, naturbeskyttelsen og meget andet, og hvilke udfordringer st\u00e5r regeringen med i den kommende tid?<\/em><br \/>\nVi starter med opl\u00e6g og tager derefter en debat.<br \/>\n<strong>Opl\u00e6gsholdere:<\/strong><br \/>\n<strong>Mogens Pedersen<\/strong>\u00a0\u2013 Forhv. ambassad\u00f8r i Colombia og tidl. senioranalytiker i Dansk Institut for Internationale Studier (DIIS)<br \/>\n<strong>Merete Hansen<\/strong>\u00a0\u2013 International konsulent med s\u00e6rligt fokus p\u00e5 konfliktanalyse, menneskerettigheder og udviklings- og humanit\u00e6r resultatbaseret programledelse med mere end 25 \u00e5rs erfaring fra Latinamerika.<br \/>\n<strong>Thomas Jazrawi\u00a0<\/strong>\u2013 cand. scient. pol. fra K\u00f8benhavns Universitet med s\u00e6rlig viden om klimaforandringer, biodiversitet og milj\u00f8politik i en international kontekst. Tidligere milj\u00f8- og klimaredakt\u00f8r ved Globalnyt.<br \/>\nKom og deltag. Vi gl\u00e6der os til at se je<\/p>\n","protected":false},"excerpt":{"rendered":"<p>Sammen med vores venner i Nunca M\u00e1s inviterer AiiA til en sp\u00e6ndende debataften om Colombia i lokale 22.0.11 p\u00e5 KUA, torsdag d. 23. november kl. 17-19. Der er nu g\u00e5et mere end et \u00e5r siden Gustavo Petro valgtes som Colombias f\u00f8rste venstreorienterede pr\u00e6sident. Hvordan er det g\u00e5et med de sociale reformer, fredsforhandlingerne, naturbeskyttelsen og meget [&hellip;]<\/p>\n","protected":false},"author":0,"featured_media":157452,"template":"","class_list":["post-157451","event","type-event","status-publish","has-post-thumbnail","hentry","event_category-debate"],"acf":[],"aioseo_notices":[],"yoast_head":"<!-- This site is optimized with the Yoast SEO plugin v27.5 - https:\/\/yoast.com\/product\/yoast-seo-wordpress\/ -->\n<title>DEBATAFTEN OM COLOMBIA<\/title>\n<meta name=\"robots\" content=\"index, follow, max-snippet:-1, max-image-preview:large, max-video-preview:-1\" \/>\n<link rel=\"canonical\" href=\"https:\/\/uniavisen.dk\/en\/event\/debataften-om-colombia\/\" \/>\n<meta property=\"og:locale\" content=\"en_US\" \/>\n<meta property=\"og:type\" content=\"article\" \/>\n<meta property=\"og:title\" content=\"DEBATAFTEN OM COLOMBIA\" \/>\n<meta property=\"og:description\" content=\"Sammen med vores venner i Nunca M\u00e1s inviterer AiiA til en sp\u00e6ndende debataften om Colombia i lokale 22.0.11 p\u00e5 KUA, torsdag d. 23. november kl. 17-19. Der er nu g\u00e5et mere end et \u00e5r siden Gustavo Petro valgtes som Colombias f\u00f8rste venstreorienterede pr\u00e6sident. Hvordan er det g\u00e5et med de sociale reformer, fredsforhandlingerne, naturbeskyttelsen og meget [&hellip;]\" \/>\n<meta property=\"og:url\" content=\"https:\/\/uniavisen.dk\/en\/event\/debataften-om-colombia\/\" \/>\n<meta property=\"og:site_name\" content=\"University Post\" \/>\n<meta property=\"article:publisher\" content=\"https:\/\/www.facebook.com\/uniavis\" \/>\n<meta name=\"twitter:card\" content=\"summary_large_image\" \/>\n<meta name=\"twitter:site\" content=\"@Uniavisen\" \/>\n<meta name=\"twitter:label1\" content=\"Est. reading time\" \/>\n\t<meta name=\"twitter:data1\" content=\"1 minute\" \/>\n<script type=\"application\/ld+json\" class=\"yoast-schema-graph\">{\"@context\":\"https:\\\/\\\/schema.org\",\"@graph\":[{\"@type\":\"WebPage\",\"@id\":\"https:\\\/\\\/uniavisen.dk\\\/en\\\/event\\\/debataften-om-colombia\\\/\",\"url\":\"https:\\\/\\\/uniavisen.dk\\\/en\\\/event\\\/debataften-om-colombia\\\/\",\"name\":\"DEBATAFTEN OM COLOMBIA\",\"isPartOf\":{\"@id\":\"https:\\\/\\\/uniavisen.dk\\\/#website\"},\"primaryImageOfPage\":{\"@id\":\"https:\\\/\\\/uniavisen.dk\\\/en\\\/event\\\/debataften-om-colombia\\\/#primaryimage\"},\"image\":{\"@id\":\"https:\\\/\\\/uniavisen.dk\\\/en\\\/event\\\/debataften-om-colombia\\\/#primaryimage\"},\"thumbnailUrl\":\"https:\\\/\\\/uniavisen.dk\\\/wp-content\\\/uploads\\\/2023\\\/11\\\/1-1.jpg\",\"datePublished\":\"2023-11-21T15:07:49+00:00\",\"breadcrumb\":{\"@id\":\"https:\\\/\\\/uniavisen.dk\\\/en\\\/event\\\/debataften-om-colombia\\\/#breadcrumb\"},\"inLanguage\":\"en-US\",\"potentialAction\":[{\"@type\":\"ReadAction\",\"target\":[\"https:\\\/\\\/uniavisen.dk\\\/en\\\/event\\\/debataften-om-colombia\\\/\"]}]},{\"@type\":\"ImageObject\",\"inLanguage\":\"en-US\",\"@id\":\"https:\\\/\\\/uniavisen.dk\\\/en\\\/event\\\/debataften-om-colombia\\\/#primaryimage\",\"url\":\"https:\\\/\\\/uniavisen.dk\\\/wp-content\\\/uploads\\\/2023\\\/11\\\/1-1.jpg\",\"contentUrl\":\"https:\\\/\\\/uniavisen.dk\\\/wp-content\\\/uploads\\\/2023\\\/11\\\/1-1.jpg\",\"width\":2048,\"height\":1361},{\"@type\":\"BreadcrumbList\",\"@id\":\"https:\\\/\\\/uniavisen.dk\\\/en\\\/event\\\/debataften-om-colombia\\\/#breadcrumb\",\"itemListElement\":[{\"@type\":\"ListItem\",\"position\":1,\"name\":\"Home\",\"item\":\"https:\\\/\\\/uniavisen.dk\\\/en\\\/\"},{\"@type\":\"ListItem\",\"position\":2,\"name\":\"Events\",\"item\":\"https:\\\/\\\/uniavisen.dk\\\/event\\\/\"},{\"@type\":\"ListItem\",\"position\":3,\"name\":\"DEBATAFTEN OM COLOMBIA\"}]},{\"@type\":\"WebSite\",\"@id\":\"https:\\\/\\\/uniavisen.dk\\\/#website\",\"url\":\"https:\\\/\\\/uniavisen.dk\\\/\",\"name\":\"University Post\",\"description\":\"Independent of management\",\"potentialAction\":[{\"@type\":\"SearchAction\",\"target\":{\"@type\":\"EntryPoint\",\"urlTemplate\":\"https:\\\/\\\/uniavisen.dk\\\/?s={search_term_string}\"},\"query-input\":{\"@type\":\"PropertyValueSpecification\",\"valueRequired\":true,\"valueName\":\"search_term_string\"}}],\"inLanguage\":\"en-US\"}]}<\/script>\n<!-- \/ Yoast SEO plugin. -->","yoast_head_json":{"title":"DEBATAFTEN OM COLOMBIA","robots":{"index":"index","follow":"follow","max-snippet":"max-snippet:-1","max-image-preview":"max-image-preview:large","max-video-preview":"max-video-preview:-1"},"canonical":"https:\/\/uniavisen.dk\/en\/event\/debataften-om-colombia\/","og_locale":"en_US","og_type":"article","og_title":"DEBATAFTEN OM COLOMBIA","og_description":"Sammen med vores venner i Nunca M\u00e1s inviterer AiiA til en sp\u00e6ndende debataften om Colombia i lokale 22.0.11 p\u00e5 KUA, torsdag d. 23. november kl. 17-19. Der er nu g\u00e5et mere end et \u00e5r siden Gustavo Petro valgtes som Colombias f\u00f8rste venstreorienterede pr\u00e6sident. Hvordan er det g\u00e5et med de sociale reformer, fredsforhandlingerne, naturbeskyttelsen og meget [&hellip;]","og_url":"https:\/\/uniavisen.dk\/en\/event\/debataften-om-colombia\/","og_site_name":"University Post","article_publisher":"https:\/\/www.facebook.com\/uniavis","twitter_card":"summary_large_image","twitter_site":"@Uniavisen","twitter_misc":{"Est. reading time":"1 minute"},"schema":{"@context":"https:\/\/schema.org","@graph":[{"@type":"WebPage","@id":"https:\/\/uniavisen.dk\/en\/event\/debataften-om-colombia\/","url":"https:\/\/uniavisen.dk\/en\/event\/debataften-om-colombia\/","name":"DEBATAFTEN OM COLOMBIA","isPartOf":{"@id":"https:\/\/uniavisen.dk\/#website"},"primaryImageOfPage":{"@id":"https:\/\/uniavisen.dk\/en\/event\/debataften-om-colombia\/#primaryimage"},"image":{"@id":"https:\/\/uniavisen.dk\/en\/event\/debataften-om-colombia\/#primaryimage"},"thumbnailUrl":"https:\/\/uniavisen.dk\/wp-content\/uploads\/2023\/11\/1-1.jpg","datePublished":"2023-11-21T15:07:49+00:00","breadcrumb":{"@id":"https:\/\/uniavisen.dk\/en\/event\/debataften-om-colombia\/#breadcrumb"},"inLanguage":"en-US","potentialAction":[{"@type":"ReadAction","target":["https:\/\/uniavisen.dk\/en\/event\/debataften-om-colombia\/"]}]},{"@type":"ImageObject","inLanguage":"en-US","@id":"https:\/\/uniavisen.dk\/en\/event\/debataften-om-colombia\/#primaryimage","url":"https:\/\/uniavisen.dk\/wp-content\/uploads\/2023\/11\/1-1.jpg","contentUrl":"https:\/\/uniavisen.dk\/wp-content\/uploads\/2023\/11\/1-1.jpg","width":2048,"height":1361},{"@type":"BreadcrumbList","@id":"https:\/\/uniavisen.dk\/en\/event\/debataften-om-colombia\/#breadcrumb","itemListElement":[{"@type":"ListItem","position":1,"name":"Home","item":"https:\/\/uniavisen.dk\/en\/"},{"@type":"ListItem","position":2,"name":"Events","item":"https:\/\/uniavisen.dk\/event\/"},{"@type":"ListItem","position":3,"name":"DEBATAFTEN OM COLOMBIA"}]},{"@type":"WebSite","@id":"https:\/\/uniavisen.dk\/#website","url":"https:\/\/uniavisen.dk\/","name":"University Post","description":"Independent of management","potentialAction":[{"@type":"SearchAction","target":{"@type":"EntryPoint","urlTemplate":"https:\/\/uniavisen.dk\/?s={search_term_string}"},"query-input":{"@type":"PropertyValueSpecification","valueRequired":true,"valueName":"search_term_string"}}],"inLanguage":"en-US"}]}},"advancedCustomFields":{"event_category":{"term_id":135,"name":"Debate","slug":"debate","term_group":0,"term_taxonomy_id":135,"taxonomy":"event_category","description":"","parent":0,"count":31,"filter":"raw"},"start":"2023-11-23 17:00:00","add_end_time":true,"end":"2023-11-23 19:00:00","location":"S\u00f8ndre Campus, Lokale 22.0.11, Emil Holms Kanal 2, 2300 K\u00f8benhavn S","host_name":"Det Interkulturelle Akademi (AiiA) og Nunca M\u00e1s - International Network for Human Rights and Psycho-social","ticket_link":"","event_is_free":true,"event_poster":{"ID":157452,"id":157452,"title":"1-1.jpg","filename":"1-1.jpg","filesize":325000,"url":"https:\/\/uniavisen.dk\/wp-content\/uploads\/2023\/11\/1-1.jpg","link":"https:\/\/uniavisen.dk\/en\/event\/debataften-om-colombia\/1-1-jpg\/","alt":"","author":"0","description":"","caption":"","name":"1-1-jpg","status":"inherit","uploaded_to":157451,"date":"2023-11-21 15:07:49","modified":"2023-11-21 15:07:50","menu_order":0,"mime_type":"image\/jpeg","type":"image","subtype":"jpeg","icon":"https:\/\/uniavisen.dk\/wp-includes\/images\/media\/default.png","width":2048,"height":1361,"sizes":{"thumbnail":"https:\/\/uniavisen.dk\/wp-content\/uploads\/2023\/11\/1-1-150x150.jpg","thumbnail-width":150,"thumbnail-height":150,"medium":"https:\/\/uniavisen.dk\/wp-content\/uploads\/2023\/11\/1-1-480x319.jpg","medium-width":480,"medium-height":319,"medium_large":"https:\/\/uniavisen.dk\/wp-content\/uploads\/2023\/11\/1-1-768x510.jpg","medium_large-width":768,"medium_large-height":510,"large":"https:\/\/uniavisen.dk\/wp-content\/uploads\/2023\/11\/1-1-1280x851.jpg","large-width":1280,"large-height":851,"1536x1536":"https:\/\/uniavisen.dk\/wp-content\/uploads\/2023\/11\/1-1-1536x1021.jpg","1536x1536-width":1536,"1536x1536-height":1021,"2048x2048":"https:\/\/uniavisen.dk\/wp-content\/uploads\/2023\/11\/1-1.jpg","2048x2048-width":2048,"2048x2048-height":1361,"featured-soft":"https:\/\/uniavisen.dk\/wp-content\/uploads\/2023\/11\/1-1-290x193.jpg","featured-soft-width":290,"featured-soft-height":193,"featured-hard":"https:\/\/uniavisen.dk\/wp-content\/uploads\/2023\/11\/1-1-290x180.jpg","featured-hard-width":290,"featured-hard-height":180,"narrow":"https:\/\/uniavisen.dk\/wp-content\/uploads\/2023\/11\/1-1-700x465.jpg","narrow-width":700,"narrow-height":465,"extended":"https:\/\/uniavisen.dk\/wp-content\/uploads\/2023\/11\/1-1-990x658.jpg","extended-width":990,"extended-height":658}},"short_description":"Debate \u2014 Hvad er status efter godt halvandet \u00e5r med Gustavo Petro? Vi vender situationen med opl\u00e6g og efterf\u00f8lgende debat.\r\n\r\n","old_url":""},"_links":{"self":[{"href":"https:\/\/uniavisen.dk\/en\/wp-json\/wp\/v2\/events\/157451","targetHints":{"allow":["GET"]}}],"collection":[{"href":"https:\/\/uniavisen.dk\/en\/wp-json\/wp\/v2\/events"}],"about":[{"href":"https:\/\/uniavisen.dk\/en\/wp-json\/wp\/v2\/types\/event"}],"version-history":[{"count":0,"href":"https:\/\/uniavisen.dk\/en\/wp-json\/wp\/v2\/events\/157451\/revisions"}],"wp:featuredmedia":[{"embeddable":true,"href":"https:\/\/uniavisen.dk\/en\/wp-json\/wp\/v2\/media\/157452"}],"wp:attachment":[{"href":"https:\/\/uniavisen.dk\/en\/wp-json\/wp\/v2\/media?parent=157451"}],"curies":[{"name":"wp","href":"https:\/\/api.w.org\/{rel}","templated":true}]}}

<p>Sammen med vores venner i<strong> Nunca Más</strong> inviterer <strong>AiiA</strong> til en spændende debataften om Colombia i lokale 22.0.11 på KUA, torsdag d. 23. november kl. 17-19.<br />
Der er nu gået mere end et år siden Gustavo Petro valgtes som Colombias første venstreorienterede præsident.<em> Hvordan er det gået med de sociale reformer, fredsforhandlingerne, naturbeskyttelsen og meget andet, og hvilke udfordringer står regeringen med i den kommende tid?</em><br />
Vi starter med oplæg og tager derefter en debat.<br />
<strong>Oplægsholdere:</strong><br />
<strong>Mogens Pedersen</strong> – Forhv. ambassadør i Colombia og tidl. senioranalytiker i Dansk Institut for Internationale Studier (DIIS)<br />
<strong>Merete Hansen</strong> – International konsulent med særligt fokus på konfliktanalyse, menneskerettigheder og udviklings- og humanitær resultatbaseret programledelse med mere end 25 års erfaring fra Latinamerika.<br />
<strong>Thomas Jazrawi </strong>– cand. scient. pol. fra Københavns Universitet med særlig viden om klimaforandringer, biodiversitet og miljøpolitik i en international kontekst. Tidligere miljø- og klimaredaktør ved Globalnyt.<br />
Kom og deltag. Vi glæder os til at se je</p>

<p>Sammen med vores venner i Nunca Más inviterer AiiA til en spændende debataften om Colombia i lokale 22.0.11 på KUA, torsdag d. 23. november kl. 17-19. Der er nu gået mere end et år siden Gustavo Petro valgtes som Colombias første venstreorienterede præsident. Hvordan er det gået med de sociale reformer, fredsforhandlingerne, naturbeskyttelsen og meget [&hellip;]</p>

<!-- This site is optimized with the Yoast SEO plugin v27.5 - https://yoast.com/product/yoast-seo-wordpress/ -->
<title>DEBATAFTEN OM COLOMBIA</title>
<meta name="robots" content="index, follow, max-snippet:-1, max-image-preview:large, max-video-preview:-1" />
<link rel="canonical" href="https://uniavisen.dk/en/event/debataften-om-colombia/" />
<meta property="og:locale" content="en_US" />
<meta property="og:type" content="article" />
<meta property="og:title" content="DEBATAFTEN OM COLOMBIA" />
<meta property="og:description" content="Sammen med vores venner i Nunca Más inviterer AiiA til en spændende debataften om Colombia i lokale 22.0.11 på KUA, torsdag d. 23. november kl. 17-19. Der er nu gået mere end et år siden Gustavo Petro valgtes som Colombias første venstreorienterede præsident. Hvordan er det gået med de sociale reformer, fredsforhandlingerne, naturbeskyttelsen og meget [&hellip;]" />
<meta property="og:url" content="https://uniavisen.dk/en/event/debataften-om-colombia/" />
<meta property="og:site_name" content="University Post" />
<meta property="article:publisher" content="https://www.facebook.com/uniavis" />
<meta name="twitter:card" content="summary_large_image" />
<meta name="twitter:site" content="@Uniavisen" />
<meta name="twitter:label1" content="Est. reading time" />
	<meta name="twitter:data1" content="1 minute" />
<script type="application/ld+json" class="yoast-schema-graph">{"@context":"https:\/\/schema.org","@graph":[{"@type":"WebPage","@id":"https:\/\/uniavisen.dk\/en\/event\/debataften-om-colombia\/","url":"https:\/\/uniavisen.dk\/en\/event\/debataften-om-colombia\/","name":"DEBATAFTEN OM COLOMBIA","isPartOf":{"@id":"https:\/\/uniavisen.dk\/#website"},"primaryImageOfPage":{"@id":"https:\/\/uniavisen.dk\/en\/event\/debataften-om-colombia\/#primaryimage"},"image":{"@id":"https:\/\/uniavisen.dk\/en\/event\/debataften-om-colombia\/#primaryimage"},"thumbnailUrl":"https:\/\/uniavisen.dk\/wp-content\/uploads\/2023\/11\/1-1.jpg","datePublished":"2023-11-21T15:07:49+00:00","breadcrumb":{"@id":"https:\/\/uniavisen.dk\/en\/event\/debataften-om-colombia\/#breadcrumb"},"inLanguage":"en-US","potentialAction":[{"@type":"ReadAction","target":["https:\/\/uniavisen.dk\/en\/event\/debataften-om-colombia\/"]}]},{"@type":"ImageObject","inLanguage":"en-US","@id":"https:\/\/uniavisen.dk\/en\/event\/debataften-om-colombia\/#primaryimage","url":"https:\/\/uniavisen.dk\/wp-content\/uploads\/2023\/11\/1-1.jpg","contentUrl":"https:\/\/uniavisen.dk\/wp-content\/uploads\/2023\/11\/1-1.jpg","width":2048,"height":1361},{"@type":"BreadcrumbList","@id":"https:\/\/uniavisen.dk\/en\/event\/debataften-om-colombia\/#breadcrumb","itemListElement":[{"@type":"ListItem","position":1,"name":"Home","item":"https:\/\/uniavisen.dk\/en\/"},{"@type":"ListItem","position":2,"name":"Events","item":"https:\/\/uniavisen.dk\/event\/"},{"@type":"ListItem","position":3,"name":"DEBATAFTEN OM COLOMBIA"}]},{"@type":"WebSite","@id":"https:\/\/uniavisen.dk\/#website","url":"https:\/\/uniavisen.dk\/","name":"University Post","description":"Independent of management","potentialAction":[{"@type":"SearchAction","target":{"@type":"EntryPoint","urlTemplate":"https:\/\/uniavisen.dk\/?s={search_term_string}"},"query-input":{"@type":"PropertyValueSpecification","valueRequired":true,"valueName":"search_term_string"}}],"inLanguage":"en-US"}]}</script>
<!-- / Yoast SEO plugin. -->

Sammen med vores venner i Nunca Más inviterer AiiA til en spændende debataften om Colombia i lokale 22.0.11 på KUA, torsdag d. 23. november kl. 17-19. Der er nu gået mere end et år siden Gustavo Petro valgtes som Colombias første venstreorienterede præsident. Hvordan er det gået med de sociale reformer, fredsforhandlingerne, naturbeskyttelsen og meget [&hellip;]

Søndre Campus, Lokale 22.0.11, Emil Holms Kanal 2, 2300 København S

Det Interkulturelle Akademi (AiiA) og Nunca Más - International Network for Human Rights and Psycho-social

Debate — Hvad er status efter godt halvandet år med Gustavo Petro? Vi vender situationen med oplæg og efterfølgende debat.
