
{"id":42633,"date":"2017-01-24T10:50:19","date_gmt":"2017-01-24T10:50:19","guid":{"rendered":"https:\/\/uniavisendk.preprod.plant.dk\/?post_type=event&#038;p=42633"},"modified":"2017-01-25T12:52:09","modified_gmt":"2017-01-25T11:52:09","slug":"fortolkningens-historie-mands-minde-et-eksegetisk-interview","status":"publish","type":"event","link":"https:\/\/uniavisen.dk\/en\/event\/fortolkningens-historie-mands-minde-et-eksegetisk-interview\/","title":{"rendered":"Fortolkningens historie i mands minde \u2013 et eksegetisk interview"},"content":{"rendered":"<p>Jesper H\u00f8genhaven interviewer Mogens M\u00fcller, der g\u00e5r af i for\u00e5rssemestret 2017 efter at have v\u00e6ret professor i Det Nye Testamentes eksegese siden 1982.<\/p>\n<p>Foredraget finder sted kl. 19.30<\/p>\n<p>Entr\u00e9 kr. 25 per enkeltforedrag. Medlemskab (dvs. entr\u00e9 til alle foredrag i semesteret) kr. 50 per semester for studenter og pensionister, kr. 75 for \u00f8vrige.<\/p>\n<p><strong>NB: vi tager kun imod kontanter.<\/strong><\/p>\n","protected":false},"excerpt":{"rendered":"<p>Aftenforedrag i Teologisk Forening v. professor, dr.theol. Mogens M\u00fcller og professor, dr.theol. Jesper H\u00f8genhaven: \u2019Fortolkningens historie i mands minde \u2013 et eksegetisk interview\u2019<\/p>\n","protected":false},"author":10,"featured_media":42826,"template":"","class_list":["post-42633","event","type-event","status-publish","has-post-thumbnail","hentry","event_category-foredrag"],"acf":[],"aioseo_notices":[],"yoast_head":"<!-- This site is optimized with the Yoast SEO plugin v27.5 - https:\/\/yoast.com\/product\/yoast-seo-wordpress\/ -->\n<title>Fortolkningens historie i mands minde \u2013 et eksegetisk interview<\/title>\n<meta name=\"robots\" content=\"index, follow, max-snippet:-1, max-image-preview:large, max-video-preview:-1\" \/>\n<link rel=\"canonical\" href=\"https:\/\/uniavisen.dk\/en\/event\/fortolkningens-historie-mands-minde-et-eksegetisk-interview\/\" \/>\n<meta property=\"og:locale\" content=\"en_US\" \/>\n<meta property=\"og:type\" content=\"article\" \/>\n<meta property=\"og:title\" content=\"Fortolkningens historie i mands minde \u2013 et eksegetisk interview\" \/>\n<meta property=\"og:description\" content=\"Aftenforedrag i Teologisk Forening v. professor, dr.theol. Mogens M\u00fcller og professor, dr.theol. Jesper H\u00f8genhaven: \u2019Fortolkningens historie i mands minde \u2013 et eksegetisk interview\u2019\" \/>\n<meta property=\"og:url\" content=\"https:\/\/uniavisen.dk\/en\/event\/fortolkningens-historie-mands-minde-et-eksegetisk-interview\/\" \/>\n<meta property=\"og:site_name\" content=\"University Post\" \/>\n<meta property=\"article:publisher\" content=\"https:\/\/www.facebook.com\/uniavis\" \/>\n<meta property=\"article:modified_time\" content=\"2017-01-25T11:52:09+00:00\" \/>\n<meta property=\"og:image\" content=\"https:\/\/uniavisen.dk\/wp-content\/uploads\/2017\/01\/mogensmller.jpg\" \/>\n\t<meta property=\"og:image:width\" content=\"620\" \/>\n\t<meta property=\"og:image:height\" content=\"344\" \/>\n\t<meta property=\"og:image:type\" content=\"image\/jpeg\" \/>\n<meta name=\"twitter:card\" content=\"summary_large_image\" \/>\n<meta name=\"twitter:site\" content=\"@Uniavisen\" \/>\n<script type=\"application\/ld+json\" class=\"yoast-schema-graph\">{\"@context\":\"https:\\\/\\\/schema.org\",\"@graph\":[{\"@type\":\"WebPage\",\"@id\":\"https:\\\/\\\/uniavisen.dk\\\/en\\\/event\\\/fortolkningens-historie-mands-minde-et-eksegetisk-interview\\\/\",\"url\":\"https:\\\/\\\/uniavisen.dk\\\/en\\\/event\\\/fortolkningens-historie-mands-minde-et-eksegetisk-interview\\\/\",\"name\":\"Fortolkningens historie i mands minde \u2013 et eksegetisk interview\",\"isPartOf\":{\"@id\":\"https:\\\/\\\/uniavisen.dk\\\/#website\"},\"primaryImageOfPage\":{\"@id\":\"https:\\\/\\\/uniavisen.dk\\\/en\\\/event\\\/fortolkningens-historie-mands-minde-et-eksegetisk-interview\\\/#primaryimage\"},\"image\":{\"@id\":\"https:\\\/\\\/uniavisen.dk\\\/en\\\/event\\\/fortolkningens-historie-mands-minde-et-eksegetisk-interview\\\/#primaryimage\"},\"thumbnailUrl\":\"https:\\\/\\\/uniavisen.dk\\\/wp-content\\\/uploads\\\/2017\\\/01\\\/mogensmller.jpg\",\"datePublished\":\"2017-01-24T10:50:19+00:00\",\"dateModified\":\"2017-01-25T11:52:09+00:00\",\"breadcrumb\":{\"@id\":\"https:\\\/\\\/uniavisen.dk\\\/en\\\/event\\\/fortolkningens-historie-mands-minde-et-eksegetisk-interview\\\/#breadcrumb\"},\"inLanguage\":\"en-US\",\"potentialAction\":[{\"@type\":\"ReadAction\",\"target\":[\"https:\\\/\\\/uniavisen.dk\\\/en\\\/event\\\/fortolkningens-historie-mands-minde-et-eksegetisk-interview\\\/\"]}]},{\"@type\":\"ImageObject\",\"inLanguage\":\"en-US\",\"@id\":\"https:\\\/\\\/uniavisen.dk\\\/en\\\/event\\\/fortolkningens-historie-mands-minde-et-eksegetisk-interview\\\/#primaryimage\",\"url\":\"https:\\\/\\\/uniavisen.dk\\\/wp-content\\\/uploads\\\/2017\\\/01\\\/mogensmller.jpg\",\"contentUrl\":\"https:\\\/\\\/uniavisen.dk\\\/wp-content\\\/uploads\\\/2017\\\/01\\\/mogensmller.jpg\",\"width\":620,\"height\":344,\"caption\":\"Mogens M\u00fcller\"},{\"@type\":\"BreadcrumbList\",\"@id\":\"https:\\\/\\\/uniavisen.dk\\\/en\\\/event\\\/fortolkningens-historie-mands-minde-et-eksegetisk-interview\\\/#breadcrumb\",\"itemListElement\":[{\"@type\":\"ListItem\",\"position\":1,\"name\":\"Home\",\"item\":\"https:\\\/\\\/uniavisen.dk\\\/en\\\/\"},{\"@type\":\"ListItem\",\"position\":2,\"name\":\"Events\",\"item\":\"https:\\\/\\\/uniavisen.dk\\\/event\\\/\"},{\"@type\":\"ListItem\",\"position\":3,\"name\":\"Fortolkningens historie i mands minde \u2013 et eksegetisk interview\"}]},{\"@type\":\"WebSite\",\"@id\":\"https:\\\/\\\/uniavisen.dk\\\/#website\",\"url\":\"https:\\\/\\\/uniavisen.dk\\\/\",\"name\":\"University Post\",\"description\":\"Independent of management\",\"potentialAction\":[{\"@type\":\"SearchAction\",\"target\":{\"@type\":\"EntryPoint\",\"urlTemplate\":\"https:\\\/\\\/uniavisen.dk\\\/?s={search_term_string}\"},\"query-input\":{\"@type\":\"PropertyValueSpecification\",\"valueRequired\":true,\"valueName\":\"search_term_string\"}}],\"inLanguage\":\"en-US\"}]}<\/script>\n<!-- \/ Yoast SEO plugin. -->","yoast_head_json":{"title":"Fortolkningens historie i mands minde \u2013 et eksegetisk interview","robots":{"index":"index","follow":"follow","max-snippet":"max-snippet:-1","max-image-preview":"max-image-preview:large","max-video-preview":"max-video-preview:-1"},"canonical":"https:\/\/uniavisen.dk\/en\/event\/fortolkningens-historie-mands-minde-et-eksegetisk-interview\/","og_locale":"en_US","og_type":"article","og_title":"Fortolkningens historie i mands minde \u2013 et eksegetisk interview","og_description":"Aftenforedrag i Teologisk Forening v. professor, dr.theol. Mogens M\u00fcller og professor, dr.theol. Jesper H\u00f8genhaven: \u2019Fortolkningens historie i mands minde \u2013 et eksegetisk interview\u2019","og_url":"https:\/\/uniavisen.dk\/en\/event\/fortolkningens-historie-mands-minde-et-eksegetisk-interview\/","og_site_name":"University Post","article_publisher":"https:\/\/www.facebook.com\/uniavis","article_modified_time":"2017-01-25T11:52:09+00:00","og_image":[{"width":620,"height":344,"url":"https:\/\/uniavisen.dk\/wp-content\/uploads\/2017\/01\/mogensmller.jpg","type":"image\/jpeg"}],"twitter_card":"summary_large_image","twitter_site":"@Uniavisen","schema":{"@context":"https:\/\/schema.org","@graph":[{"@type":"WebPage","@id":"https:\/\/uniavisen.dk\/en\/event\/fortolkningens-historie-mands-minde-et-eksegetisk-interview\/","url":"https:\/\/uniavisen.dk\/en\/event\/fortolkningens-historie-mands-minde-et-eksegetisk-interview\/","name":"Fortolkningens historie i mands minde \u2013 et eksegetisk interview","isPartOf":{"@id":"https:\/\/uniavisen.dk\/#website"},"primaryImageOfPage":{"@id":"https:\/\/uniavisen.dk\/en\/event\/fortolkningens-historie-mands-minde-et-eksegetisk-interview\/#primaryimage"},"image":{"@id":"https:\/\/uniavisen.dk\/en\/event\/fortolkningens-historie-mands-minde-et-eksegetisk-interview\/#primaryimage"},"thumbnailUrl":"https:\/\/uniavisen.dk\/wp-content\/uploads\/2017\/01\/mogensmller.jpg","datePublished":"2017-01-24T10:50:19+00:00","dateModified":"2017-01-25T11:52:09+00:00","breadcrumb":{"@id":"https:\/\/uniavisen.dk\/en\/event\/fortolkningens-historie-mands-minde-et-eksegetisk-interview\/#breadcrumb"},"inLanguage":"en-US","potentialAction":[{"@type":"ReadAction","target":["https:\/\/uniavisen.dk\/en\/event\/fortolkningens-historie-mands-minde-et-eksegetisk-interview\/"]}]},{"@type":"ImageObject","inLanguage":"en-US","@id":"https:\/\/uniavisen.dk\/en\/event\/fortolkningens-historie-mands-minde-et-eksegetisk-interview\/#primaryimage","url":"https:\/\/uniavisen.dk\/wp-content\/uploads\/2017\/01\/mogensmller.jpg","contentUrl":"https:\/\/uniavisen.dk\/wp-content\/uploads\/2017\/01\/mogensmller.jpg","width":620,"height":344,"caption":"Mogens M\u00fcller"},{"@type":"BreadcrumbList","@id":"https:\/\/uniavisen.dk\/en\/event\/fortolkningens-historie-mands-minde-et-eksegetisk-interview\/#breadcrumb","itemListElement":[{"@type":"ListItem","position":1,"name":"Home","item":"https:\/\/uniavisen.dk\/en\/"},{"@type":"ListItem","position":2,"name":"Events","item":"https:\/\/uniavisen.dk\/event\/"},{"@type":"ListItem","position":3,"name":"Fortolkningens historie i mands minde \u2013 et eksegetisk interview"}]},{"@type":"WebSite","@id":"https:\/\/uniavisen.dk\/#website","url":"https:\/\/uniavisen.dk\/","name":"University Post","description":"Independent of management","potentialAction":[{"@type":"SearchAction","target":{"@type":"EntryPoint","urlTemplate":"https:\/\/uniavisen.dk\/?s={search_term_string}"},"query-input":{"@type":"PropertyValueSpecification","valueRequired":true,"valueName":"search_term_string"}}],"inLanguage":"en-US"}]}},"advancedCustomFields":{"event_category":{"term_id":73,"name":"Foredrag","slug":"foredrag","term_group":0,"term_taxonomy_id":73,"taxonomy":"event_category","description":"","parent":0,"count":845,"filter":"raw"},"start":"2017-02-28 19:30:00","add_end_time":false,"location":"lokale 9A.0.01, Det Teologiske Fakultet, Karen Blixens Plads 16, 2300 K\u00f8benhavn S","host_name":"Teologisk Forening","ticket_link":"","event_is_free":false,"event_price":"Entr\u00e9 kr. 25 per enkeltforedrag. Medlemskab (dvs. entr\u00e9 til alle foredrag i semesteret) kr. 50 per semester for studenter og pensionister, kr. 75 for \u00f8vrige.","event_poster":{"ID":42826,"id":42826,"title":"Mogens M\u00fcller","filename":"mogensmller.jpg","filesize":25029,"url":"https:\/\/uniavisen.dk\/wp-content\/uploads\/2017\/01\/mogensmller.jpg","link":"https:\/\/uniavisen.dk\/en\/event\/fortolkningens-historie-mands-minde-et-eksegetisk-interview\/mogens-mueller\/","alt":"Mogens M\u00fcller","author":"5","description":"Mogens M\u00fcller","caption":"Mogens M\u00fcller","name":"mogens-mueller","status":"inherit","uploaded_to":42633,"date":"2017-01-25 11:49:11","modified":"2017-01-25 11:51:48","menu_order":0,"mime_type":"image\/jpeg","type":"image","subtype":"jpeg","icon":"https:\/\/uniavisen.dk\/wp-includes\/images\/media\/default.png","width":620,"height":344,"sizes":{"thumbnail":"https:\/\/uniavisen.dk\/wp-content\/uploads\/2017\/01\/mogensmller-150x150.jpg","thumbnail-width":150,"thumbnail-height":150,"medium":"https:\/\/uniavisen.dk\/wp-content\/uploads\/2017\/01\/mogensmller-480x266.jpg","medium-width":480,"medium-height":266,"medium_large":"https:\/\/uniavisen.dk\/wp-content\/uploads\/2017\/01\/mogensmller.jpg","medium_large-width":620,"medium_large-height":344,"large":"https:\/\/uniavisen.dk\/wp-content\/uploads\/2017\/01\/mogensmller.jpg","large-width":620,"large-height":344,"1536x1536":"https:\/\/uniavisen.dk\/wp-content\/uploads\/2017\/01\/mogensmller.jpg","1536x1536-width":620,"1536x1536-height":344,"2048x2048":"https:\/\/uniavisen.dk\/wp-content\/uploads\/2017\/01\/mogensmller.jpg","2048x2048-width":620,"2048x2048-height":344,"featured-soft":"https:\/\/uniavisen.dk\/wp-content\/uploads\/2017\/01\/mogensmller-290x161.jpg","featured-soft-width":290,"featured-soft-height":161,"featured-hard":"https:\/\/uniavisen.dk\/wp-content\/uploads\/2017\/01\/mogensmller-290x180.jpg","featured-hard-width":290,"featured-hard-height":180,"narrow":"https:\/\/uniavisen.dk\/wp-content\/uploads\/2017\/01\/mogensmller.jpg","narrow-width":620,"narrow-height":344,"extended":"https:\/\/uniavisen.dk\/wp-content\/uploads\/2017\/01\/mogensmller.jpg","extended-width":620,"extended-height":344}},"short_description":"Aftenforedrag i Teologisk Forening v. professor, dr.theol. Mogens M\u00fcller og professor, dr.theol. Jesper H\u00f8genhaven: \u2019Fortolkningens historie i mands minde \u2013 et eksegetisk interview\u2019","old_url":"http:\/\/universitetsavisen.dk\/kalender\/fortolkningens-historie-i-mands-minde-et-eksegetisk-interview"},"_links":{"self":[{"href":"https:\/\/uniavisen.dk\/en\/wp-json\/wp\/v2\/events\/42633","targetHints":{"allow":["GET"]}}],"collection":[{"href":"https:\/\/uniavisen.dk\/en\/wp-json\/wp\/v2\/events"}],"about":[{"href":"https:\/\/uniavisen.dk\/en\/wp-json\/wp\/v2\/types\/event"}],"author":[{"embeddable":true,"href":"https:\/\/uniavisen.dk\/en\/wp-json\/wp\/v2\/users\/10"}],"version-history":[{"count":2,"href":"https:\/\/uniavisen.dk\/en\/wp-json\/wp\/v2\/events\/42633\/revisions"}],"predecessor-version":[{"id":42828,"href":"https:\/\/uniavisen.dk\/en\/wp-json\/wp\/v2\/events\/42633\/revisions\/42828"}],"wp:featuredmedia":[{"embeddable":true,"href":"https:\/\/uniavisen.dk\/en\/wp-json\/wp\/v2\/media\/42826"}],"wp:attachment":[{"href":"https:\/\/uniavisen.dk\/en\/wp-json\/wp\/v2\/media?parent=42633"}],"curies":[{"name":"wp","href":"https:\/\/api.w.org\/{rel}","templated":true}]}}

<p>Jesper Høgenhaven interviewer Mogens Müller, der går af i forårssemestret 2017 efter at have været professor i Det Nye Testamentes eksegese siden 1982.</p>
<p>Foredraget finder sted kl. 19.30</p>
<p>Entré kr. 25 per enkeltforedrag. Medlemskab (dvs. entré til alle foredrag i semesteret) kr. 50 per semester for studenter og pensionister, kr. 75 for øvrige.</p>
<p><strong>NB: vi tager kun imod kontanter.</strong></p>

<p>Aftenforedrag i Teologisk Forening v. professor, dr.theol. Mogens Müller og professor, dr.theol. Jesper Høgenhaven: ’Fortolkningens historie i mands minde – et eksegetisk interview’</p>

<!-- This site is optimized with the Yoast SEO plugin v27.5 - https://yoast.com/product/yoast-seo-wordpress/ -->
<title>Fortolkningens historie i mands minde – et eksegetisk interview</title>
<meta name="robots" content="index, follow, max-snippet:-1, max-image-preview:large, max-video-preview:-1" />
<link rel="canonical" href="https://uniavisen.dk/en/event/fortolkningens-historie-mands-minde-et-eksegetisk-interview/" />
<meta property="og:locale" content="en_US" />
<meta property="og:type" content="article" />
<meta property="og:title" content="Fortolkningens historie i mands minde – et eksegetisk interview" />
<meta property="og:description" content="Aftenforedrag i Teologisk Forening v. professor, dr.theol. Mogens Müller og professor, dr.theol. Jesper Høgenhaven: ’Fortolkningens historie i mands minde – et eksegetisk interview’" />
<meta property="og:url" content="https://uniavisen.dk/en/event/fortolkningens-historie-mands-minde-et-eksegetisk-interview/" />
<meta property="og:site_name" content="University Post" />
<meta property="article:publisher" content="https://www.facebook.com/uniavis" />
<meta property="article:modified_time" content="2017-01-25T11:52:09+00:00" />
<meta property="og:image" content="https://uniavisen.dk/wp-content/uploads/2017/01/mogensmller.jpg" />
	<meta property="og:image:width" content="620" />
	<meta property="og:image:height" content="344" />
	<meta property="og:image:type" content="image/jpeg" />
<meta name="twitter:card" content="summary_large_image" />
<meta name="twitter:site" content="@Uniavisen" />
<script type="application/ld+json" class="yoast-schema-graph">{"@context":"https:\/\/schema.org","@graph":[{"@type":"WebPage","@id":"https:\/\/uniavisen.dk\/en\/event\/fortolkningens-historie-mands-minde-et-eksegetisk-interview\/","url":"https:\/\/uniavisen.dk\/en\/event\/fortolkningens-historie-mands-minde-et-eksegetisk-interview\/","name":"Fortolkningens historie i mands minde – et eksegetisk interview","isPartOf":{"@id":"https:\/\/uniavisen.dk\/#website"},"primaryImageOfPage":{"@id":"https:\/\/uniavisen.dk\/en\/event\/fortolkningens-historie-mands-minde-et-eksegetisk-interview\/#primaryimage"},"image":{"@id":"https:\/\/uniavisen.dk\/en\/event\/fortolkningens-historie-mands-minde-et-eksegetisk-interview\/#primaryimage"},"thumbnailUrl":"https:\/\/uniavisen.dk\/wp-content\/uploads\/2017\/01\/mogensmller.jpg","datePublished":"2017-01-24T10:50:19+00:00","dateModified":"2017-01-25T11:52:09+00:00","breadcrumb":{"@id":"https:\/\/uniavisen.dk\/en\/event\/fortolkningens-historie-mands-minde-et-eksegetisk-interview\/#breadcrumb"},"inLanguage":"en-US","potentialAction":[{"@type":"ReadAction","target":["https:\/\/uniavisen.dk\/en\/event\/fortolkningens-historie-mands-minde-et-eksegetisk-interview\/"]}]},{"@type":"ImageObject","inLanguage":"en-US","@id":"https:\/\/uniavisen.dk\/en\/event\/fortolkningens-historie-mands-minde-et-eksegetisk-interview\/#primaryimage","url":"https:\/\/uniavisen.dk\/wp-content\/uploads\/2017\/01\/mogensmller.jpg","contentUrl":"https:\/\/uniavisen.dk\/wp-content\/uploads\/2017\/01\/mogensmller.jpg","width":620,"height":344,"caption":"Mogens Müller"},{"@type":"BreadcrumbList","@id":"https:\/\/uniavisen.dk\/en\/event\/fortolkningens-historie-mands-minde-et-eksegetisk-interview\/#breadcrumb","itemListElement":[{"@type":"ListItem","position":1,"name":"Home","item":"https:\/\/uniavisen.dk\/en\/"},{"@type":"ListItem","position":2,"name":"Events","item":"https:\/\/uniavisen.dk\/event\/"},{"@type":"ListItem","position":3,"name":"Fortolkningens historie i mands minde – et eksegetisk interview"}]},{"@type":"WebSite","@id":"https:\/\/uniavisen.dk\/#website","url":"https:\/\/uniavisen.dk\/","name":"University Post","description":"Independent of management","potentialAction":[{"@type":"SearchAction","target":{"@type":"EntryPoint","urlTemplate":"https:\/\/uniavisen.dk\/?s={search_term_string}"},"query-input":{"@type":"PropertyValueSpecification","valueRequired":true,"valueName":"search_term_string"}}],"inLanguage":"en-US"}]}</script>
<!-- / Yoast SEO plugin. -->

Aftenforedrag i Teologisk Forening v. professor, dr.theol. Mogens Müller og professor, dr.theol. Jesper Høgenhaven: ’Fortolkningens historie i mands minde – et eksegetisk interview’

Mogens Müller

lokale 9A.0.01, Det Teologiske Fakultet, Karen Blixens Plads 16, 2300 København S

Entré kr. 25 per enkeltforedrag. Medlemskab (dvs. entré til alle foredrag i semesteret) kr. 50 per semester for studenter og pensionister, kr. 75 for øvrige.
