
{"id":45858,"date":"2017-03-08T11:47:07","date_gmt":"2017-03-08T10:47:07","guid":{"rendered":"https:\/\/uniavisen.dk\/event\/kirsten-thorup-og-kristina-stoltz-i-samtale\/"},"modified":"2017-03-08T11:47:07","modified_gmt":"2017-03-08T10:47:07","slug":"kirsten-thorup-og-kristina-stoltz-i-samtale","status":"publish","type":"event","link":"https:\/\/uniavisen.dk\/en\/event\/kirsten-thorup-og-kristina-stoltz-i-samtale\/","title":{"rendered":"Kirsten Thorup og Kristina Stoltz i samtale"},"content":{"rendered":"<p>Kom til Litter\u00e6r samtale mellem to sp\u00e6ndende forfattere: Kirsten Thorup og Kristina Stoltz.<\/p>\n","protected":false},"excerpt":{"rendered":"<p>Kom til Litter\u00e6r samtale mellem to sp\u00e6ndende forfattere: Kirsten Thorup og Kristina Stoltz.<\/p>\n","protected":false},"author":0,"featured_media":0,"template":"","class_list":["post-45858","event","type-event","status-publish","hentry","event_category-foredrag"],"acf":[],"aioseo_notices":[],"yoast_head":"<!-- This site is optimized with the Yoast SEO plugin v27.5 - https:\/\/yoast.com\/product\/yoast-seo-wordpress\/ -->\n<title>Kirsten Thorup og Kristina Stoltz i samtale<\/title>\n<meta name=\"robots\" content=\"index, follow, max-snippet:-1, max-image-preview:large, max-video-preview:-1\" \/>\n<link rel=\"canonical\" href=\"https:\/\/uniavisen.dk\/en\/event\/kirsten-thorup-og-kristina-stoltz-i-samtale\/\" \/>\n<meta property=\"og:locale\" content=\"en_US\" \/>\n<meta property=\"og:type\" content=\"article\" \/>\n<meta property=\"og:title\" content=\"Kirsten Thorup og Kristina Stoltz i samtale\" \/>\n<meta property=\"og:description\" content=\"Kom til Litter\u00e6r samtale mellem to sp\u00e6ndende forfattere: Kirsten Thorup og Kristina Stoltz.\" \/>\n<meta property=\"og:url\" content=\"https:\/\/uniavisen.dk\/en\/event\/kirsten-thorup-og-kristina-stoltz-i-samtale\/\" \/>\n<meta property=\"og:site_name\" content=\"University Post\" \/>\n<meta property=\"article:publisher\" content=\"https:\/\/www.facebook.com\/uniavis\" \/>\n<meta name=\"twitter:card\" content=\"summary_large_image\" \/>\n<meta name=\"twitter:site\" content=\"@Uniavisen\" \/>\n<script type=\"application\/ld+json\" class=\"yoast-schema-graph\">{\"@context\":\"https:\\\/\\\/schema.org\",\"@graph\":[{\"@type\":\"WebPage\",\"@id\":\"https:\\\/\\\/uniavisen.dk\\\/en\\\/event\\\/kirsten-thorup-og-kristina-stoltz-i-samtale\\\/\",\"url\":\"https:\\\/\\\/uniavisen.dk\\\/en\\\/event\\\/kirsten-thorup-og-kristina-stoltz-i-samtale\\\/\",\"name\":\"Kirsten Thorup og Kristina Stoltz i samtale\",\"isPartOf\":{\"@id\":\"https:\\\/\\\/uniavisen.dk\\\/#website\"},\"datePublished\":\"2017-03-08T10:47:07+00:00\",\"breadcrumb\":{\"@id\":\"https:\\\/\\\/uniavisen.dk\\\/en\\\/event\\\/kirsten-thorup-og-kristina-stoltz-i-samtale\\\/#breadcrumb\"},\"inLanguage\":\"en-US\",\"potentialAction\":[{\"@type\":\"ReadAction\",\"target\":[\"https:\\\/\\\/uniavisen.dk\\\/en\\\/event\\\/kirsten-thorup-og-kristina-stoltz-i-samtale\\\/\"]}]},{\"@type\":\"BreadcrumbList\",\"@id\":\"https:\\\/\\\/uniavisen.dk\\\/en\\\/event\\\/kirsten-thorup-og-kristina-stoltz-i-samtale\\\/#breadcrumb\",\"itemListElement\":[{\"@type\":\"ListItem\",\"position\":1,\"name\":\"Home\",\"item\":\"https:\\\/\\\/uniavisen.dk\\\/en\\\/\"},{\"@type\":\"ListItem\",\"position\":2,\"name\":\"Events\",\"item\":\"https:\\\/\\\/uniavisen.dk\\\/event\\\/\"},{\"@type\":\"ListItem\",\"position\":3,\"name\":\"Kirsten Thorup og Kristina Stoltz i samtale\"}]},{\"@type\":\"WebSite\",\"@id\":\"https:\\\/\\\/uniavisen.dk\\\/#website\",\"url\":\"https:\\\/\\\/uniavisen.dk\\\/\",\"name\":\"University Post\",\"description\":\"Independent of management\",\"potentialAction\":[{\"@type\":\"SearchAction\",\"target\":{\"@type\":\"EntryPoint\",\"urlTemplate\":\"https:\\\/\\\/uniavisen.dk\\\/?s={search_term_string}\"},\"query-input\":{\"@type\":\"PropertyValueSpecification\",\"valueRequired\":true,\"valueName\":\"search_term_string\"}}],\"inLanguage\":\"en-US\"}]}<\/script>\n<!-- \/ Yoast SEO plugin. -->","yoast_head_json":{"title":"Kirsten Thorup og Kristina Stoltz i samtale","robots":{"index":"index","follow":"follow","max-snippet":"max-snippet:-1","max-image-preview":"max-image-preview:large","max-video-preview":"max-video-preview:-1"},"canonical":"https:\/\/uniavisen.dk\/en\/event\/kirsten-thorup-og-kristina-stoltz-i-samtale\/","og_locale":"en_US","og_type":"article","og_title":"Kirsten Thorup og Kristina Stoltz i samtale","og_description":"Kom til Litter\u00e6r samtale mellem to sp\u00e6ndende forfattere: Kirsten Thorup og Kristina Stoltz.","og_url":"https:\/\/uniavisen.dk\/en\/event\/kirsten-thorup-og-kristina-stoltz-i-samtale\/","og_site_name":"University Post","article_publisher":"https:\/\/www.facebook.com\/uniavis","twitter_card":"summary_large_image","twitter_site":"@Uniavisen","schema":{"@context":"https:\/\/schema.org","@graph":[{"@type":"WebPage","@id":"https:\/\/uniavisen.dk\/en\/event\/kirsten-thorup-og-kristina-stoltz-i-samtale\/","url":"https:\/\/uniavisen.dk\/en\/event\/kirsten-thorup-og-kristina-stoltz-i-samtale\/","name":"Kirsten Thorup og Kristina Stoltz i samtale","isPartOf":{"@id":"https:\/\/uniavisen.dk\/#website"},"datePublished":"2017-03-08T10:47:07+00:00","breadcrumb":{"@id":"https:\/\/uniavisen.dk\/en\/event\/kirsten-thorup-og-kristina-stoltz-i-samtale\/#breadcrumb"},"inLanguage":"en-US","potentialAction":[{"@type":"ReadAction","target":["https:\/\/uniavisen.dk\/en\/event\/kirsten-thorup-og-kristina-stoltz-i-samtale\/"]}]},{"@type":"BreadcrumbList","@id":"https:\/\/uniavisen.dk\/en\/event\/kirsten-thorup-og-kristina-stoltz-i-samtale\/#breadcrumb","itemListElement":[{"@type":"ListItem","position":1,"name":"Home","item":"https:\/\/uniavisen.dk\/en\/"},{"@type":"ListItem","position":2,"name":"Events","item":"https:\/\/uniavisen.dk\/event\/"},{"@type":"ListItem","position":3,"name":"Kirsten Thorup og Kristina Stoltz i samtale"}]},{"@type":"WebSite","@id":"https:\/\/uniavisen.dk\/#website","url":"https:\/\/uniavisen.dk\/","name":"University Post","description":"Independent of management","potentialAction":[{"@type":"SearchAction","target":{"@type":"EntryPoint","urlTemplate":"https:\/\/uniavisen.dk\/?s={search_term_string}"},"query-input":{"@type":"PropertyValueSpecification","valueRequired":true,"valueName":"search_term_string"}}],"inLanguage":"en-US"}]}},"advancedCustomFields":{"event_category":{"term_id":73,"name":"Foredrag","slug":"foredrag","term_group":0,"term_taxonomy_id":73,"taxonomy":"event_category","description":"","parent":0,"count":845,"filter":"raw"},"start":"2017-03-29 16:15:00","add_end_time":true,"end":"2017-03-29 17:15:00","location":"Drejers Klub, 1. sal.<br \/>\r\nK\u00f8benhavns Universitetsbibliotek, S\u00f8ndre Campus (tidligere Det Humanistiske Fakultetsbibliotek)<br \/>\r\nKaren Blixens Plads 7, 2300 KBH. S.<br \/>\r\n","host_name":"liT.House \/ KUB S\u00f8ndre campus","ticket_link":"","event_is_free":true,"event_poster":false,"short_description":"Kom til Litter\u00e6r samtale mellem to sp\u00e6ndende forfattere: Kirsten Thorup og Kristina Stoltz.","old_url":""},"_links":{"self":[{"href":"https:\/\/uniavisen.dk\/en\/wp-json\/wp\/v2\/events\/45858","targetHints":{"allow":["GET"]}}],"collection":[{"href":"https:\/\/uniavisen.dk\/en\/wp-json\/wp\/v2\/events"}],"about":[{"href":"https:\/\/uniavisen.dk\/en\/wp-json\/wp\/v2\/types\/event"}],"version-history":[{"count":0,"href":"https:\/\/uniavisen.dk\/en\/wp-json\/wp\/v2\/events\/45858\/revisions"}],"wp:attachment":[{"href":"https:\/\/uniavisen.dk\/en\/wp-json\/wp\/v2\/media?parent=45858"}],"curies":[{"name":"wp","href":"https:\/\/api.w.org\/{rel}","templated":true}]}}

<p>Kom til Litterær samtale mellem to spændende forfattere: Kirsten Thorup og Kristina Stoltz.</p>

<!-- This site is optimized with the Yoast SEO plugin v27.5 - https://yoast.com/product/yoast-seo-wordpress/ -->
<title>Kirsten Thorup og Kristina Stoltz i samtale</title>
<meta name="robots" content="index, follow, max-snippet:-1, max-image-preview:large, max-video-preview:-1" />
<link rel="canonical" href="https://uniavisen.dk/en/event/kirsten-thorup-og-kristina-stoltz-i-samtale/" />
<meta property="og:locale" content="en_US" />
<meta property="og:type" content="article" />
<meta property="og:title" content="Kirsten Thorup og Kristina Stoltz i samtale" />
<meta property="og:description" content="Kom til Litterær samtale mellem to spændende forfattere: Kirsten Thorup og Kristina Stoltz." />
<meta property="og:url" content="https://uniavisen.dk/en/event/kirsten-thorup-og-kristina-stoltz-i-samtale/" />
<meta property="og:site_name" content="University Post" />
<meta property="article:publisher" content="https://www.facebook.com/uniavis" />
<meta name="twitter:card" content="summary_large_image" />
<meta name="twitter:site" content="@Uniavisen" />
<script type="application/ld+json" class="yoast-schema-graph">{"@context":"https:\/\/schema.org","@graph":[{"@type":"WebPage","@id":"https:\/\/uniavisen.dk\/en\/event\/kirsten-thorup-og-kristina-stoltz-i-samtale\/","url":"https:\/\/uniavisen.dk\/en\/event\/kirsten-thorup-og-kristina-stoltz-i-samtale\/","name":"Kirsten Thorup og Kristina Stoltz i samtale","isPartOf":{"@id":"https:\/\/uniavisen.dk\/#website"},"datePublished":"2017-03-08T10:47:07+00:00","breadcrumb":{"@id":"https:\/\/uniavisen.dk\/en\/event\/kirsten-thorup-og-kristina-stoltz-i-samtale\/#breadcrumb"},"inLanguage":"en-US","potentialAction":[{"@type":"ReadAction","target":["https:\/\/uniavisen.dk\/en\/event\/kirsten-thorup-og-kristina-stoltz-i-samtale\/"]}]},{"@type":"BreadcrumbList","@id":"https:\/\/uniavisen.dk\/en\/event\/kirsten-thorup-og-kristina-stoltz-i-samtale\/#breadcrumb","itemListElement":[{"@type":"ListItem","position":1,"name":"Home","item":"https:\/\/uniavisen.dk\/en\/"},{"@type":"ListItem","position":2,"name":"Events","item":"https:\/\/uniavisen.dk\/event\/"},{"@type":"ListItem","position":3,"name":"Kirsten Thorup og Kristina Stoltz i samtale"}]},{"@type":"WebSite","@id":"https:\/\/uniavisen.dk\/#website","url":"https:\/\/uniavisen.dk\/","name":"University Post","description":"Independent of management","potentialAction":[{"@type":"SearchAction","target":{"@type":"EntryPoint","urlTemplate":"https:\/\/uniavisen.dk\/?s={search_term_string}"},"query-input":{"@type":"PropertyValueSpecification","valueRequired":true,"valueName":"search_term_string"}}],"inLanguage":"en-US"}]}</script>
<!-- / Yoast SEO plugin. -->

Kom til Litterær samtale mellem to spændende forfattere: Kirsten Thorup og Kristina Stoltz.

Drejers Klub, 1. sal.<br />
Københavns Universitetsbibliotek, Søndre Campus (tidligere Det Humanistiske Fakultetsbibliotek)<br />
Karen Blixens Plads 7, 2300 KBH. S.<br />

liT.House / KUB Søndre campus
