
{"id":64722,"date":"2018-03-01T12:37:49","date_gmt":"2018-03-01T11:37:49","guid":{"rendered":"https:\/\/uniavisen.dk\/event\/filosofisk-fugle-og-botaniktur\/"},"modified":"2018-03-01T12:37:49","modified_gmt":"2018-03-01T11:37:49","slug":"filosofisk-fugle-og-botaniktur","status":"publish","type":"event","link":"https:\/\/uniavisen.dk\/en\/event\/filosofisk-fugle-og-botaniktur\/","title":{"rendered":"Filosofisk fugle- og botaniktur"},"content":{"rendered":"<p>Vi inviterer p\u00e5 filosofisk fugle- og botaniktur med lektor i naturfilosofi Claus Emmeche, lektor ved biologisk institut Flemming Ekelund og studenterpr\u00e6st Nicolai Halvorsen.<\/p>\n<p>Den filosofiske fugle- og botaniktur g\u00e5r dette for\u00e5r til J\u00e6gerspris Nordskov p\u00e5 Hornsherred. Det er her man bl.a. kan finde Nordeuropas \u00e6ldste tr\u00e6 Kongeegen, som er ansl\u00e5et til at v\u00e6re mellem 1500 og 2000 \u00e5r gammelt. B\u00e5de skoven og strandengene ned mod Roskilde fjord er rigt p\u00e5 fugle- og planteliv. Man kan bl.a. v\u00e6re heldig at se hav\u00f8rn, som yngler i omr\u00e5det. Stedet egner sig glimrende til den g\u00e5ende filosoferen.<\/p>\n<p>Tag en pause fra l\u00e6sningen og inviter din studiekammerat med p\u00e5 en hyggelig tur, hvor du ogs\u00e5 kan m\u00f8de nye mennesker.<\/p>\n<p>M\u00f8detid og sted: L\u00f8rdag 14. april kl. 11.00 ved Skoven Kirke, Skovkirkevej 2, 3630 J\u00e6gerspris &#8211; p\u00e5 parkeringspladsen. Se facebookbegivenhed for rejsevejledning:\u00a0https:\/\/www.facebook.com\/events\/1668046233260944\/<br \/>\nHusk fornuftigt fodt\u00f8j og t\u00f8j efter vejret, kikkert til fuglene, madpakke og noget at drikke.<\/p>\n<p>Tilmelding er n\u00f8dvendig til studenterpr\u00e6st ved N\u00f8rre Campus Nicolai Halvorsen p\u00e5 praest@sund.ku.dk.<\/p>\n","protected":false},"excerpt":{"rendered":"<p>Vi inviterer p\u00e5 filosofisk fugle- og botaniktur med lektor i naturfilosofi Claus Emmeche, lektor ved biologisk institut Flemming Ekelund og studenterpr\u00e6st Nicolai Halvorsen. Den filosofiske fugle- og botaniktur g\u00e5r dette for\u00e5r til J\u00e6gerspris Nordskov p\u00e5 Hornsherred. Det er her man bl.a. kan finde Nordeuropas \u00e6ldste tr\u00e6 Kongeegen, som er ansl\u00e5et til at v\u00e6re mellem 1500 [&hellip;]<\/p>\n","protected":false},"author":0,"featured_media":64723,"template":"","class_list":["post-64722","event","type-event","status-publish","has-post-thumbnail","hentry","event_category-oevrige"],"acf":[],"aioseo_notices":[],"yoast_head":"<!-- This site is optimized with the Yoast SEO plugin v27.5 - https:\/\/yoast.com\/product\/yoast-seo-wordpress\/ -->\n<title>Filosofisk fugle- og botaniktur<\/title>\n<meta name=\"robots\" content=\"index, follow, max-snippet:-1, max-image-preview:large, max-video-preview:-1\" \/>\n<link rel=\"canonical\" href=\"https:\/\/uniavisen.dk\/en\/event\/filosofisk-fugle-og-botaniktur\/\" \/>\n<meta property=\"og:locale\" content=\"en_US\" \/>\n<meta property=\"og:type\" content=\"article\" \/>\n<meta property=\"og:title\" content=\"Filosofisk fugle- og botaniktur\" \/>\n<meta property=\"og:description\" content=\"Vi inviterer p\u00e5 filosofisk fugle- og botaniktur med lektor i naturfilosofi Claus Emmeche, lektor ved biologisk institut Flemming Ekelund og studenterpr\u00e6st Nicolai Halvorsen. Den filosofiske fugle- og botaniktur g\u00e5r dette for\u00e5r til J\u00e6gerspris Nordskov p\u00e5 Hornsherred. Det er her man bl.a. kan finde Nordeuropas \u00e6ldste tr\u00e6 Kongeegen, som er ansl\u00e5et til at v\u00e6re mellem 1500 [&hellip;]\" \/>\n<meta property=\"og:url\" content=\"https:\/\/uniavisen.dk\/en\/event\/filosofisk-fugle-og-botaniktur\/\" \/>\n<meta property=\"og:site_name\" content=\"University Post\" \/>\n<meta property=\"article:publisher\" content=\"https:\/\/www.facebook.com\/uniavis\" \/>\n<meta property=\"og:image\" content=\"https:\/\/uniavisen.dk\/wp-content\/uploads\/2018\/03\/fugl.jpg\" \/>\n\t<meta property=\"og:image:width\" content=\"714\" \/>\n\t<meta property=\"og:image:height\" content=\"477\" \/>\n\t<meta property=\"og:image:type\" content=\"image\/jpeg\" \/>\n<meta name=\"twitter:card\" content=\"summary_large_image\" \/>\n<meta name=\"twitter:site\" content=\"@Uniavisen\" \/>\n<meta name=\"twitter:label1\" content=\"Est. reading time\" \/>\n\t<meta name=\"twitter:data1\" content=\"1 minute\" \/>\n<script type=\"application\/ld+json\" class=\"yoast-schema-graph\">{\"@context\":\"https:\\\/\\\/schema.org\",\"@graph\":[{\"@type\":\"WebPage\",\"@id\":\"https:\\\/\\\/uniavisen.dk\\\/en\\\/event\\\/filosofisk-fugle-og-botaniktur\\\/\",\"url\":\"https:\\\/\\\/uniavisen.dk\\\/en\\\/event\\\/filosofisk-fugle-og-botaniktur\\\/\",\"name\":\"Filosofisk fugle- og botaniktur\",\"isPartOf\":{\"@id\":\"https:\\\/\\\/uniavisen.dk\\\/#website\"},\"primaryImageOfPage\":{\"@id\":\"https:\\\/\\\/uniavisen.dk\\\/en\\\/event\\\/filosofisk-fugle-og-botaniktur\\\/#primaryimage\"},\"image\":{\"@id\":\"https:\\\/\\\/uniavisen.dk\\\/en\\\/event\\\/filosofisk-fugle-og-botaniktur\\\/#primaryimage\"},\"thumbnailUrl\":\"https:\\\/\\\/uniavisen.dk\\\/wp-content\\\/uploads\\\/2018\\\/03\\\/fugl.jpg\",\"datePublished\":\"2018-03-01T11:37:49+00:00\",\"breadcrumb\":{\"@id\":\"https:\\\/\\\/uniavisen.dk\\\/en\\\/event\\\/filosofisk-fugle-og-botaniktur\\\/#breadcrumb\"},\"inLanguage\":\"en-US\",\"potentialAction\":[{\"@type\":\"ReadAction\",\"target\":[\"https:\\\/\\\/uniavisen.dk\\\/en\\\/event\\\/filosofisk-fugle-og-botaniktur\\\/\"]}]},{\"@type\":\"ImageObject\",\"inLanguage\":\"en-US\",\"@id\":\"https:\\\/\\\/uniavisen.dk\\\/en\\\/event\\\/filosofisk-fugle-og-botaniktur\\\/#primaryimage\",\"url\":\"https:\\\/\\\/uniavisen.dk\\\/wp-content\\\/uploads\\\/2018\\\/03\\\/fugl.jpg\",\"contentUrl\":\"https:\\\/\\\/uniavisen.dk\\\/wp-content\\\/uploads\\\/2018\\\/03\\\/fugl.jpg\",\"width\":714,\"height\":477},{\"@type\":\"BreadcrumbList\",\"@id\":\"https:\\\/\\\/uniavisen.dk\\\/en\\\/event\\\/filosofisk-fugle-og-botaniktur\\\/#breadcrumb\",\"itemListElement\":[{\"@type\":\"ListItem\",\"position\":1,\"name\":\"Home\",\"item\":\"https:\\\/\\\/uniavisen.dk\\\/en\\\/\"},{\"@type\":\"ListItem\",\"position\":2,\"name\":\"Events\",\"item\":\"https:\\\/\\\/uniavisen.dk\\\/event\\\/\"},{\"@type\":\"ListItem\",\"position\":3,\"name\":\"Filosofisk fugle- og botaniktur\"}]},{\"@type\":\"WebSite\",\"@id\":\"https:\\\/\\\/uniavisen.dk\\\/#website\",\"url\":\"https:\\\/\\\/uniavisen.dk\\\/\",\"name\":\"University Post\",\"description\":\"Independent of management\",\"potentialAction\":[{\"@type\":\"SearchAction\",\"target\":{\"@type\":\"EntryPoint\",\"urlTemplate\":\"https:\\\/\\\/uniavisen.dk\\\/?s={search_term_string}\"},\"query-input\":{\"@type\":\"PropertyValueSpecification\",\"valueRequired\":true,\"valueName\":\"search_term_string\"}}],\"inLanguage\":\"en-US\"}]}<\/script>\n<!-- \/ Yoast SEO plugin. -->","yoast_head_json":{"title":"Filosofisk fugle- og botaniktur","robots":{"index":"index","follow":"follow","max-snippet":"max-snippet:-1","max-image-preview":"max-image-preview:large","max-video-preview":"max-video-preview:-1"},"canonical":"https:\/\/uniavisen.dk\/en\/event\/filosofisk-fugle-og-botaniktur\/","og_locale":"en_US","og_type":"article","og_title":"Filosofisk fugle- og botaniktur","og_description":"Vi inviterer p\u00e5 filosofisk fugle- og botaniktur med lektor i naturfilosofi Claus Emmeche, lektor ved biologisk institut Flemming Ekelund og studenterpr\u00e6st Nicolai Halvorsen. Den filosofiske fugle- og botaniktur g\u00e5r dette for\u00e5r til J\u00e6gerspris Nordskov p\u00e5 Hornsherred. Det er her man bl.a. kan finde Nordeuropas \u00e6ldste tr\u00e6 Kongeegen, som er ansl\u00e5et til at v\u00e6re mellem 1500 [&hellip;]","og_url":"https:\/\/uniavisen.dk\/en\/event\/filosofisk-fugle-og-botaniktur\/","og_site_name":"University Post","article_publisher":"https:\/\/www.facebook.com\/uniavis","og_image":[{"width":714,"height":477,"url":"https:\/\/uniavisen.dk\/wp-content\/uploads\/2018\/03\/fugl.jpg","type":"image\/jpeg"}],"twitter_card":"summary_large_image","twitter_site":"@Uniavisen","twitter_misc":{"Est. reading time":"1 minute"},"schema":{"@context":"https:\/\/schema.org","@graph":[{"@type":"WebPage","@id":"https:\/\/uniavisen.dk\/en\/event\/filosofisk-fugle-og-botaniktur\/","url":"https:\/\/uniavisen.dk\/en\/event\/filosofisk-fugle-og-botaniktur\/","name":"Filosofisk fugle- og botaniktur","isPartOf":{"@id":"https:\/\/uniavisen.dk\/#website"},"primaryImageOfPage":{"@id":"https:\/\/uniavisen.dk\/en\/event\/filosofisk-fugle-og-botaniktur\/#primaryimage"},"image":{"@id":"https:\/\/uniavisen.dk\/en\/event\/filosofisk-fugle-og-botaniktur\/#primaryimage"},"thumbnailUrl":"https:\/\/uniavisen.dk\/wp-content\/uploads\/2018\/03\/fugl.jpg","datePublished":"2018-03-01T11:37:49+00:00","breadcrumb":{"@id":"https:\/\/uniavisen.dk\/en\/event\/filosofisk-fugle-og-botaniktur\/#breadcrumb"},"inLanguage":"en-US","potentialAction":[{"@type":"ReadAction","target":["https:\/\/uniavisen.dk\/en\/event\/filosofisk-fugle-og-botaniktur\/"]}]},{"@type":"ImageObject","inLanguage":"en-US","@id":"https:\/\/uniavisen.dk\/en\/event\/filosofisk-fugle-og-botaniktur\/#primaryimage","url":"https:\/\/uniavisen.dk\/wp-content\/uploads\/2018\/03\/fugl.jpg","contentUrl":"https:\/\/uniavisen.dk\/wp-content\/uploads\/2018\/03\/fugl.jpg","width":714,"height":477},{"@type":"BreadcrumbList","@id":"https:\/\/uniavisen.dk\/en\/event\/filosofisk-fugle-og-botaniktur\/#breadcrumb","itemListElement":[{"@type":"ListItem","position":1,"name":"Home","item":"https:\/\/uniavisen.dk\/en\/"},{"@type":"ListItem","position":2,"name":"Events","item":"https:\/\/uniavisen.dk\/event\/"},{"@type":"ListItem","position":3,"name":"Filosofisk fugle- og botaniktur"}]},{"@type":"WebSite","@id":"https:\/\/uniavisen.dk\/#website","url":"https:\/\/uniavisen.dk\/","name":"University Post","description":"Independent of management","potentialAction":[{"@type":"SearchAction","target":{"@type":"EntryPoint","urlTemplate":"https:\/\/uniavisen.dk\/?s={search_term_string}"},"query-input":{"@type":"PropertyValueSpecification","valueRequired":true,"valueName":"search_term_string"}}],"inLanguage":"en-US"}]}},"advancedCustomFields":{"event_category":{"term_id":70,"name":"\u00d8vrige","slug":"oevrige","term_group":0,"term_taxonomy_id":70,"taxonomy":"event_category","description":"","parent":0,"count":575,"filter":"raw"},"start":"2018-04-14 11:00:00","add_end_time":false,"location":"J\u00e6gerspris Nordskov","host_name":"Studentermenigheden i K\u00f8benhavn","ticket_link":"","event_is_free":true,"event_poster":{"ID":64723,"id":64723,"title":"fugl.jpg","filename":"fugl.jpg","filesize":32685,"url":"https:\/\/uniavisen.dk\/wp-content\/uploads\/2018\/03\/fugl.jpg","link":"https:\/\/uniavisen.dk\/en\/event\/filosofisk-fugle-og-botaniktur\/fugl-jpg\/","alt":"","author":"0","description":"","caption":"","name":"fugl-jpg","status":"inherit","uploaded_to":64722,"date":"2018-03-01 11:37:49","modified":"2018-03-01 11:37:50","menu_order":0,"mime_type":"image\/jpeg","type":"image","subtype":"jpeg","icon":"https:\/\/uniavisen.dk\/wp-includes\/images\/media\/default.png","width":714,"height":477,"sizes":{"thumbnail":"https:\/\/uniavisen.dk\/wp-content\/uploads\/2018\/03\/fugl-150x150.jpg","thumbnail-width":150,"thumbnail-height":150,"medium":"https:\/\/uniavisen.dk\/wp-content\/uploads\/2018\/03\/fugl-480x321.jpg","medium-width":480,"medium-height":321,"medium_large":"https:\/\/uniavisen.dk\/wp-content\/uploads\/2018\/03\/fugl.jpg","medium_large-width":714,"medium_large-height":477,"large":"https:\/\/uniavisen.dk\/wp-content\/uploads\/2018\/03\/fugl.jpg","large-width":714,"large-height":477,"1536x1536":"https:\/\/uniavisen.dk\/wp-content\/uploads\/2018\/03\/fugl.jpg","1536x1536-width":714,"1536x1536-height":477,"2048x2048":"https:\/\/uniavisen.dk\/wp-content\/uploads\/2018\/03\/fugl.jpg","2048x2048-width":714,"2048x2048-height":477,"featured-soft":"https:\/\/uniavisen.dk\/wp-content\/uploads\/2018\/03\/fugl-290x194.jpg","featured-soft-width":290,"featured-soft-height":194,"featured-hard":"https:\/\/uniavisen.dk\/wp-content\/uploads\/2018\/03\/fugl-290x180.jpg","featured-hard-width":290,"featured-hard-height":180,"narrow":"https:\/\/uniavisen.dk\/wp-content\/uploads\/2018\/03\/fugl-700x468.jpg","narrow-width":700,"narrow-height":468,"extended":"https:\/\/uniavisen.dk\/wp-content\/uploads\/2018\/03\/fugl.jpg","extended-width":714,"extended-height":477}},"short_description":"Ud i naturen med lektor Claus Emmeche, lektor Flemming Ekelund og studenterpr\u00e6st Nicolai Halvorsen","old_url":""},"_links":{"self":[{"href":"https:\/\/uniavisen.dk\/en\/wp-json\/wp\/v2\/events\/64722","targetHints":{"allow":["GET"]}}],"collection":[{"href":"https:\/\/uniavisen.dk\/en\/wp-json\/wp\/v2\/events"}],"about":[{"href":"https:\/\/uniavisen.dk\/en\/wp-json\/wp\/v2\/types\/event"}],"version-history":[{"count":0,"href":"https:\/\/uniavisen.dk\/en\/wp-json\/wp\/v2\/events\/64722\/revisions"}],"wp:featuredmedia":[{"embeddable":true,"href":"https:\/\/uniavisen.dk\/en\/wp-json\/wp\/v2\/media\/64723"}],"wp:attachment":[{"href":"https:\/\/uniavisen.dk\/en\/wp-json\/wp\/v2\/media?parent=64722"}],"curies":[{"name":"wp","href":"https:\/\/api.w.org\/{rel}","templated":true}]}}

<p>Vi inviterer på filosofisk fugle- og botaniktur med lektor i naturfilosofi Claus Emmeche, lektor ved biologisk institut Flemming Ekelund og studenterpræst Nicolai Halvorsen.</p>
<p>Den filosofiske fugle- og botaniktur går dette forår til Jægerspris Nordskov på Hornsherred. Det er her man bl.a. kan finde Nordeuropas ældste træ Kongeegen, som er anslået til at være mellem 1500 og 2000 år gammelt. Både skoven og strandengene ned mod Roskilde fjord er rigt på fugle- og planteliv. Man kan bl.a. være heldig at se havørn, som yngler i området. Stedet egner sig glimrende til den gående filosoferen.</p>
<p>Tag en pause fra læsningen og inviter din studiekammerat med på en hyggelig tur, hvor du også kan møde nye mennesker.</p>
<p>Mødetid og sted: Lørdag 14. april kl. 11.00 ved Skoven Kirke, Skovkirkevej 2, 3630 Jægerspris &#8211; på parkeringspladsen. Se facebookbegivenhed for rejsevejledning: https://www.facebook.com/events/1668046233260944/<br />
Husk fornuftigt fodtøj og tøj efter vejret, kikkert til fuglene, madpakke og noget at drikke.</p>
<p>Tilmelding er nødvendig til studenterpræst ved Nørre Campus Nicolai Halvorsen på praest@sund.ku.dk.</p>

<p>Vi inviterer på filosofisk fugle- og botaniktur med lektor i naturfilosofi Claus Emmeche, lektor ved biologisk institut Flemming Ekelund og studenterpræst Nicolai Halvorsen. Den filosofiske fugle- og botaniktur går dette forår til Jægerspris Nordskov på Hornsherred. Det er her man bl.a. kan finde Nordeuropas ældste træ Kongeegen, som er anslået til at være mellem 1500 [&hellip;]</p>

<!-- This site is optimized with the Yoast SEO plugin v27.5 - https://yoast.com/product/yoast-seo-wordpress/ -->
<title>Filosofisk fugle- og botaniktur</title>
<meta name="robots" content="index, follow, max-snippet:-1, max-image-preview:large, max-video-preview:-1" />
<link rel="canonical" href="https://uniavisen.dk/en/event/filosofisk-fugle-og-botaniktur/" />
<meta property="og:locale" content="en_US" />
<meta property="og:type" content="article" />
<meta property="og:title" content="Filosofisk fugle- og botaniktur" />
<meta property="og:description" content="Vi inviterer på filosofisk fugle- og botaniktur med lektor i naturfilosofi Claus Emmeche, lektor ved biologisk institut Flemming Ekelund og studenterpræst Nicolai Halvorsen. Den filosofiske fugle- og botaniktur går dette forår til Jægerspris Nordskov på Hornsherred. Det er her man bl.a. kan finde Nordeuropas ældste træ Kongeegen, som er anslået til at være mellem 1500 [&hellip;]" />
<meta property="og:url" content="https://uniavisen.dk/en/event/filosofisk-fugle-og-botaniktur/" />
<meta property="og:site_name" content="University Post" />
<meta property="article:publisher" content="https://www.facebook.com/uniavis" />
<meta property="og:image" content="https://uniavisen.dk/wp-content/uploads/2018/03/fugl.jpg" />
	<meta property="og:image:width" content="714" />
	<meta property="og:image:height" content="477" />
	<meta property="og:image:type" content="image/jpeg" />
<meta name="twitter:card" content="summary_large_image" />
<meta name="twitter:site" content="@Uniavisen" />
<meta name="twitter:label1" content="Est. reading time" />
	<meta name="twitter:data1" content="1 minute" />
<script type="application/ld+json" class="yoast-schema-graph">{"@context":"https:\/\/schema.org","@graph":[{"@type":"WebPage","@id":"https:\/\/uniavisen.dk\/en\/event\/filosofisk-fugle-og-botaniktur\/","url":"https:\/\/uniavisen.dk\/en\/event\/filosofisk-fugle-og-botaniktur\/","name":"Filosofisk fugle- og botaniktur","isPartOf":{"@id":"https:\/\/uniavisen.dk\/#website"},"primaryImageOfPage":{"@id":"https:\/\/uniavisen.dk\/en\/event\/filosofisk-fugle-og-botaniktur\/#primaryimage"},"image":{"@id":"https:\/\/uniavisen.dk\/en\/event\/filosofisk-fugle-og-botaniktur\/#primaryimage"},"thumbnailUrl":"https:\/\/uniavisen.dk\/wp-content\/uploads\/2018\/03\/fugl.jpg","datePublished":"2018-03-01T11:37:49+00:00","breadcrumb":{"@id":"https:\/\/uniavisen.dk\/en\/event\/filosofisk-fugle-og-botaniktur\/#breadcrumb"},"inLanguage":"en-US","potentialAction":[{"@type":"ReadAction","target":["https:\/\/uniavisen.dk\/en\/event\/filosofisk-fugle-og-botaniktur\/"]}]},{"@type":"ImageObject","inLanguage":"en-US","@id":"https:\/\/uniavisen.dk\/en\/event\/filosofisk-fugle-og-botaniktur\/#primaryimage","url":"https:\/\/uniavisen.dk\/wp-content\/uploads\/2018\/03\/fugl.jpg","contentUrl":"https:\/\/uniavisen.dk\/wp-content\/uploads\/2018\/03\/fugl.jpg","width":714,"height":477},{"@type":"BreadcrumbList","@id":"https:\/\/uniavisen.dk\/en\/event\/filosofisk-fugle-og-botaniktur\/#breadcrumb","itemListElement":[{"@type":"ListItem","position":1,"name":"Home","item":"https:\/\/uniavisen.dk\/en\/"},{"@type":"ListItem","position":2,"name":"Events","item":"https:\/\/uniavisen.dk\/event\/"},{"@type":"ListItem","position":3,"name":"Filosofisk fugle- og botaniktur"}]},{"@type":"WebSite","@id":"https:\/\/uniavisen.dk\/#website","url":"https:\/\/uniavisen.dk\/","name":"University Post","description":"Independent of management","potentialAction":[{"@type":"SearchAction","target":{"@type":"EntryPoint","urlTemplate":"https:\/\/uniavisen.dk\/?s={search_term_string}"},"query-input":{"@type":"PropertyValueSpecification","valueRequired":true,"valueName":"search_term_string"}}],"inLanguage":"en-US"}]}</script>
<!-- / Yoast SEO plugin. -->

Vi inviterer på filosofisk fugle- og botaniktur med lektor i naturfilosofi Claus Emmeche, lektor ved biologisk institut Flemming Ekelund og studenterpræst Nicolai Halvorsen. Den filosofiske fugle- og botaniktur går dette forår til Jægerspris Nordskov på Hornsherred. Det er her man bl.a. kan finde Nordeuropas ældste træ Kongeegen, som er anslået til at være mellem 1500 [&hellip;]

Øvrige

Jægerspris Nordskov

Studentermenigheden i København

Ud i naturen med lektor Claus Emmeche, lektor Flemming Ekelund og studenterpræst Nicolai Halvorsen
