
{"id":66928,"date":"2018-04-16T14:09:43","date_gmt":"2018-04-16T12:09:43","guid":{"rendered":"https:\/\/uniavisen.dk\/event\/the-european-value-gap-debate\/"},"modified":"2018-04-16T14:09:43","modified_gmt":"2018-04-16T12:09:43","slug":"the-european-value-gap-debate","status":"publish","type":"event","link":"https:\/\/uniavisen.dk\/en\/event\/the-european-value-gap-debate\/","title":{"rendered":"The European Value Gap Debate"},"content":{"rendered":"<p>Efter generalforsamlingen afholdes der medlemsm\u00f8de om emnet<\/p>\n<p>The European Value Gap Debate<\/p>\n<p>Et vigtigt sp\u00f8rgsm\u00e5l i forhandlingerne om en EU-copyrightreform er det s\u00e5kaldte \u201dvalue gap\u201d, dvs. det forhold, at tech-giganter som Google (der som bekendt ejer YouTube) og Facebook p\u00e5ber\u00e5ber sig ansvarsfrihed med henvisning EU-reglerne om \u201dsafe harbour\u201d. Derved har de ikke samme ansvar for at betale rimelige vederlag til rettighedshaverne som deres konkurrenter, fx Spotify og YouSee Musik, der distribuerer musik gennem streamingtjenester.<\/p>\n<p>Emnet debatteres levende over hele Europa. Nogle g\u00f8r g\u00e6ldende, at den nuv\u00e6rende retstilstand er hensigtsm\u00e6ssig, og at den fremmer menings- og ytringsfrihed mm. Andre anser det for mindre rimeligt, at verdens st\u00f8rste distribut\u00f8rer af beskyttet stof kan drive virksomhed uden at betale noget til rettighedshaverne.<\/p>\n<p>P\u00e5 m\u00f8det vil den internationalt ansete ophavsretsspecialist professor Martin Senftleben, Vreie Universitet Amsterdam, holde opl\u00e6g om emnet og diskutere det med de tilstedev\u00e6rende.<\/p>\n<p>M\u00f8det er som noget ekstraordin\u00e6rt \u00e5bent for alle, ogs\u00e5 selvom de ikke er medlemmer af selskabet.<\/p>\n<p>Tid: Mandag den 30. april 2018 kl. 16.30<\/p>\n<p>Sted: K\u00f8benhavns Universitet, Det Juridiske Fakultet, S\u00f8ndre Campus, Njalsgade 76, Stuen Lokale 9A.0.01<\/p>\n<p>Tilmelding: Tilmelding er ikke n\u00f8dvendig.<\/p>\n<p>Vi gl\u00e6der os til at se jer.<br \/>\nBestyrelsen<\/p>\n<p>&nbsp;<\/p>\n<p>&nbsp;<\/p>\n","protected":false},"excerpt":{"rendered":"<p>Efter generalforsamlingen afholdes der medlemsm\u00f8de om emnet The European Value Gap Debate Et vigtigt sp\u00f8rgsm\u00e5l i forhandlingerne om en EU-copyrightreform er det s\u00e5kaldte \u201dvalue gap\u201d, dvs. det forhold, at tech-giganter som Google (der som bekendt ejer YouTube) og Facebook p\u00e5ber\u00e5ber sig ansvarsfrihed med henvisning EU-reglerne om \u201dsafe harbour\u201d. Derved har de ikke samme ansvar for [&hellip;]<\/p>\n","protected":false},"author":0,"featured_media":66929,"template":"","class_list":["post-66928","event","type-event","status-publish","has-post-thumbnail","hentry","event_category-foredrag"],"acf":[],"aioseo_notices":[],"yoast_head":"<!-- This site is optimized with the Yoast SEO plugin v27.5 - https:\/\/yoast.com\/product\/yoast-seo-wordpress\/ -->\n<title>The European Value Gap Debate<\/title>\n<meta name=\"robots\" content=\"index, follow, max-snippet:-1, max-image-preview:large, max-video-preview:-1\" \/>\n<link rel=\"canonical\" href=\"https:\/\/uniavisen.dk\/en\/event\/the-european-value-gap-debate\/\" \/>\n<meta property=\"og:locale\" content=\"en_US\" \/>\n<meta property=\"og:type\" content=\"article\" \/>\n<meta property=\"og:title\" content=\"The European Value Gap Debate\" \/>\n<meta property=\"og:description\" content=\"Efter generalforsamlingen afholdes der medlemsm\u00f8de om emnet The European Value Gap Debate Et vigtigt sp\u00f8rgsm\u00e5l i forhandlingerne om en EU-copyrightreform er det s\u00e5kaldte \u201dvalue gap\u201d, dvs. det forhold, at tech-giganter som Google (der som bekendt ejer YouTube) og Facebook p\u00e5ber\u00e5ber sig ansvarsfrihed med henvisning EU-reglerne om \u201dsafe harbour\u201d. Derved har de ikke samme ansvar for [&hellip;]\" \/>\n<meta property=\"og:url\" content=\"https:\/\/uniavisen.dk\/en\/event\/the-european-value-gap-debate\/\" \/>\n<meta property=\"og:site_name\" content=\"University Post\" \/>\n<meta property=\"article:publisher\" content=\"https:\/\/www.facebook.com\/uniavis\" \/>\n<meta property=\"og:image\" content=\"https:\/\/uniavisen.dk\/wp-content\/uploads\/2018\/04\/eucopyrightuniavis.jpg\" \/>\n\t<meta property=\"og:image:width\" content=\"930\" \/>\n\t<meta property=\"og:image:height\" content=\"619\" \/>\n\t<meta property=\"og:image:type\" content=\"image\/jpeg\" \/>\n<meta name=\"twitter:card\" content=\"summary_large_image\" \/>\n<meta name=\"twitter:site\" content=\"@Uniavisen\" \/>\n<meta name=\"twitter:label1\" content=\"Est. reading time\" \/>\n\t<meta name=\"twitter:data1\" content=\"1 minute\" \/>\n<script type=\"application\/ld+json\" class=\"yoast-schema-graph\">{\"@context\":\"https:\\\/\\\/schema.org\",\"@graph\":[{\"@type\":\"WebPage\",\"@id\":\"https:\\\/\\\/uniavisen.dk\\\/en\\\/event\\\/the-european-value-gap-debate\\\/\",\"url\":\"https:\\\/\\\/uniavisen.dk\\\/en\\\/event\\\/the-european-value-gap-debate\\\/\",\"name\":\"The European Value Gap Debate\",\"isPartOf\":{\"@id\":\"https:\\\/\\\/uniavisen.dk\\\/#website\"},\"primaryImageOfPage\":{\"@id\":\"https:\\\/\\\/uniavisen.dk\\\/en\\\/event\\\/the-european-value-gap-debate\\\/#primaryimage\"},\"image\":{\"@id\":\"https:\\\/\\\/uniavisen.dk\\\/en\\\/event\\\/the-european-value-gap-debate\\\/#primaryimage\"},\"thumbnailUrl\":\"https:\\\/\\\/uniavisen.dk\\\/wp-content\\\/uploads\\\/2018\\\/04\\\/eucopyrightuniavis.jpg\",\"datePublished\":\"2018-04-16T12:09:43+00:00\",\"breadcrumb\":{\"@id\":\"https:\\\/\\\/uniavisen.dk\\\/en\\\/event\\\/the-european-value-gap-debate\\\/#breadcrumb\"},\"inLanguage\":\"en-US\",\"potentialAction\":[{\"@type\":\"ReadAction\",\"target\":[\"https:\\\/\\\/uniavisen.dk\\\/en\\\/event\\\/the-european-value-gap-debate\\\/\"]}]},{\"@type\":\"ImageObject\",\"inLanguage\":\"en-US\",\"@id\":\"https:\\\/\\\/uniavisen.dk\\\/en\\\/event\\\/the-european-value-gap-debate\\\/#primaryimage\",\"url\":\"https:\\\/\\\/uniavisen.dk\\\/wp-content\\\/uploads\\\/2018\\\/04\\\/eucopyrightuniavis.jpg\",\"contentUrl\":\"https:\\\/\\\/uniavisen.dk\\\/wp-content\\\/uploads\\\/2018\\\/04\\\/eucopyrightuniavis.jpg\",\"width\":930,\"height\":619},{\"@type\":\"BreadcrumbList\",\"@id\":\"https:\\\/\\\/uniavisen.dk\\\/en\\\/event\\\/the-european-value-gap-debate\\\/#breadcrumb\",\"itemListElement\":[{\"@type\":\"ListItem\",\"position\":1,\"name\":\"Home\",\"item\":\"https:\\\/\\\/uniavisen.dk\\\/en\\\/\"},{\"@type\":\"ListItem\",\"position\":2,\"name\":\"Events\",\"item\":\"https:\\\/\\\/uniavisen.dk\\\/event\\\/\"},{\"@type\":\"ListItem\",\"position\":3,\"name\":\"The European Value Gap Debate\"}]},{\"@type\":\"WebSite\",\"@id\":\"https:\\\/\\\/uniavisen.dk\\\/#website\",\"url\":\"https:\\\/\\\/uniavisen.dk\\\/\",\"name\":\"University Post\",\"description\":\"Independent of management\",\"potentialAction\":[{\"@type\":\"SearchAction\",\"target\":{\"@type\":\"EntryPoint\",\"urlTemplate\":\"https:\\\/\\\/uniavisen.dk\\\/?s={search_term_string}\"},\"query-input\":{\"@type\":\"PropertyValueSpecification\",\"valueRequired\":true,\"valueName\":\"search_term_string\"}}],\"inLanguage\":\"en-US\"}]}<\/script>\n<!-- \/ Yoast SEO plugin. -->","yoast_head_json":{"title":"The European Value Gap Debate","robots":{"index":"index","follow":"follow","max-snippet":"max-snippet:-1","max-image-preview":"max-image-preview:large","max-video-preview":"max-video-preview:-1"},"canonical":"https:\/\/uniavisen.dk\/en\/event\/the-european-value-gap-debate\/","og_locale":"en_US","og_type":"article","og_title":"The European Value Gap Debate","og_description":"Efter generalforsamlingen afholdes der medlemsm\u00f8de om emnet The European Value Gap Debate Et vigtigt sp\u00f8rgsm\u00e5l i forhandlingerne om en EU-copyrightreform er det s\u00e5kaldte \u201dvalue gap\u201d, dvs. det forhold, at tech-giganter som Google (der som bekendt ejer YouTube) og Facebook p\u00e5ber\u00e5ber sig ansvarsfrihed med henvisning EU-reglerne om \u201dsafe harbour\u201d. Derved har de ikke samme ansvar for [&hellip;]","og_url":"https:\/\/uniavisen.dk\/en\/event\/the-european-value-gap-debate\/","og_site_name":"University Post","article_publisher":"https:\/\/www.facebook.com\/uniavis","og_image":[{"width":930,"height":619,"url":"https:\/\/uniavisen.dk\/wp-content\/uploads\/2018\/04\/eucopyrightuniavis.jpg","type":"image\/jpeg"}],"twitter_card":"summary_large_image","twitter_site":"@Uniavisen","twitter_misc":{"Est. reading time":"1 minute"},"schema":{"@context":"https:\/\/schema.org","@graph":[{"@type":"WebPage","@id":"https:\/\/uniavisen.dk\/en\/event\/the-european-value-gap-debate\/","url":"https:\/\/uniavisen.dk\/en\/event\/the-european-value-gap-debate\/","name":"The European Value Gap Debate","isPartOf":{"@id":"https:\/\/uniavisen.dk\/#website"},"primaryImageOfPage":{"@id":"https:\/\/uniavisen.dk\/en\/event\/the-european-value-gap-debate\/#primaryimage"},"image":{"@id":"https:\/\/uniavisen.dk\/en\/event\/the-european-value-gap-debate\/#primaryimage"},"thumbnailUrl":"https:\/\/uniavisen.dk\/wp-content\/uploads\/2018\/04\/eucopyrightuniavis.jpg","datePublished":"2018-04-16T12:09:43+00:00","breadcrumb":{"@id":"https:\/\/uniavisen.dk\/en\/event\/the-european-value-gap-debate\/#breadcrumb"},"inLanguage":"en-US","potentialAction":[{"@type":"ReadAction","target":["https:\/\/uniavisen.dk\/en\/event\/the-european-value-gap-debate\/"]}]},{"@type":"ImageObject","inLanguage":"en-US","@id":"https:\/\/uniavisen.dk\/en\/event\/the-european-value-gap-debate\/#primaryimage","url":"https:\/\/uniavisen.dk\/wp-content\/uploads\/2018\/04\/eucopyrightuniavis.jpg","contentUrl":"https:\/\/uniavisen.dk\/wp-content\/uploads\/2018\/04\/eucopyrightuniavis.jpg","width":930,"height":619},{"@type":"BreadcrumbList","@id":"https:\/\/uniavisen.dk\/en\/event\/the-european-value-gap-debate\/#breadcrumb","itemListElement":[{"@type":"ListItem","position":1,"name":"Home","item":"https:\/\/uniavisen.dk\/en\/"},{"@type":"ListItem","position":2,"name":"Events","item":"https:\/\/uniavisen.dk\/event\/"},{"@type":"ListItem","position":3,"name":"The European Value Gap Debate"}]},{"@type":"WebSite","@id":"https:\/\/uniavisen.dk\/#website","url":"https:\/\/uniavisen.dk\/","name":"University Post","description":"Independent of management","potentialAction":[{"@type":"SearchAction","target":{"@type":"EntryPoint","urlTemplate":"https:\/\/uniavisen.dk\/?s={search_term_string}"},"query-input":{"@type":"PropertyValueSpecification","valueRequired":true,"valueName":"search_term_string"}}],"inLanguage":"en-US"}]}},"advancedCustomFields":{"event_category":{"term_id":73,"name":"Foredrag","slug":"foredrag","term_group":0,"term_taxonomy_id":73,"taxonomy":"event_category","description":"","parent":0,"count":845,"filter":"raw"},"start":"2018-04-30 16:30:00","add_end_time":false,"location":"K\u00f8benhavns Universitet, Det Juridiske Fakultet, S\u00f8ndre Campus, Njalsgade 76, Stuen Lokale 9A-0-01 ","host_name":" Dansk Selskab for Ophavsret","ticket_link":"","event_is_free":true,"event_poster":{"ID":66929,"id":66929,"title":"eucopyrightuniavis.jpg","filename":"eucopyrightuniavis.jpg","filesize":57300,"url":"https:\/\/uniavisen.dk\/wp-content\/uploads\/2018\/04\/eucopyrightuniavis.jpg","link":"https:\/\/uniavisen.dk\/en\/event\/the-european-value-gap-debate\/eucopyrightuniavis-jpg\/","alt":"","author":"0","description":"","caption":"","name":"eucopyrightuniavis-jpg","status":"inherit","uploaded_to":66928,"date":"2018-04-16 12:09:43","modified":"2018-04-16 12:09:44","menu_order":0,"mime_type":"image\/jpeg","type":"image","subtype":"jpeg","icon":"https:\/\/uniavisen.dk\/wp-includes\/images\/media\/default.png","width":930,"height":619,"sizes":{"thumbnail":"https:\/\/uniavisen.dk\/wp-content\/uploads\/2018\/04\/eucopyrightuniavis-150x150.jpg","thumbnail-width":150,"thumbnail-height":150,"medium":"https:\/\/uniavisen.dk\/wp-content\/uploads\/2018\/04\/eucopyrightuniavis-480x319.jpg","medium-width":480,"medium-height":319,"medium_large":"https:\/\/uniavisen.dk\/wp-content\/uploads\/2018\/04\/eucopyrightuniavis-768x511.jpg","medium_large-width":768,"medium_large-height":511,"large":"https:\/\/uniavisen.dk\/wp-content\/uploads\/2018\/04\/eucopyrightuniavis.jpg","large-width":930,"large-height":619,"1536x1536":"https:\/\/uniavisen.dk\/wp-content\/uploads\/2018\/04\/eucopyrightuniavis.jpg","1536x1536-width":930,"1536x1536-height":619,"2048x2048":"https:\/\/uniavisen.dk\/wp-content\/uploads\/2018\/04\/eucopyrightuniavis.jpg","2048x2048-width":930,"2048x2048-height":619,"featured-soft":"https:\/\/uniavisen.dk\/wp-content\/uploads\/2018\/04\/eucopyrightuniavis-290x193.jpg","featured-soft-width":290,"featured-soft-height":193,"featured-hard":"https:\/\/uniavisen.dk\/wp-content\/uploads\/2018\/04\/eucopyrightuniavis-290x180.jpg","featured-hard-width":290,"featured-hard-height":180,"narrow":"https:\/\/uniavisen.dk\/wp-content\/uploads\/2018\/04\/eucopyrightuniavis-700x466.jpg","narrow-width":700,"narrow-height":466,"extended":"https:\/\/uniavisen.dk\/wp-content\/uploads\/2018\/04\/eucopyrightuniavis.jpg","extended-width":930,"extended-height":619}},"short_description":"Dansk Selskab for Ophavsret indkalder til Generalforsamling og medlemsm\u00f8de om The European Value Gap Debate.","old_url":""},"_links":{"self":[{"href":"https:\/\/uniavisen.dk\/en\/wp-json\/wp\/v2\/events\/66928","targetHints":{"allow":["GET"]}}],"collection":[{"href":"https:\/\/uniavisen.dk\/en\/wp-json\/wp\/v2\/events"}],"about":[{"href":"https:\/\/uniavisen.dk\/en\/wp-json\/wp\/v2\/types\/event"}],"version-history":[{"count":0,"href":"https:\/\/uniavisen.dk\/en\/wp-json\/wp\/v2\/events\/66928\/revisions"}],"wp:featuredmedia":[{"embeddable":true,"href":"https:\/\/uniavisen.dk\/en\/wp-json\/wp\/v2\/media\/66929"}],"wp:attachment":[{"href":"https:\/\/uniavisen.dk\/en\/wp-json\/wp\/v2\/media?parent=66928"}],"curies":[{"name":"wp","href":"https:\/\/api.w.org\/{rel}","templated":true}]}}

<p>Efter generalforsamlingen afholdes der medlemsmøde om emnet</p>
<p>The European Value Gap Debate</p>
<p>Et vigtigt spørgsmål i forhandlingerne om en EU-copyrightreform er det såkaldte ”value gap”, dvs. det forhold, at tech-giganter som Google (der som bekendt ejer YouTube) og Facebook påberåber sig ansvarsfrihed med henvisning EU-reglerne om ”safe harbour”. Derved har de ikke samme ansvar for at betale rimelige vederlag til rettighedshaverne som deres konkurrenter, fx Spotify og YouSee Musik, der distribuerer musik gennem streamingtjenester.</p>
<p>Emnet debatteres levende over hele Europa. Nogle gør gældende, at den nuværende retstilstand er hensigtsmæssig, og at den fremmer menings- og ytringsfrihed mm. Andre anser det for mindre rimeligt, at verdens største distributører af beskyttet stof kan drive virksomhed uden at betale noget til rettighedshaverne.</p>
<p>På mødet vil den internationalt ansete ophavsretsspecialist professor Martin Senftleben, Vreie Universitet Amsterdam, holde oplæg om emnet og diskutere det med de tilstedeværende.</p>
<p>Mødet er som noget ekstraordinært åbent for alle, også selvom de ikke er medlemmer af selskabet.</p>
<p>Tid: Mandag den 30. april 2018 kl. 16.30</p>
<p>Sted: Københavns Universitet, Det Juridiske Fakultet, Søndre Campus, Njalsgade 76, Stuen Lokale 9A.0.01</p>
<p>Tilmelding: Tilmelding er ikke nødvendig.</p>
<p>Vi glæder os til at se jer.<br />
Bestyrelsen</p>
<p>&nbsp;</p>
<p>&nbsp;</p>

<p>Efter generalforsamlingen afholdes der medlemsmøde om emnet The European Value Gap Debate Et vigtigt spørgsmål i forhandlingerne om en EU-copyrightreform er det såkaldte ”value gap”, dvs. det forhold, at tech-giganter som Google (der som bekendt ejer YouTube) og Facebook påberåber sig ansvarsfrihed med henvisning EU-reglerne om ”safe harbour”. Derved har de ikke samme ansvar for [&hellip;]</p>

<!-- This site is optimized with the Yoast SEO plugin v27.5 - https://yoast.com/product/yoast-seo-wordpress/ -->
<title>The European Value Gap Debate</title>
<meta name="robots" content="index, follow, max-snippet:-1, max-image-preview:large, max-video-preview:-1" />
<link rel="canonical" href="https://uniavisen.dk/en/event/the-european-value-gap-debate/" />
<meta property="og:locale" content="en_US" />
<meta property="og:type" content="article" />
<meta property="og:title" content="The European Value Gap Debate" />
<meta property="og:description" content="Efter generalforsamlingen afholdes der medlemsmøde om emnet The European Value Gap Debate Et vigtigt spørgsmål i forhandlingerne om en EU-copyrightreform er det såkaldte ”value gap”, dvs. det forhold, at tech-giganter som Google (der som bekendt ejer YouTube) og Facebook påberåber sig ansvarsfrihed med henvisning EU-reglerne om ”safe harbour”. Derved har de ikke samme ansvar for [&hellip;]" />
<meta property="og:url" content="https://uniavisen.dk/en/event/the-european-value-gap-debate/" />
<meta property="og:site_name" content="University Post" />
<meta property="article:publisher" content="https://www.facebook.com/uniavis" />
<meta property="og:image" content="https://uniavisen.dk/wp-content/uploads/2018/04/eucopyrightuniavis.jpg" />
	<meta property="og:image:width" content="930" />
	<meta property="og:image:height" content="619" />
	<meta property="og:image:type" content="image/jpeg" />
<meta name="twitter:card" content="summary_large_image" />
<meta name="twitter:site" content="@Uniavisen" />
<meta name="twitter:label1" content="Est. reading time" />
	<meta name="twitter:data1" content="1 minute" />
<script type="application/ld+json" class="yoast-schema-graph">{"@context":"https:\/\/schema.org","@graph":[{"@type":"WebPage","@id":"https:\/\/uniavisen.dk\/en\/event\/the-european-value-gap-debate\/","url":"https:\/\/uniavisen.dk\/en\/event\/the-european-value-gap-debate\/","name":"The European Value Gap Debate","isPartOf":{"@id":"https:\/\/uniavisen.dk\/#website"},"primaryImageOfPage":{"@id":"https:\/\/uniavisen.dk\/en\/event\/the-european-value-gap-debate\/#primaryimage"},"image":{"@id":"https:\/\/uniavisen.dk\/en\/event\/the-european-value-gap-debate\/#primaryimage"},"thumbnailUrl":"https:\/\/uniavisen.dk\/wp-content\/uploads\/2018\/04\/eucopyrightuniavis.jpg","datePublished":"2018-04-16T12:09:43+00:00","breadcrumb":{"@id":"https:\/\/uniavisen.dk\/en\/event\/the-european-value-gap-debate\/#breadcrumb"},"inLanguage":"en-US","potentialAction":[{"@type":"ReadAction","target":["https:\/\/uniavisen.dk\/en\/event\/the-european-value-gap-debate\/"]}]},{"@type":"ImageObject","inLanguage":"en-US","@id":"https:\/\/uniavisen.dk\/en\/event\/the-european-value-gap-debate\/#primaryimage","url":"https:\/\/uniavisen.dk\/wp-content\/uploads\/2018\/04\/eucopyrightuniavis.jpg","contentUrl":"https:\/\/uniavisen.dk\/wp-content\/uploads\/2018\/04\/eucopyrightuniavis.jpg","width":930,"height":619},{"@type":"BreadcrumbList","@id":"https:\/\/uniavisen.dk\/en\/event\/the-european-value-gap-debate\/#breadcrumb","itemListElement":[{"@type":"ListItem","position":1,"name":"Home","item":"https:\/\/uniavisen.dk\/en\/"},{"@type":"ListItem","position":2,"name":"Events","item":"https:\/\/uniavisen.dk\/event\/"},{"@type":"ListItem","position":3,"name":"The European Value Gap Debate"}]},{"@type":"WebSite","@id":"https:\/\/uniavisen.dk\/#website","url":"https:\/\/uniavisen.dk\/","name":"University Post","description":"Independent of management","potentialAction":[{"@type":"SearchAction","target":{"@type":"EntryPoint","urlTemplate":"https:\/\/uniavisen.dk\/?s={search_term_string}"},"query-input":{"@type":"PropertyValueSpecification","valueRequired":true,"valueName":"search_term_string"}}],"inLanguage":"en-US"}]}</script>
<!-- / Yoast SEO plugin. -->

Efter generalforsamlingen afholdes der medlemsmøde om emnet The European Value Gap Debate Et vigtigt spørgsmål i forhandlingerne om en EU-copyrightreform er det såkaldte ”value gap”, dvs. det forhold, at tech-giganter som Google (der som bekendt ejer YouTube) og Facebook påberåber sig ansvarsfrihed med henvisning EU-reglerne om ”safe harbour”. Derved har de ikke samme ansvar for [&hellip;]

Københavns Universitet, Det Juridiske Fakultet, Søndre Campus, Njalsgade 76, Stuen Lokale 9A-0-01

Dansk Selskab for Ophavsret indkalder til Generalforsamling og medlemsmøde om The European Value Gap Debate.
