
{"id":67522,"date":"2018-04-25T13:03:26","date_gmt":"2018-04-25T11:03:26","guid":{"rendered":"https:\/\/uniavisen.dk\/event\/karl-marx-200-aars-foedselsdag\/"},"modified":"2018-04-25T13:03:26","modified_gmt":"2018-04-25T11:03:26","slug":"karl-marx-200-aars-foedselsdag","status":"publish","type":"event","link":"https:\/\/uniavisen.dk\/en\/event\/karl-marx-200-aars-foedselsdag\/","title":{"rendered":"KARL MARX&#8217; 200 \u00c5RS F\u00d8DSELSDAG!"},"content":{"rendered":"<p>Derfor inviterer <a href=\"https:\/\/www.facebook.com\/marxstud\/\">Marxistiske Studerende<\/a> til f\u00f8dselsdag med opl\u00e6g af Marie Frederiksen, redakt\u00f8r p\u00e5 &#8220;<a href=\"https:\/\/marxist.dk\">Revolution<\/a>&#8220;, under overskriften &#8220;Marx Anno 2018&#8221;. Det bliver str\u00e5lende!<\/p>\n<p>\u00d8nskeliste:<br \/>\n&#8211; Socialistisk verdensrevolution<br \/>\n&#8211; Proletariatets diktatur<br \/>\n&#8211; Nyudgivelsen af &#8220;Det Kommunistiske Manifest&#8221; i den luksusudgave (hardcover), som Forlaget Marx arbejder p\u00e5 i skrivende stund \ud83d\ude09<br \/>\n&#8211; Mange nye kammerater<br \/>\n&#8211; Den verden, vi har at vinde<br \/>\n&#8211; En st\u00e6rk marxistisk internationale<\/p>\n<p>Find facebookbegivenheden <a href=\"https:\/\/www.facebook.com\/events\/1681190008615937\/\">her<\/a>!<\/p>\n","protected":false},"excerpt":{"rendered":"<p>Derfor inviterer Marxistiske Studerende til f\u00f8dselsdag med opl\u00e6g af Marie Frederiksen, redakt\u00f8r p\u00e5 &#8220;Revolution&#8220;, under overskriften &#8220;Marx Anno 2018&#8221;. Det bliver str\u00e5lende! \u00d8nskeliste: &#8211; Socialistisk verdensrevolution &#8211; Proletariatets diktatur &#8211; Nyudgivelsen af &#8220;Det Kommunistiske Manifest&#8221; i den luksusudgave (hardcover), som Forlaget Marx arbejder p\u00e5 i skrivende stund \ud83d\ude09 &#8211; Mange nye kammerater &#8211; Den verden, [&hellip;]<\/p>\n","protected":false},"author":0,"featured_media":67523,"template":"","class_list":["post-67522","event","type-event","status-publish","has-post-thumbnail","hentry","event_category-fest"],"acf":[],"aioseo_notices":[],"yoast_head":"<!-- This site is optimized with the Yoast SEO plugin v27.5 - https:\/\/yoast.com\/product\/yoast-seo-wordpress\/ -->\n<title>KARL MARX&#039; 200 \u00c5RS F\u00d8DSELSDAG!<\/title>\n<meta name=\"robots\" content=\"index, follow, max-snippet:-1, max-image-preview:large, max-video-preview:-1\" \/>\n<link rel=\"canonical\" href=\"https:\/\/uniavisen.dk\/en\/event\/karl-marx-200-aars-foedselsdag\/\" \/>\n<meta property=\"og:locale\" content=\"en_US\" \/>\n<meta property=\"og:type\" content=\"article\" \/>\n<meta property=\"og:title\" content=\"KARL MARX&#039; 200 \u00c5RS F\u00d8DSELSDAG!\" \/>\n<meta property=\"og:description\" content=\"Derfor inviterer Marxistiske Studerende til f\u00f8dselsdag med opl\u00e6g af Marie Frederiksen, redakt\u00f8r p\u00e5 &#8220;Revolution&#8220;, under overskriften &#8220;Marx Anno 2018&#8221;. Det bliver str\u00e5lende! \u00d8nskeliste: &#8211; Socialistisk verdensrevolution &#8211; Proletariatets diktatur &#8211; Nyudgivelsen af &#8220;Det Kommunistiske Manifest&#8221; i den luksusudgave (hardcover), som Forlaget Marx arbejder p\u00e5 i skrivende stund \ud83d\ude09 &#8211; Mange nye kammerater &#8211; Den verden, [&hellip;]\" \/>\n<meta property=\"og:url\" content=\"https:\/\/uniavisen.dk\/en\/event\/karl-marx-200-aars-foedselsdag\/\" \/>\n<meta property=\"og:site_name\" content=\"University Post\" \/>\n<meta property=\"article:publisher\" content=\"https:\/\/www.facebook.com\/uniavis\" \/>\n<meta property=\"og:image\" content=\"https:\/\/uniavisen.dk\/wp-content\/uploads\/2018\/04\/311956387998079235440786068411287392485376n.jpg\" \/>\n\t<meta property=\"og:image:width\" content=\"960\" \/>\n\t<meta property=\"og:image:height\" content=\"602\" \/>\n\t<meta property=\"og:image:type\" content=\"image\/jpeg\" \/>\n<meta name=\"twitter:card\" content=\"summary_large_image\" \/>\n<meta name=\"twitter:site\" content=\"@Uniavisen\" \/>\n<script type=\"application\/ld+json\" class=\"yoast-schema-graph\">{\"@context\":\"https:\\\/\\\/schema.org\",\"@graph\":[{\"@type\":\"WebPage\",\"@id\":\"https:\\\/\\\/uniavisen.dk\\\/en\\\/event\\\/karl-marx-200-aars-foedselsdag\\\/\",\"url\":\"https:\\\/\\\/uniavisen.dk\\\/en\\\/event\\\/karl-marx-200-aars-foedselsdag\\\/\",\"name\":\"KARL MARX' 200 \u00c5RS F\u00d8DSELSDAG!\",\"isPartOf\":{\"@id\":\"https:\\\/\\\/uniavisen.dk\\\/#website\"},\"primaryImageOfPage\":{\"@id\":\"https:\\\/\\\/uniavisen.dk\\\/en\\\/event\\\/karl-marx-200-aars-foedselsdag\\\/#primaryimage\"},\"image\":{\"@id\":\"https:\\\/\\\/uniavisen.dk\\\/en\\\/event\\\/karl-marx-200-aars-foedselsdag\\\/#primaryimage\"},\"thumbnailUrl\":\"https:\\\/\\\/uniavisen.dk\\\/wp-content\\\/uploads\\\/2018\\\/04\\\/311956387998079235440786068411287392485376n.jpg\",\"datePublished\":\"2018-04-25T11:03:26+00:00\",\"breadcrumb\":{\"@id\":\"https:\\\/\\\/uniavisen.dk\\\/en\\\/event\\\/karl-marx-200-aars-foedselsdag\\\/#breadcrumb\"},\"inLanguage\":\"en-US\",\"potentialAction\":[{\"@type\":\"ReadAction\",\"target\":[\"https:\\\/\\\/uniavisen.dk\\\/en\\\/event\\\/karl-marx-200-aars-foedselsdag\\\/\"]}]},{\"@type\":\"ImageObject\",\"inLanguage\":\"en-US\",\"@id\":\"https:\\\/\\\/uniavisen.dk\\\/en\\\/event\\\/karl-marx-200-aars-foedselsdag\\\/#primaryimage\",\"url\":\"https:\\\/\\\/uniavisen.dk\\\/wp-content\\\/uploads\\\/2018\\\/04\\\/311956387998079235440786068411287392485376n.jpg\",\"contentUrl\":\"https:\\\/\\\/uniavisen.dk\\\/wp-content\\\/uploads\\\/2018\\\/04\\\/311956387998079235440786068411287392485376n.jpg\",\"width\":960,\"height\":602},{\"@type\":\"BreadcrumbList\",\"@id\":\"https:\\\/\\\/uniavisen.dk\\\/en\\\/event\\\/karl-marx-200-aars-foedselsdag\\\/#breadcrumb\",\"itemListElement\":[{\"@type\":\"ListItem\",\"position\":1,\"name\":\"Home\",\"item\":\"https:\\\/\\\/uniavisen.dk\\\/en\\\/\"},{\"@type\":\"ListItem\",\"position\":2,\"name\":\"Events\",\"item\":\"https:\\\/\\\/uniavisen.dk\\\/event\\\/\"},{\"@type\":\"ListItem\",\"position\":3,\"name\":\"KARL MARX&#8217; 200 \u00c5RS F\u00d8DSELSDAG!\"}]},{\"@type\":\"WebSite\",\"@id\":\"https:\\\/\\\/uniavisen.dk\\\/#website\",\"url\":\"https:\\\/\\\/uniavisen.dk\\\/\",\"name\":\"University Post\",\"description\":\"Independent of management\",\"potentialAction\":[{\"@type\":\"SearchAction\",\"target\":{\"@type\":\"EntryPoint\",\"urlTemplate\":\"https:\\\/\\\/uniavisen.dk\\\/?s={search_term_string}\"},\"query-input\":{\"@type\":\"PropertyValueSpecification\",\"valueRequired\":true,\"valueName\":\"search_term_string\"}}],\"inLanguage\":\"en-US\"}]}<\/script>\n<!-- \/ Yoast SEO plugin. -->","yoast_head_json":{"title":"KARL MARX' 200 \u00c5RS F\u00d8DSELSDAG!","robots":{"index":"index","follow":"follow","max-snippet":"max-snippet:-1","max-image-preview":"max-image-preview:large","max-video-preview":"max-video-preview:-1"},"canonical":"https:\/\/uniavisen.dk\/en\/event\/karl-marx-200-aars-foedselsdag\/","og_locale":"en_US","og_type":"article","og_title":"KARL MARX' 200 \u00c5RS F\u00d8DSELSDAG!","og_description":"Derfor inviterer Marxistiske Studerende til f\u00f8dselsdag med opl\u00e6g af Marie Frederiksen, redakt\u00f8r p\u00e5 &#8220;Revolution&#8220;, under overskriften &#8220;Marx Anno 2018&#8221;. Det bliver str\u00e5lende! \u00d8nskeliste: &#8211; Socialistisk verdensrevolution &#8211; Proletariatets diktatur &#8211; Nyudgivelsen af &#8220;Det Kommunistiske Manifest&#8221; i den luksusudgave (hardcover), som Forlaget Marx arbejder p\u00e5 i skrivende stund \ud83d\ude09 &#8211; Mange nye kammerater &#8211; Den verden, [&hellip;]","og_url":"https:\/\/uniavisen.dk\/en\/event\/karl-marx-200-aars-foedselsdag\/","og_site_name":"University Post","article_publisher":"https:\/\/www.facebook.com\/uniavis","og_image":[{"width":960,"height":602,"url":"https:\/\/uniavisen.dk\/wp-content\/uploads\/2018\/04\/311956387998079235440786068411287392485376n.jpg","type":"image\/jpeg"}],"twitter_card":"summary_large_image","twitter_site":"@Uniavisen","schema":{"@context":"https:\/\/schema.org","@graph":[{"@type":"WebPage","@id":"https:\/\/uniavisen.dk\/en\/event\/karl-marx-200-aars-foedselsdag\/","url":"https:\/\/uniavisen.dk\/en\/event\/karl-marx-200-aars-foedselsdag\/","name":"KARL MARX' 200 \u00c5RS F\u00d8DSELSDAG!","isPartOf":{"@id":"https:\/\/uniavisen.dk\/#website"},"primaryImageOfPage":{"@id":"https:\/\/uniavisen.dk\/en\/event\/karl-marx-200-aars-foedselsdag\/#primaryimage"},"image":{"@id":"https:\/\/uniavisen.dk\/en\/event\/karl-marx-200-aars-foedselsdag\/#primaryimage"},"thumbnailUrl":"https:\/\/uniavisen.dk\/wp-content\/uploads\/2018\/04\/311956387998079235440786068411287392485376n.jpg","datePublished":"2018-04-25T11:03:26+00:00","breadcrumb":{"@id":"https:\/\/uniavisen.dk\/en\/event\/karl-marx-200-aars-foedselsdag\/#breadcrumb"},"inLanguage":"en-US","potentialAction":[{"@type":"ReadAction","target":["https:\/\/uniavisen.dk\/en\/event\/karl-marx-200-aars-foedselsdag\/"]}]},{"@type":"ImageObject","inLanguage":"en-US","@id":"https:\/\/uniavisen.dk\/en\/event\/karl-marx-200-aars-foedselsdag\/#primaryimage","url":"https:\/\/uniavisen.dk\/wp-content\/uploads\/2018\/04\/311956387998079235440786068411287392485376n.jpg","contentUrl":"https:\/\/uniavisen.dk\/wp-content\/uploads\/2018\/04\/311956387998079235440786068411287392485376n.jpg","width":960,"height":602},{"@type":"BreadcrumbList","@id":"https:\/\/uniavisen.dk\/en\/event\/karl-marx-200-aars-foedselsdag\/#breadcrumb","itemListElement":[{"@type":"ListItem","position":1,"name":"Home","item":"https:\/\/uniavisen.dk\/en\/"},{"@type":"ListItem","position":2,"name":"Events","item":"https:\/\/uniavisen.dk\/event\/"},{"@type":"ListItem","position":3,"name":"KARL MARX&#8217; 200 \u00c5RS F\u00d8DSELSDAG!"}]},{"@type":"WebSite","@id":"https:\/\/uniavisen.dk\/#website","url":"https:\/\/uniavisen.dk\/","name":"University Post","description":"Independent of management","potentialAction":[{"@type":"SearchAction","target":{"@type":"EntryPoint","urlTemplate":"https:\/\/uniavisen.dk\/?s={search_term_string}"},"query-input":{"@type":"PropertyValueSpecification","valueRequired":true,"valueName":"search_term_string"}}],"inLanguage":"en-US"}]}},"advancedCustomFields":{"event_category":{"term_id":144,"name":"Fest","slug":"fest","term_group":0,"term_taxonomy_id":144,"taxonomy":"event_category","description":"","parent":0,"count":34,"filter":"raw"},"start":"2018-05-05 18:00:00","add_end_time":true,"end":"2018-05-05 22:30:00","location":"Kulturhuset Indre By, Charlotte Ammundsens Plads 3, 1359 K\u00f8benhavn K","host_name":"Marxistiske Studerende","ticket_link":"","event_is_free":true,"event_poster":{"ID":67523,"id":67523,"title":"311956387998079235440786068411287392485376n.jpg","filename":"311956387998079235440786068411287392485376n.jpg","filesize":33806,"url":"https:\/\/uniavisen.dk\/wp-content\/uploads\/2018\/04\/311956387998079235440786068411287392485376n.jpg","link":"https:\/\/uniavisen.dk\/en\/event\/karl-marx-200-aars-foedselsdag\/311956387998079235440786068411287392485376n-jpg\/","alt":"","author":"0","description":"","caption":"","name":"311956387998079235440786068411287392485376n-jpg","status":"inherit","uploaded_to":67522,"date":"2018-04-25 11:03:26","modified":"2018-04-25 11:03:27","menu_order":0,"mime_type":"image\/jpeg","type":"image","subtype":"jpeg","icon":"https:\/\/uniavisen.dk\/wp-includes\/images\/media\/default.png","width":960,"height":602,"sizes":{"thumbnail":"https:\/\/uniavisen.dk\/wp-content\/uploads\/2018\/04\/311956387998079235440786068411287392485376n-150x150.jpg","thumbnail-width":150,"thumbnail-height":150,"medium":"https:\/\/uniavisen.dk\/wp-content\/uploads\/2018\/04\/311956387998079235440786068411287392485376n-480x301.jpg","medium-width":480,"medium-height":301,"medium_large":"https:\/\/uniavisen.dk\/wp-content\/uploads\/2018\/04\/311956387998079235440786068411287392485376n-768x482.jpg","medium_large-width":768,"medium_large-height":482,"large":"https:\/\/uniavisen.dk\/wp-content\/uploads\/2018\/04\/311956387998079235440786068411287392485376n.jpg","large-width":960,"large-height":602,"1536x1536":"https:\/\/uniavisen.dk\/wp-content\/uploads\/2018\/04\/311956387998079235440786068411287392485376n.jpg","1536x1536-width":960,"1536x1536-height":602,"2048x2048":"https:\/\/uniavisen.dk\/wp-content\/uploads\/2018\/04\/311956387998079235440786068411287392485376n.jpg","2048x2048-width":960,"2048x2048-height":602,"featured-soft":"https:\/\/uniavisen.dk\/wp-content\/uploads\/2018\/04\/311956387998079235440786068411287392485376n-290x182.jpg","featured-soft-width":290,"featured-soft-height":182,"featured-hard":"https:\/\/uniavisen.dk\/wp-content\/uploads\/2018\/04\/311956387998079235440786068411287392485376n-290x180.jpg","featured-hard-width":290,"featured-hard-height":180,"narrow":"https:\/\/uniavisen.dk\/wp-content\/uploads\/2018\/04\/311956387998079235440786068411287392485376n-700x439.jpg","narrow-width":700,"narrow-height":439,"extended":"https:\/\/uniavisen.dk\/wp-content\/uploads\/2018\/04\/311956387998079235440786068411287392485376n.jpg","extended-width":960,"extended-height":602}},"short_description":"L\u00f8rdag d. 5. maj 2018 markerer 200-\u00e5ret for gamle dreng Karl Marx' f\u00f8dselsdag, og det agter vi at fejre p\u00e5 \u00e6gte revolution\u00e6r man\u00e9r med \u00f8l (eller r\u00f8d sodavand), lagkage og marxistisk teori!","old_url":""},"_links":{"self":[{"href":"https:\/\/uniavisen.dk\/en\/wp-json\/wp\/v2\/events\/67522","targetHints":{"allow":["GET"]}}],"collection":[{"href":"https:\/\/uniavisen.dk\/en\/wp-json\/wp\/v2\/events"}],"about":[{"href":"https:\/\/uniavisen.dk\/en\/wp-json\/wp\/v2\/types\/event"}],"version-history":[{"count":0,"href":"https:\/\/uniavisen.dk\/en\/wp-json\/wp\/v2\/events\/67522\/revisions"}],"wp:featuredmedia":[{"embeddable":true,"href":"https:\/\/uniavisen.dk\/en\/wp-json\/wp\/v2\/media\/67523"}],"wp:attachment":[{"href":"https:\/\/uniavisen.dk\/en\/wp-json\/wp\/v2\/media?parent=67522"}],"curies":[{"name":"wp","href":"https:\/\/api.w.org\/{rel}","templated":true}]}}

KARL MARX&#8217; 200 ÅRS FØDSELSDAG!

<p>Derfor inviterer <a href="https://www.facebook.com/marxstud/">Marxistiske Studerende</a> til fødselsdag med oplæg af Marie Frederiksen, redaktør på &#8220;<a href="https://marxist.dk">Revolution</a>&#8220;, under overskriften &#8220;Marx Anno 2018&#8221;. Det bliver strålende!</p>
<p>Ønskeliste:<br />
&#8211; Socialistisk verdensrevolution<br />
&#8211; Proletariatets diktatur<br />
&#8211; Nyudgivelsen af &#8220;Det Kommunistiske Manifest&#8221; i den luksusudgave (hardcover), som Forlaget Marx arbejder på i skrivende stund 😉<br />
&#8211; Mange nye kammerater<br />
&#8211; Den verden, vi har at vinde<br />
&#8211; En stærk marxistisk internationale</p>
<p>Find facebookbegivenheden <a href="https://www.facebook.com/events/1681190008615937/">her</a>!</p>

<p>Derfor inviterer Marxistiske Studerende til fødselsdag med oplæg af Marie Frederiksen, redaktør på &#8220;Revolution&#8220;, under overskriften &#8220;Marx Anno 2018&#8221;. Det bliver strålende! Ønskeliste: &#8211; Socialistisk verdensrevolution &#8211; Proletariatets diktatur &#8211; Nyudgivelsen af &#8220;Det Kommunistiske Manifest&#8221; i den luksusudgave (hardcover), som Forlaget Marx arbejder på i skrivende stund 😉 &#8211; Mange nye kammerater &#8211; Den verden, [&hellip;]</p>

<!-- This site is optimized with the Yoast SEO plugin v27.5 - https://yoast.com/product/yoast-seo-wordpress/ -->
<title>KARL MARX&#039; 200 ÅRS FØDSELSDAG!</title>
<meta name="robots" content="index, follow, max-snippet:-1, max-image-preview:large, max-video-preview:-1" />
<link rel="canonical" href="https://uniavisen.dk/en/event/karl-marx-200-aars-foedselsdag/" />
<meta property="og:locale" content="en_US" />
<meta property="og:type" content="article" />
<meta property="og:title" content="KARL MARX&#039; 200 ÅRS FØDSELSDAG!" />
<meta property="og:description" content="Derfor inviterer Marxistiske Studerende til fødselsdag med oplæg af Marie Frederiksen, redaktør på &#8220;Revolution&#8220;, under overskriften &#8220;Marx Anno 2018&#8221;. Det bliver strålende! Ønskeliste: &#8211; Socialistisk verdensrevolution &#8211; Proletariatets diktatur &#8211; Nyudgivelsen af &#8220;Det Kommunistiske Manifest&#8221; i den luksusudgave (hardcover), som Forlaget Marx arbejder på i skrivende stund 😉 &#8211; Mange nye kammerater &#8211; Den verden, [&hellip;]" />
<meta property="og:url" content="https://uniavisen.dk/en/event/karl-marx-200-aars-foedselsdag/" />
<meta property="og:site_name" content="University Post" />
<meta property="article:publisher" content="https://www.facebook.com/uniavis" />
<meta property="og:image" content="https://uniavisen.dk/wp-content/uploads/2018/04/311956387998079235440786068411287392485376n.jpg" />
	<meta property="og:image:width" content="960" />
	<meta property="og:image:height" content="602" />
	<meta property="og:image:type" content="image/jpeg" />
<meta name="twitter:card" content="summary_large_image" />
<meta name="twitter:site" content="@Uniavisen" />
<script type="application/ld+json" class="yoast-schema-graph">{"@context":"https:\/\/schema.org","@graph":[{"@type":"WebPage","@id":"https:\/\/uniavisen.dk\/en\/event\/karl-marx-200-aars-foedselsdag\/","url":"https:\/\/uniavisen.dk\/en\/event\/karl-marx-200-aars-foedselsdag\/","name":"KARL MARX' 200 ÅRS FØDSELSDAG!","isPartOf":{"@id":"https:\/\/uniavisen.dk\/#website"},"primaryImageOfPage":{"@id":"https:\/\/uniavisen.dk\/en\/event\/karl-marx-200-aars-foedselsdag\/#primaryimage"},"image":{"@id":"https:\/\/uniavisen.dk\/en\/event\/karl-marx-200-aars-foedselsdag\/#primaryimage"},"thumbnailUrl":"https:\/\/uniavisen.dk\/wp-content\/uploads\/2018\/04\/311956387998079235440786068411287392485376n.jpg","datePublished":"2018-04-25T11:03:26+00:00","breadcrumb":{"@id":"https:\/\/uniavisen.dk\/en\/event\/karl-marx-200-aars-foedselsdag\/#breadcrumb"},"inLanguage":"en-US","potentialAction":[{"@type":"ReadAction","target":["https:\/\/uniavisen.dk\/en\/event\/karl-marx-200-aars-foedselsdag\/"]}]},{"@type":"ImageObject","inLanguage":"en-US","@id":"https:\/\/uniavisen.dk\/en\/event\/karl-marx-200-aars-foedselsdag\/#primaryimage","url":"https:\/\/uniavisen.dk\/wp-content\/uploads\/2018\/04\/311956387998079235440786068411287392485376n.jpg","contentUrl":"https:\/\/uniavisen.dk\/wp-content\/uploads\/2018\/04\/311956387998079235440786068411287392485376n.jpg","width":960,"height":602},{"@type":"BreadcrumbList","@id":"https:\/\/uniavisen.dk\/en\/event\/karl-marx-200-aars-foedselsdag\/#breadcrumb","itemListElement":[{"@type":"ListItem","position":1,"name":"Home","item":"https:\/\/uniavisen.dk\/en\/"},{"@type":"ListItem","position":2,"name":"Events","item":"https:\/\/uniavisen.dk\/event\/"},{"@type":"ListItem","position":3,"name":"KARL MARX&#8217; 200 ÅRS FØDSELSDAG!"}]},{"@type":"WebSite","@id":"https:\/\/uniavisen.dk\/#website","url":"https:\/\/uniavisen.dk\/","name":"University Post","description":"Independent of management","potentialAction":[{"@type":"SearchAction","target":{"@type":"EntryPoint","urlTemplate":"https:\/\/uniavisen.dk\/?s={search_term_string}"},"query-input":{"@type":"PropertyValueSpecification","valueRequired":true,"valueName":"search_term_string"}}],"inLanguage":"en-US"}]}</script>
<!-- / Yoast SEO plugin. -->

KARL MARX' 200 ÅRS FØDSELSDAG!

Derfor inviterer Marxistiske Studerende til fødselsdag med oplæg af Marie Frederiksen, redaktør på &#8220;Revolution&#8220;, under overskriften &#8220;Marx Anno 2018&#8221;. Det bliver strålende! Ønskeliste: &#8211; Socialistisk verdensrevolution &#8211; Proletariatets diktatur &#8211; Nyudgivelsen af &#8220;Det Kommunistiske Manifest&#8221; i den luksusudgave (hardcover), som Forlaget Marx arbejder på i skrivende stund 😉 &#8211; Mange nye kammerater &#8211; Den verden, [&hellip;]

Kulturhuset Indre By, Charlotte Ammundsens Plads 3, 1359 København K

Lørdag d. 5. maj 2018 markerer 200-året for gamle dreng Karl Marx' fødselsdag, og det agter vi at fejre på ægte revolutionær manér med øl (eller rød sodavand), lagkage og marxistisk teori!
