
{"id":93636,"date":"2019-09-25T10:51:36","date_gmt":"2019-09-25T08:51:36","guid":{"rendered":"https:\/\/uniavisen.dk\/event\/efteraarsferie-i-blinde\/"},"modified":"2019-09-25T10:51:36","modified_gmt":"2019-09-25T08:51:36","slug":"efteraarsferie-i-blinde","status":"publish","type":"event","link":"https:\/\/uniavisen.dk\/en\/event\/efteraarsferie-i-blinde\/","title":{"rendered":"Efter\u00e5rsferie: I blinde"},"content":{"rendered":"<p>F\u00f8l dig frem, kn\u00e6k koden og l\u00e6s med fingrene. I efter\u00e5rsferien p\u00e5 Medicinsk Museion kan store og sm\u00e5 m\u00e6rke verden, som den opleves af blinde og svagsynede. Familien kan dyste mod hinanden \u2013 hvem er hurtigst til at l\u00e6re punktskrift, l\u00f8se hemmelige koder og g\u00e6tte figurerne i sansekassen.<\/p>\n<p>Aktiviteterne i efter\u00e5rsferien er en del af miniudstillingen &#8216;I blinde&#8217;, hvor der udstilles historiske og nutidige kommunikationsmidler, der er blevet brugt af blinde og svagsynede. I udstillingen kan man opleve teknikker og metoder, der g\u00f8r det muligt at l\u00e6se og skrive selvom man ikke kan se. Fra de f\u00f8rste skriveapparater i 1800-tallet til app\u2019en \u2018Be My Eyes\u2019, der via en smartphone stiller seendes \u00f8jne til r\u00e5dighed for blinde.<\/p>\n<p>Museets v\u00e6rter introducerer til udstillingen og s\u00e6tter publikum i gang med efter\u00e5rsaktiviteterne.<\/p>\n<p>Aktiviteten egner sig bedst til b\u00f8rn i alderen 7-12 \u00e5r.<\/p>\n<p>Det er gratis at deltage, n\u00e5r entr\u00e9en er betalt.<\/p>\n<p>HVORN\u00c5R:<br \/>\nL\u00f8rdag d. 12. og s\u00f8ndag d. 13. oktober kl. 12.30-15<br \/>\nTirsdag d. 15.-fredag d. 18. oktober kl. 10-12.30<br \/>\nMandag d. 14. oktober: lukket<\/p>\n","protected":false},"excerpt":{"rendered":"<p>F\u00f8l dig frem, kn\u00e6k koden og l\u00e6s med fingrene. I efter\u00e5rsferien p\u00e5 Medicinsk Museion kan store og sm\u00e5 m\u00e6rke verden, som den opleves af blinde og svagsynede. Familien kan dyste mod hinanden \u2013 hvem er hurtigst til at l\u00e6re punktskrift, l\u00f8se hemmelige koder og g\u00e6tte figurerne i sansekassen. Aktiviteterne i efter\u00e5rsferien er en del af [&hellip;]<\/p>\n","protected":false},"author":0,"featured_media":93637,"template":"","class_list":["post-93636","event","type-event","status-publish","has-post-thumbnail","hentry","event_category-oevrige"],"acf":[],"aioseo_notices":[],"yoast_head":"<!-- This site is optimized with the Yoast SEO plugin v27.5 - https:\/\/yoast.com\/product\/yoast-seo-wordpress\/ -->\n<title>Efter\u00e5rsferie: I blinde<\/title>\n<meta name=\"robots\" content=\"index, follow, max-snippet:-1, max-image-preview:large, max-video-preview:-1\" \/>\n<link rel=\"canonical\" href=\"https:\/\/uniavisen.dk\/en\/event\/efteraarsferie-i-blinde\/\" \/>\n<meta property=\"og:locale\" content=\"en_US\" \/>\n<meta property=\"og:type\" content=\"article\" \/>\n<meta property=\"og:title\" content=\"Efter\u00e5rsferie: I blinde\" \/>\n<meta property=\"og:description\" content=\"F\u00f8l dig frem, kn\u00e6k koden og l\u00e6s med fingrene. I efter\u00e5rsferien p\u00e5 Medicinsk Museion kan store og sm\u00e5 m\u00e6rke verden, som den opleves af blinde og svagsynede. Familien kan dyste mod hinanden \u2013 hvem er hurtigst til at l\u00e6re punktskrift, l\u00f8se hemmelige koder og g\u00e6tte figurerne i sansekassen. Aktiviteterne i efter\u00e5rsferien er en del af [&hellip;]\" \/>\n<meta property=\"og:url\" content=\"https:\/\/uniavisen.dk\/en\/event\/efteraarsferie-i-blinde\/\" \/>\n<meta property=\"og:site_name\" content=\"University Post\" \/>\n<meta property=\"article:publisher\" content=\"https:\/\/www.facebook.com\/uniavis\" \/>\n<meta property=\"og:image\" content=\"https:\/\/uniavisen.dk\/wp-content\/uploads\/2019\/09\/fbeventcoverkunoverskrift.jpg\" \/>\n\t<meta property=\"og:image:width\" content=\"1920\" \/>\n\t<meta property=\"og:image:height\" content=\"1080\" \/>\n\t<meta property=\"og:image:type\" content=\"image\/jpeg\" \/>\n<meta name=\"twitter:card\" content=\"summary_large_image\" \/>\n<meta name=\"twitter:site\" content=\"@Uniavisen\" \/>\n<meta name=\"twitter:label1\" content=\"Est. reading time\" \/>\n\t<meta name=\"twitter:data1\" content=\"1 minute\" \/>\n<script type=\"application\/ld+json\" class=\"yoast-schema-graph\">{\"@context\":\"https:\\\/\\\/schema.org\",\"@graph\":[{\"@type\":\"WebPage\",\"@id\":\"https:\\\/\\\/uniavisen.dk\\\/en\\\/event\\\/efteraarsferie-i-blinde\\\/\",\"url\":\"https:\\\/\\\/uniavisen.dk\\\/en\\\/event\\\/efteraarsferie-i-blinde\\\/\",\"name\":\"Efter\u00e5rsferie: I blinde\",\"isPartOf\":{\"@id\":\"https:\\\/\\\/uniavisen.dk\\\/#website\"},\"primaryImageOfPage\":{\"@id\":\"https:\\\/\\\/uniavisen.dk\\\/en\\\/event\\\/efteraarsferie-i-blinde\\\/#primaryimage\"},\"image\":{\"@id\":\"https:\\\/\\\/uniavisen.dk\\\/en\\\/event\\\/efteraarsferie-i-blinde\\\/#primaryimage\"},\"thumbnailUrl\":\"https:\\\/\\\/uniavisen.dk\\\/wp-content\\\/uploads\\\/2019\\\/09\\\/fbeventcoverkunoverskrift.jpg\",\"datePublished\":\"2019-09-25T08:51:36+00:00\",\"breadcrumb\":{\"@id\":\"https:\\\/\\\/uniavisen.dk\\\/en\\\/event\\\/efteraarsferie-i-blinde\\\/#breadcrumb\"},\"inLanguage\":\"en-US\",\"potentialAction\":[{\"@type\":\"ReadAction\",\"target\":[\"https:\\\/\\\/uniavisen.dk\\\/en\\\/event\\\/efteraarsferie-i-blinde\\\/\"]}]},{\"@type\":\"ImageObject\",\"inLanguage\":\"en-US\",\"@id\":\"https:\\\/\\\/uniavisen.dk\\\/en\\\/event\\\/efteraarsferie-i-blinde\\\/#primaryimage\",\"url\":\"https:\\\/\\\/uniavisen.dk\\\/wp-content\\\/uploads\\\/2019\\\/09\\\/fbeventcoverkunoverskrift.jpg\",\"contentUrl\":\"https:\\\/\\\/uniavisen.dk\\\/wp-content\\\/uploads\\\/2019\\\/09\\\/fbeventcoverkunoverskrift.jpg\",\"width\":1920,\"height\":1080},{\"@type\":\"BreadcrumbList\",\"@id\":\"https:\\\/\\\/uniavisen.dk\\\/en\\\/event\\\/efteraarsferie-i-blinde\\\/#breadcrumb\",\"itemListElement\":[{\"@type\":\"ListItem\",\"position\":1,\"name\":\"Home\",\"item\":\"https:\\\/\\\/uniavisen.dk\\\/en\\\/\"},{\"@type\":\"ListItem\",\"position\":2,\"name\":\"Events\",\"item\":\"https:\\\/\\\/uniavisen.dk\\\/event\\\/\"},{\"@type\":\"ListItem\",\"position\":3,\"name\":\"Efter\u00e5rsferie: I blinde\"}]},{\"@type\":\"WebSite\",\"@id\":\"https:\\\/\\\/uniavisen.dk\\\/#website\",\"url\":\"https:\\\/\\\/uniavisen.dk\\\/\",\"name\":\"University Post\",\"description\":\"Independent of management\",\"potentialAction\":[{\"@type\":\"SearchAction\",\"target\":{\"@type\":\"EntryPoint\",\"urlTemplate\":\"https:\\\/\\\/uniavisen.dk\\\/?s={search_term_string}\"},\"query-input\":{\"@type\":\"PropertyValueSpecification\",\"valueRequired\":true,\"valueName\":\"search_term_string\"}}],\"inLanguage\":\"en-US\"}]}<\/script>\n<!-- \/ Yoast SEO plugin. -->","yoast_head_json":{"title":"Efter\u00e5rsferie: I blinde","robots":{"index":"index","follow":"follow","max-snippet":"max-snippet:-1","max-image-preview":"max-image-preview:large","max-video-preview":"max-video-preview:-1"},"canonical":"https:\/\/uniavisen.dk\/en\/event\/efteraarsferie-i-blinde\/","og_locale":"en_US","og_type":"article","og_title":"Efter\u00e5rsferie: I blinde","og_description":"F\u00f8l dig frem, kn\u00e6k koden og l\u00e6s med fingrene. I efter\u00e5rsferien p\u00e5 Medicinsk Museion kan store og sm\u00e5 m\u00e6rke verden, som den opleves af blinde og svagsynede. Familien kan dyste mod hinanden \u2013 hvem er hurtigst til at l\u00e6re punktskrift, l\u00f8se hemmelige koder og g\u00e6tte figurerne i sansekassen. Aktiviteterne i efter\u00e5rsferien er en del af [&hellip;]","og_url":"https:\/\/uniavisen.dk\/en\/event\/efteraarsferie-i-blinde\/","og_site_name":"University Post","article_publisher":"https:\/\/www.facebook.com\/uniavis","og_image":[{"width":1920,"height":1080,"url":"https:\/\/uniavisen.dk\/wp-content\/uploads\/2019\/09\/fbeventcoverkunoverskrift.jpg","type":"image\/jpeg"}],"twitter_card":"summary_large_image","twitter_site":"@Uniavisen","twitter_misc":{"Est. reading time":"1 minute"},"schema":{"@context":"https:\/\/schema.org","@graph":[{"@type":"WebPage","@id":"https:\/\/uniavisen.dk\/en\/event\/efteraarsferie-i-blinde\/","url":"https:\/\/uniavisen.dk\/en\/event\/efteraarsferie-i-blinde\/","name":"Efter\u00e5rsferie: I blinde","isPartOf":{"@id":"https:\/\/uniavisen.dk\/#website"},"primaryImageOfPage":{"@id":"https:\/\/uniavisen.dk\/en\/event\/efteraarsferie-i-blinde\/#primaryimage"},"image":{"@id":"https:\/\/uniavisen.dk\/en\/event\/efteraarsferie-i-blinde\/#primaryimage"},"thumbnailUrl":"https:\/\/uniavisen.dk\/wp-content\/uploads\/2019\/09\/fbeventcoverkunoverskrift.jpg","datePublished":"2019-09-25T08:51:36+00:00","breadcrumb":{"@id":"https:\/\/uniavisen.dk\/en\/event\/efteraarsferie-i-blinde\/#breadcrumb"},"inLanguage":"en-US","potentialAction":[{"@type":"ReadAction","target":["https:\/\/uniavisen.dk\/en\/event\/efteraarsferie-i-blinde\/"]}]},{"@type":"ImageObject","inLanguage":"en-US","@id":"https:\/\/uniavisen.dk\/en\/event\/efteraarsferie-i-blinde\/#primaryimage","url":"https:\/\/uniavisen.dk\/wp-content\/uploads\/2019\/09\/fbeventcoverkunoverskrift.jpg","contentUrl":"https:\/\/uniavisen.dk\/wp-content\/uploads\/2019\/09\/fbeventcoverkunoverskrift.jpg","width":1920,"height":1080},{"@type":"BreadcrumbList","@id":"https:\/\/uniavisen.dk\/en\/event\/efteraarsferie-i-blinde\/#breadcrumb","itemListElement":[{"@type":"ListItem","position":1,"name":"Home","item":"https:\/\/uniavisen.dk\/en\/"},{"@type":"ListItem","position":2,"name":"Events","item":"https:\/\/uniavisen.dk\/event\/"},{"@type":"ListItem","position":3,"name":"Efter\u00e5rsferie: I blinde"}]},{"@type":"WebSite","@id":"https:\/\/uniavisen.dk\/#website","url":"https:\/\/uniavisen.dk\/","name":"University Post","description":"Independent of management","potentialAction":[{"@type":"SearchAction","target":{"@type":"EntryPoint","urlTemplate":"https:\/\/uniavisen.dk\/?s={search_term_string}"},"query-input":{"@type":"PropertyValueSpecification","valueRequired":true,"valueName":"search_term_string"}}],"inLanguage":"en-US"}]}},"advancedCustomFields":{"event_category":{"term_id":70,"name":"\u00d8vrige","slug":"oevrige","term_group":0,"term_taxonomy_id":70,"taxonomy":"event_category","description":"","parent":0,"count":575,"filter":"raw"},"start":"2019-10-12 12:30:00","add_end_time":true,"end":"2019-10-18 12:30:00","location":"Medicinsk Museion<br \/>\r\nBredgade 62<br \/>\r\n1260 K\u00f8benhavn K","host_name":"Medicinsk Museion","ticket_link":"","event_is_free":false,"event_price":"B\u00f8rn 50 DKK \/ Voksne 75 DKK","event_poster":{"ID":93637,"id":93637,"title":"fbeventcoverkunoverskrift.jpg","filename":"fbeventcoverkunoverskrift.jpg","filesize":166755,"url":"https:\/\/uniavisen.dk\/wp-content\/uploads\/2019\/09\/fbeventcoverkunoverskrift.jpg","link":"https:\/\/uniavisen.dk\/en\/event\/efteraarsferie-i-blinde\/fbeventcoverkunoverskrift-jpg\/","alt":"","author":"0","description":"","caption":"","name":"fbeventcoverkunoverskrift-jpg","status":"inherit","uploaded_to":93636,"date":"2019-09-25 08:51:36","modified":"2019-09-25 08:51:43","menu_order":0,"mime_type":"image\/jpeg","type":"image","subtype":"jpeg","icon":"https:\/\/uniavisen.dk\/wp-includes\/images\/media\/default.png","width":1920,"height":1080,"sizes":{"thumbnail":"https:\/\/uniavisen.dk\/wp-content\/uploads\/2019\/09\/fbeventcoverkunoverskrift-150x150.jpg","thumbnail-width":150,"thumbnail-height":150,"medium":"https:\/\/uniavisen.dk\/wp-content\/uploads\/2019\/09\/fbeventcoverkunoverskrift-480x270.jpg","medium-width":480,"medium-height":270,"medium_large":"https:\/\/uniavisen.dk\/wp-content\/uploads\/2019\/09\/fbeventcoverkunoverskrift-768x432.jpg","medium_large-width":768,"medium_large-height":432,"large":"https:\/\/uniavisen.dk\/wp-content\/uploads\/2019\/09\/fbeventcoverkunoverskrift-1280x720.jpg","large-width":1280,"large-height":720,"1536x1536":"https:\/\/uniavisen.dk\/wp-content\/uploads\/2019\/09\/fbeventcoverkunoverskrift.jpg","1536x1536-width":1536,"1536x1536-height":864,"2048x2048":"https:\/\/uniavisen.dk\/wp-content\/uploads\/2019\/09\/fbeventcoverkunoverskrift.jpg","2048x2048-width":1920,"2048x2048-height":1080,"featured-soft":"https:\/\/uniavisen.dk\/wp-content\/uploads\/2019\/09\/fbeventcoverkunoverskrift-290x163.jpg","featured-soft-width":290,"featured-soft-height":163,"featured-hard":"https:\/\/uniavisen.dk\/wp-content\/uploads\/2019\/09\/fbeventcoverkunoverskrift-290x180.jpg","featured-hard-width":290,"featured-hard-height":180,"narrow":"https:\/\/uniavisen.dk\/wp-content\/uploads\/2019\/09\/fbeventcoverkunoverskrift-700x394.jpg","narrow-width":700,"narrow-height":394,"extended":"https:\/\/uniavisen.dk\/wp-content\/uploads\/2019\/09\/fbeventcoverkunoverskrift-990x557.jpg","extended-width":990,"extended-height":557}},"short_description":"F\u00f8l dig frem, kn\u00e6k koden og l\u00e6s med fingrene. I efter\u00e5rsferien p\u00e5 Medicinsk Museion kan store og sm\u00e5 m\u00e6rke verden, som den opleves af blinde og svagsynede. Familien kan dyste mod hinanden \u2013 hvem er hurtigst til at l\u00e6re punktskrift, l\u00f8se hemmelige koder og g\u00e6tte figurerne i sansekassen. ","old_url":""},"_links":{"self":[{"href":"https:\/\/uniavisen.dk\/en\/wp-json\/wp\/v2\/events\/93636","targetHints":{"allow":["GET"]}}],"collection":[{"href":"https:\/\/uniavisen.dk\/en\/wp-json\/wp\/v2\/events"}],"about":[{"href":"https:\/\/uniavisen.dk\/en\/wp-json\/wp\/v2\/types\/event"}],"version-history":[{"count":0,"href":"https:\/\/uniavisen.dk\/en\/wp-json\/wp\/v2\/events\/93636\/revisions"}],"wp:featuredmedia":[{"embeddable":true,"href":"https:\/\/uniavisen.dk\/en\/wp-json\/wp\/v2\/media\/93637"}],"wp:attachment":[{"href":"https:\/\/uniavisen.dk\/en\/wp-json\/wp\/v2\/media?parent=93636"}],"curies":[{"name":"wp","href":"https:\/\/api.w.org\/{rel}","templated":true}]}}

Efterårsferie: I blinde

<p>Føl dig frem, knæk koden og læs med fingrene. I efterårsferien på Medicinsk Museion kan store og små mærke verden, som den opleves af blinde og svagsynede. Familien kan dyste mod hinanden – hvem er hurtigst til at lære punktskrift, løse hemmelige koder og gætte figurerne i sansekassen.</p>
<p>Aktiviteterne i efterårsferien er en del af miniudstillingen &#8216;I blinde&#8217;, hvor der udstilles historiske og nutidige kommunikationsmidler, der er blevet brugt af blinde og svagsynede. I udstillingen kan man opleve teknikker og metoder, der gør det muligt at læse og skrive selvom man ikke kan se. Fra de første skriveapparater i 1800-tallet til app’en ‘Be My Eyes’, der via en smartphone stiller seendes øjne til rådighed for blinde.</p>
<p>Museets værter introducerer til udstillingen og sætter publikum i gang med efterårsaktiviteterne.</p>
<p>Aktiviteten egner sig bedst til børn i alderen 7-12 år.</p>
<p>Det er gratis at deltage, når entréen er betalt.</p>
<p>HVORNÅR:<br />
Lørdag d. 12. og søndag d. 13. oktober kl. 12.30-15<br />
Tirsdag d. 15.-fredag d. 18. oktober kl. 10-12.30<br />
Mandag d. 14. oktober: lukket</p>

<p>Føl dig frem, knæk koden og læs med fingrene. I efterårsferien på Medicinsk Museion kan store og små mærke verden, som den opleves af blinde og svagsynede. Familien kan dyste mod hinanden – hvem er hurtigst til at lære punktskrift, løse hemmelige koder og gætte figurerne i sansekassen. Aktiviteterne i efterårsferien er en del af [&hellip;]</p>

<!-- This site is optimized with the Yoast SEO plugin v27.5 - https://yoast.com/product/yoast-seo-wordpress/ -->
<title>Efterårsferie: I blinde</title>
<meta name="robots" content="index, follow, max-snippet:-1, max-image-preview:large, max-video-preview:-1" />
<link rel="canonical" href="https://uniavisen.dk/en/event/efteraarsferie-i-blinde/" />
<meta property="og:locale" content="en_US" />
<meta property="og:type" content="article" />
<meta property="og:title" content="Efterårsferie: I blinde" />
<meta property="og:description" content="Føl dig frem, knæk koden og læs med fingrene. I efterårsferien på Medicinsk Museion kan store og små mærke verden, som den opleves af blinde og svagsynede. Familien kan dyste mod hinanden – hvem er hurtigst til at lære punktskrift, løse hemmelige koder og gætte figurerne i sansekassen. Aktiviteterne i efterårsferien er en del af [&hellip;]" />
<meta property="og:url" content="https://uniavisen.dk/en/event/efteraarsferie-i-blinde/" />
<meta property="og:site_name" content="University Post" />
<meta property="article:publisher" content="https://www.facebook.com/uniavis" />
<meta property="og:image" content="https://uniavisen.dk/wp-content/uploads/2019/09/fbeventcoverkunoverskrift.jpg" />
	<meta property="og:image:width" content="1920" />
	<meta property="og:image:height" content="1080" />
	<meta property="og:image:type" content="image/jpeg" />
<meta name="twitter:card" content="summary_large_image" />
<meta name="twitter:site" content="@Uniavisen" />
<meta name="twitter:label1" content="Est. reading time" />
	<meta name="twitter:data1" content="1 minute" />
<script type="application/ld+json" class="yoast-schema-graph">{"@context":"https:\/\/schema.org","@graph":[{"@type":"WebPage","@id":"https:\/\/uniavisen.dk\/en\/event\/efteraarsferie-i-blinde\/","url":"https:\/\/uniavisen.dk\/en\/event\/efteraarsferie-i-blinde\/","name":"Efterårsferie: I blinde","isPartOf":{"@id":"https:\/\/uniavisen.dk\/#website"},"primaryImageOfPage":{"@id":"https:\/\/uniavisen.dk\/en\/event\/efteraarsferie-i-blinde\/#primaryimage"},"image":{"@id":"https:\/\/uniavisen.dk\/en\/event\/efteraarsferie-i-blinde\/#primaryimage"},"thumbnailUrl":"https:\/\/uniavisen.dk\/wp-content\/uploads\/2019\/09\/fbeventcoverkunoverskrift.jpg","datePublished":"2019-09-25T08:51:36+00:00","breadcrumb":{"@id":"https:\/\/uniavisen.dk\/en\/event\/efteraarsferie-i-blinde\/#breadcrumb"},"inLanguage":"en-US","potentialAction":[{"@type":"ReadAction","target":["https:\/\/uniavisen.dk\/en\/event\/efteraarsferie-i-blinde\/"]}]},{"@type":"ImageObject","inLanguage":"en-US","@id":"https:\/\/uniavisen.dk\/en\/event\/efteraarsferie-i-blinde\/#primaryimage","url":"https:\/\/uniavisen.dk\/wp-content\/uploads\/2019\/09\/fbeventcoverkunoverskrift.jpg","contentUrl":"https:\/\/uniavisen.dk\/wp-content\/uploads\/2019\/09\/fbeventcoverkunoverskrift.jpg","width":1920,"height":1080},{"@type":"BreadcrumbList","@id":"https:\/\/uniavisen.dk\/en\/event\/efteraarsferie-i-blinde\/#breadcrumb","itemListElement":[{"@type":"ListItem","position":1,"name":"Home","item":"https:\/\/uniavisen.dk\/en\/"},{"@type":"ListItem","position":2,"name":"Events","item":"https:\/\/uniavisen.dk\/event\/"},{"@type":"ListItem","position":3,"name":"Efterårsferie: I blinde"}]},{"@type":"WebSite","@id":"https:\/\/uniavisen.dk\/#website","url":"https:\/\/uniavisen.dk\/","name":"University Post","description":"Independent of management","potentialAction":[{"@type":"SearchAction","target":{"@type":"EntryPoint","urlTemplate":"https:\/\/uniavisen.dk\/?s={search_term_string}"},"query-input":{"@type":"PropertyValueSpecification","valueRequired":true,"valueName":"search_term_string"}}],"inLanguage":"en-US"}]}</script>
<!-- / Yoast SEO plugin. -->

Føl dig frem, knæk koden og læs med fingrene. I efterårsferien på Medicinsk Museion kan store og små mærke verden, som den opleves af blinde og svagsynede. Familien kan dyste mod hinanden – hvem er hurtigst til at lære punktskrift, løse hemmelige koder og gætte figurerne i sansekassen. Aktiviteterne i efterårsferien er en del af [&hellip;]

Øvrige

Medicinsk Museion<br />
Bredgade 62<br />
1260 København K

Børn 50 DKK / Voksne 75 DKK

Føl dig frem, knæk koden og læs med fingrene. I efterårsferien på Medicinsk Museion kan store og små mærke verden, som den opleves af blinde og svagsynede. Familien kan dyste mod hinanden – hvem er hurtigst til at lære punktskrift, løse hemmelige koder og gætte figurerne i sansekassen.
